000
CXUS53 KDMX 010810
CF6LWD
PRELIMINARY LOCAL CLIMATOLOGICAL DATA (WS FORM: F-6)
STATION: LAMONI IA
MONTH: APRIL
YEAR: 2021
LATITUDE: 40 37 N
LONGITUDE: 93 56 W
TEMPERATURE IN F: :PCPN: SNOW: WIND :SUNSHINE: SKY :PK WND
================================================================================
1 2 3 4 5 6A 6B 7 8 9 10 11 12 13 14 15 16 17 18
12Z AVG MX 2MIN
DY MAX MIN AVG DEP HDD CDD WTR SNW DPTH SPD SPD DIR MIN PSBL S-S WX SPD DR
================================================================================
1 48 20 34 -13 31 0 0.00 0.0 0 5.5 9 140 M M 0 14 170
2 63 32 48 1 17 0 0.00 0.0 0 14.0 26 180 M M 0 41 180
3 73 42 58 10 7 0 0.00 0.0 0 10.3 22 220 M M 0 8 30 220
4 80 47 64 16 1 0 0.00 0.0 0 11.7 25 200 M M 0 34 210
5 79 56 68 20 0 3 T 0.0 0 16.6 29 180 M M 0 39 180
6 78 58 68 19 0 3 T 0.0 0 12.5 26 150 M M 1 47 180
7 69 48 59 10 6 0 0.78 0.0 0 11.5 25 150 M M 7 13 38 140
8 53 46 50 1 15 0 0.04 0.0 0 10.1 21 270 M M 10 18 27 250
9 62 46 54 4 11 0 0.07 0.0 0 11.9 21 360 M M 8 1 29 290
10 57 43 50 0 15 0 0.08 0.0 0 14.5 28 320 M M 7 1 38 320
11 67 36 52 2 13 0 0.00 0.0 0 10.9 24 310 M M 0 33 310
12 59 40 50 -1 15 0 0.00 0.0 0 14.6 24 290 M M 1 33 330
13 56 33 45 -6 20 0 0.00 0.0 0 10.0 21 290 M M 0 31 310
14 51 30 41 -10 24 0 0.00 0.0 0 11.1 21 320 M M 1 30 290
15 54 31 43 -9 22 0 0.00 0.0 0 6.4 14 360 M M M 22 350
16 50 37 44 -8 21 0 0.02 0.0 0 6.2 13 300 M M M 16 290
17 62 42 52 0 13 0 0.12 0.0 0 9.8 16 360 M M M 25 320
18 61 41 51 -1 14 0 0.00 0.0 0 7.9 21 300 M M M 24 300
19 47 32 40 -13 25 0 0.02 M 0 11.4 24 350 M M M 1 32 340
20 45 29 37 -16 28 0 0.01 M 0 10.3 23 310 M M M 1 31 300
21 47 28 38 -15 27 0 0.00 0.0 0 10.5 23 310 M M M 29 320
22 57 29 43 -11 22 0 0.00 0.0 0 9.7 18 210 M M 4 29 160
23 57 42 50 -4 15 0 0.00 0.0 0 8.5 17 170 M M 9 1 28 210
24 62 41 52 -2 13 0 0.00 0.0 0 10.9 22 340 M M 0 1 30 340
25 68 39 54 -1 11 0 0.00 0.0 0 10.3 22 150 M M 2 33 180
26 83 52 68 13 0 3 0.00 0.0 0 16.4 31 200 M M 0 42 210
27 80 60 70 15 0 5 T 0.0 0 11.0 25 210 M M 0 32 230
28 63 51 57 1 8 0 0.01 0.0 0 7.8 17 40 M M 6 138 22 50
29 76 48 62 6 3 0 0.00 0.0 0 11.8 22 330 M M 2 30 320
30 78 45 62 6 3 0 0.00 0.0 0 6.9 13 190 M M 1 17 200
================================================================================
SM 1885 1224 400 14 1.15 0.0 321.0 M 59
================================================================================
AV 62.8 40.8 10.7 FASTST M M 3 MAX(MPH)
MISC ----> 31 200 47 180
================================================================================
NOTES:
# LAST OF SEVERAL OCCURRENCES
COLUMN 17 PEAK WIND IN M.P.H.
PRELIMINARY LOCAL CLIMATOLOGICAL DATA (WS FORM: F-6) , PAGE 2
STATION: LAMONI IA
MONTH: APRIL
YEAR: 2021
LATITUDE: 40 37 N
LONGITUDE: 93 56 W
[TEMPERATURE DATA] [PRECIPITATION DATA] SYMBOLS USED IN COLUMN 16
AVERAGE MONTHLY: 51.8 TOTAL FOR MONTH: 1.15 1 = FOG OR MIST
DPTR FM NORMAL: 0.2 DPTR FM NORMAL: -2.56 2 = FOG REDUCING VISIBILITY
HIGHEST: 83 ON 26 GRTST 24HR 0.78 ON 7- 7 TO 1/4 MILE OR LESS
LOWEST: 20 ON 1 3 = THUNDER
SNOW, ICE PELLETS, HAIL 4 = ICE PELLETS
TOTAL MONTH: 0.0 INCH 5 = HAIL
GRTST 24HR 0.0 6 = FREEZING RAIN OR DRIZZLE
GRTST DEPTH: 0 7 = DUSTSTORM OR SANDSTORM:
VSBY 1/2 MILE OR LESS
8 = SMOKE OR HAZE
[NO. OF DAYS WITH] [WEATHER - DAYS WITH] 9 = BLOWING SNOW
X = TORNADO
MAX 32 OR BELOW: 0 0.01 INCH OR MORE: 9
MAX 90 OR ABOVE: 0 0.10 INCH OR MORE: 2
MIN 32 OR BELOW: 8 0.50 INCH OR MORE: 1
MIN 0 OR BELOW: 0 1.00 INCH OR MORE: 0
[HDD (BASE 65) ]
TOTAL THIS MO. 400 CLEAR (SCALE 0-3) 16
DPTR FM NORMAL -6 PTCLDY (SCALE 4-7) 5
TOTAL FM JUL 1 5698 CLOUDY (SCALE 8-10) 9
DPTR FM NORMAL -196
[CDD (BASE 65) ]
TOTAL THIS MO. 14
DPTR FM NORMAL 8 [PRESSURE DATA]
TOTAL FM JAN 1 14 HIGHEST SLP M ON M
DPTR FM NORMAL 7 LOWEST SLP 29.43 ON 8
[REMARKS]
#FINAL-04-21#