000
CXUS53 KGID 011624
CF6LXN
PRELIMINARY LOCAL CLIMATOLOGICAL DATA (WS FORM: F-6)
STATION: LEXINGTON
MONTH: SEPTEMBER
YEAR: 2020
LATITUDE: 40 47 N
LONGITUDE: 99 46 W
TEMPERATURE IN F: :PCPN: SNOW: WIND :SUNSHINE: SKY :PK WND
================================================================================
1 2 3 4 5 6A 6B 7 8 9 10 11 12 13 14 15 16 17 18
12Z AVG MX 2MIN
DY MAX MIN AVG DEP HDD CDD WTR SNW DPTH SPD SPD DIR MIN PSBL S-S WX SPD DR
================================================================================
1 83 53 68 M 0 3 0.00 M M 4.8 8 250 M M 1 8 M M
2 89 49 69 M 0 4 0.00 M M 6.4 12 150 M M 0 17 190
3 79 56 68 M 0 3 0.00 M M 8.3 16 360 M M 0 24 360
4 92 54 73 M 0 8 0.00 M M 7.5 12 100 M M 0 16 230
5 100 55 78 M 0 13 0.00 M M 8.9 18 180 M M 0 8 25 190
6 95 58 77 M 0 12 0.00 M M 11.0 17 200 M M 0 23 200
7 75 49 62 M 3 0 0.00 M M 13.5 25 30 M M 4 36 30
8 49 39 44 M 21 0 0.61 M M 17.9 35 50 M M 10 13 45 50
9 46 38 42 M 23 0 0.10 M M 8.7 15 20 M M 10 M M
10 58 44 51 M 14 0 0.00 M M 4.8 10 100 M M 9 M M
11 65 50 58 M 7 0 0.01 M M 5.3 10 130 M M 8 M M
12 75 45 60 M 5 0 0.00 M M 7.1 16 320 M M 1 23 320
13 86 46 66 M 0 1 0.00 M M 3.5 7 170 M M 0 M M
14 83 47 65 M 0 0 0.00 M M 6.5 15 150 M M 0 1 20 140
15 85 55 70 M 0 5 0.00 M M 9.0 14 220 M M 0 17 210
16 75 49 62 M 3 0 0.00 M M 8.1 18 20 M M 0 8 24 20
17 77 43 60 M 5 0 0.00 M M 4.9 12 190 M M 0 8 17 190
18 76 52 64 M 1 0 0.00 M M 11.0 18 150 M M 1 24 140
19 81 56 69 M 0 4 0.00 M M 17.3 24 170 M M 0 29 150
20 87 59 73 M 0 8 0.00 M M 15.9 24 170 M M 0 30 170
21 87 57 72 M 0 7 0.00 M M 11.3 18 160 M M 0 25 170
22 86 52 69 M 0 4 0.00 M M 8.1 15 170 M M 0 21 170
23 89 52 71 M 0 6 0.00 M M 7.9 17 210 M M 0 23 210
24 88 50 69 M 0 4 0.00 M M 5.1 8 100 M M 0 8 M M
25 86 50 68 M 0 3 0.00 M M 4.3 12 360 M M 0 8 10 360
26 93 51 72 M 0 7 0.00 M M 6.8 16 20 M M 1 32 30
27 67 46 57 M 8 0 0.02 M M 10.0 20 330 M M 4 27 340
28 66 37 52 M 13 0 0.00 M M 14.7 29 320 M M 1 37 330
29 83 34 59 M 6 0 0.00 M M 8.3 16 290 M M 0 22 290
30 69 44 57 M 8 0 0.00 M M 12.7 23 350 M M 1 35 340
================================================================================
SM 2370 1470 117 92 0.74 M 269.6 M 51
================================================================================
AV 79.0 49.0 9.0 FASTST M M 2 MAX(MPH)
MISC ----> # 35 50 # M M
================================================================================
NOTES:
# LAST OF SEVERAL OCCURRENCES
COLUMN 17 PEAK WIND IN M.P.H.
PRELIMINARY LOCAL CLIMATOLOGICAL DATA (WS FORM: F-6) , PAGE 2
STATION: LEXINGTON
MONTH: SEPTEMBER
YEAR: 2020
LATITUDE: 40 47 N
LONGITUDE: 99 46 W
[TEMPERATURE DATA] [PRECIPITATION DATA] SYMBOLS USED IN COLUMN 16
AVERAGE MONTHLY: 64.0 TOTAL FOR MONTH: 0.74 1 = FOG OR MIST
DPTR FM NORMAL: M DPTR FM NORMAL: M 2 = FOG REDUCING VISIBILITY
HIGHEST: 100 ON 5 GRTST 24HR 0.61 ON 8- 8 TO 1/4 MILE OR LESS
LOWEST: 34 ON 29 3 = THUNDER
SNOW, ICE PELLETS, HAIL 4 = ICE PELLETS
TOTAL MONTH: M 5 = HAIL
GRTST 24HR M ON M 6 = FREEZING RAIN OR DRIZZLE
GRTST DEPTH: M ON M 7 = DUSTSTORM OR SANDSTORM:
VSBY 1/2 MILE OR LESS
8 = SMOKE OR HAZE
[NO. OF DAYS WITH] [WEATHER - DAYS WITH] 9 = BLOWING SNOW
X = TORNADO
MAX 32 OR BELOW: 0 0.01 INCH OR MORE: 4
MAX 90 OR ABOVE: 4 0.10 INCH OR MORE: 2
MIN 32 OR BELOW: 0 0.50 INCH OR MORE: 1
MIN 0 OR BELOW: 0 1.00 INCH OR MORE: 0
[HDD (BASE 65) ]
TOTAL THIS MO. 117 CLEAR (SCALE 0-3) 24
DPTR FM NORMAL M PTCLDY (SCALE 4-7) 2
TOTAL FM JUL 1 117 CLOUDY (SCALE 8-10) 4
DPTR FM NORMAL M
[CDD (BASE 65) ]
TOTAL THIS MO. 92
DPTR FM NORMAL M [PRESSURE DATA]
TOTAL FM JAN 1 1092 HIGHEST SLP M ON M
DPTR FM NORMAL M LOWEST SLP M ON M
[REMARKS]
#FINAL-09-20#