000
CXUS53 KEAX 010736
CF6LXT
PRELIMINARY LOCAL CLIMATOLOGICAL DATA (WS FORM: F-6)
STATION: LEE`S SUMMIT MO
MONTH: SEPTEMBER
YEAR: 2021
LATITUDE: 38 57 N
LONGITUDE: 94 22 W
TEMPERATURE IN F: :PCPN: SNOW: WIND :SUNSHINE: SKY :PK WND
================================================================================
1 2 3 4 5 6A 6B 7 8 9 10 11 12 13 14 15 16 17 18
12Z AVG MX 2MIN
DY MAX MIN AVG DEP HDD CDD WTR SNW DPTH SPD SPD DIR MIN PSBL S-S WX SPD DR
================================================================================
1 82 67 75 1 0 10 0.00 M M 9.2 16 40 M M 4 21 70
2 82 66 74 0 0 9 0.00 M M 9.4 17 140 M M 1 25 140
3 85 69 77 4 0 12 1.61 M M 9.4 16 190 M M 6 13 23 200
4 77 69 73 0 0 8 0.99 M M 6.2 16 210 M M 6 13 25 210
5 81 58 70 -3 0 5 0.00 M M 2.5 7 220 M M 0 12 M M
6 86 63 75 3 0 10 0.00 M M 8.8 15 190 M M 0 20 180
7 89 70 80 8 0 15 0.00 M M 12.4 23 230 M M 1 33 240
8 82 58 70 -2 0 5 0.00 M M 7.9 20 350 M M 0 27 320
9 82 60 71 0 0 6 0.00 M M 4.5 12 130 M M 2 16 150
10 86 64 75 4 0 10 0.00 M M 10.6 17 210 M M 0 23 210
11 86 69 78 7 0 13 0.00 M M 14.8 22 210 M M 0 31 200
12 86 70 78 8 0 13 0.00 M M 14.2 22 210 M M 0 31 210
13 87 65 76 6 0 11 0.00 M M 14.5 24 190 M M 0 36 200
14 84 68 76 6 0 11 0.00 M M 11.2 15 240 M M 2 23 240
15 82 63 73 4 0 8 0.00 M M 6.6 15 60 M M 1 21 70
16 87 65 76 7 0 11 0.00 M M 10.1 16 150 M M 0 21 170
17 90 67 79 10 0 14 0.00 M M 5.9 24 10 M M 0 32 10
18 88 64 76 8 0 11 0.00 M M 5.0 8 70 M M 0 M M
19 87 69 78 10 0 13 0.00 M M 9.1 12 150 M M 0 22 130
20 87 62 75 8 0 10 1.22 M M 14.5 25 340 M M 2 13 38 360
21 73 57 65 -2 0 0 0.01 M M 12.1 22 350 M M 1 29 350
22 71 49 60 -7 5 0 0.00 M M 7.2 18 330 M M 0 27 340
23 76 46 61 -5 4 0 0.00 M M 6.8 13 180 M M 0 19 180
24 80 56 68 2 0 3 0.01 M M 11.7 26 210 M M 0 35 210
25 76 48 62 -4 3 0 0.00 M M 4.7 13 190 M M 0 1 18 170
26 89 60 75 10 0 10 0.00 M M 15.9 31 210 M M 0 43 210
27 89 67 78 13 0 13 0.00 M M 13.7 24 220 M M 0 33 230
28 87 63 75 11 0 10 0.00 M M 7.7 16 150 M M 0 22 150
29 80 67 74 10 0 9 0.00 M M 7.3 13 160 M M 1 19 140
30 83 66 75 11 0 10 0.00 M M 7.2 20 130 M M 2 3 31 110
================================================================================
SM 2500 1885 12 260 3.84 M 281.1 M 29
================================================================================
AV 83.3 62.8 9.4 FASTST M M 1 MAX(MPH)
MISC ----> 31 210 43 210
================================================================================
NOTES:
# LAST OF SEVERAL OCCURRENCES
COLUMN 17 PEAK WIND IN M.P.H.
PRELIMINARY LOCAL CLIMATOLOGICAL DATA (WS FORM: F-6) , PAGE 2
STATION: LEE`S SUMMIT MO
MONTH: SEPTEMBER
YEAR: 2021
LATITUDE: 38 57 N
LONGITUDE: 94 22 W
[TEMPERATURE DATA] [PRECIPITATION DATA] SYMBOLS USED IN COLUMN 16
AVERAGE MONTHLY: 73.1 TOTAL FOR MONTH: 3.84 1 = FOG OR MIST
DPTR FM NORMAL: 4.1 DPTR FM NORMAL: 0.77 2 = FOG REDUCING VISIBILITY
HIGHEST: 90 ON 17 GRTST 24HR 2.24 ON 3- 4 TO 1/4 MILE OR LESS
LOWEST: 46 ON 23 3 = THUNDER
SNOW, ICE PELLETS, HAIL 4 = ICE PELLETS
TOTAL MONTH: M 5 = HAIL
GRTST 24HR M ON M 6 = FREEZING RAIN OR DRIZZLE
GRTST DEPTH: M ON M 7 = DUSTSTORM OR SANDSTORM:
VSBY 1/2 MILE OR LESS
8 = SMOKE OR HAZE
[NO. OF DAYS WITH] [WEATHER - DAYS WITH] 9 = BLOWING SNOW
X = TORNADO
MAX 32 OR BELOW: 0 0.01 INCH OR MORE: 5
MAX 90 OR ABOVE: 1 0.10 INCH OR MORE: 3
MIN 32 OR BELOW: 0 0.50 INCH OR MORE: 3
MIN 0 OR BELOW: 0 1.00 INCH OR MORE: 2
[HDD (BASE 65) ]
TOTAL THIS MO. 12 CLEAR (SCALE 0-3) 27
DPTR FM NORMAL -36 PTCLDY (SCALE 4-7) 3
TOTAL FM JUL 1 12 CLOUDY (SCALE 8-10) 0
DPTR FM NORMAL -37
[CDD (BASE 65) ]
TOTAL THIS MO. 260
DPTR FM NORMAL 92 [PRESSURE DATA]
TOTAL FM JAN 1 1523 HIGHEST SLP M ON M
DPTR FM NORMAL 112 LOWEST SLP 29.72 ON 20
[REMARKS]
#FINAL-09-21#