000
CXUS53 KEAX 010736
CF6LXT
PRELIMINARY LOCAL CLIMATOLOGICAL DATA (WS FORM: F-6)
STATION: LEE`S SUMMIT MO
MONTH: AUGUST
YEAR: 2023
LATITUDE: 38 57 N
LONGITUDE: 94 22 W
TEMPERATURE IN F: :PCPN: SNOW: WIND :SUNSHINE: SKY :PK WND
================================================================================
1 2 3 4 5 6A 6B 7 8 9 10 11 12 13 14 15 16 17 18
12Z AVG MX 2MIN
DY MAX MIN AVG DEP HDD CDD WTR SNW DPTH SPD SPD DIR MIN PSBL S-S WX SPD DR
================================================================================
1 90 73 82 3 0 17 0.04 M M 10.3 23 150 M M 3 3 30 150
2 85 75 80 1 0 15 0.01 M M 8.5 20 100 M M 4 3 26 100
3 83 74 79 0 0 14 0.08 M M 6.6 16 330 M M 7 13 20 330
4 89 72 81 2 0 16 0.00 M M 6.9 16 240 M M 5 1 21 240
5 89 71 80 1 0 15 0.00 M M 5.4 14 350 M M 5 16 360
6 83 68 76 -3 0 11 T M M 12.3 22 240 M M 5 13 34 260
7 80 65 73 -6 0 8 T M M 6.3 17 310 M M 7 1 28 330
8 89 63 76 -3 0 11 0.00 M M 5.7 13 210 M M 1 17 210
9 84 70 77 -1 0 12 0.30 M M 5.6 17 200 M M 5 13 24 220
10 87 66 77 -1 0 12 0.00 M M 4.6 15 180 M M 2 12 19 180
11 96 72 84 6 0 19 0.00 M M 8.3 15 190 M M 0 19 180
12 93 70 82 4 0 17 0.10 M M 6.0 20 30 M M 3 13 27 30
13 80 70 75 -3 0 10 1.72 M M 7.5 29 180 M M 6 13 40 180
14 76 65 71 -7 0 6 0.00 M M 10.4 21 300 M M 3 33 310
15 78 60 69 -9 0 4 0.00 M M 6.5 15 350 M M 4 20 330
16 82 59 71 -7 0 6 0.00 M M 9.6 16 180 M M 0 23 180
17 84 62 73 -4 0 8 0.00 M M 8.9 17 350 M M 0 23 10
18 82 58 70 -7 0 5 0.00 M M 7.4 14 130 M M 0 20 130
19 97 69 83 6 0 18 0.00 M M 11.8 17 190 M M 0 23 200
20 98 M M M M M 0.00 M M 7.6 14 10 M M 0 19 220
21 95 77 86 9 0 21 0.00 M M 5.9 12 80 M M 2 12 16 80
22 96 77 87 11 0 22 0.00 M M 4.9 10 170 M M 2 128 14 170
23 98 79 89 13 0 24 0.00 M M 8.6 15 220 M M 0 21 250
24 102 78 90 14 0 25 0.01 M M 7.8 16 220 M M 0 8 20 210
25 104 78 91 15 0 26 0.00 M M 7.6 25 200 M M 1 3 34 190
26 84 72 78 2 0 13 0.01 M M 9.3 25 350 M M 5 32 350
27 82 65 74 -1 0 9 T M M 7.6 16 40 M M 4 1 20 30
28 84 58 71 -4 0 6 0.00 M M 2.7 10 30 M M 0 1 16 30
29 89 62 76 1 0 11 0.00 M M 6.7 21 10 M M 0 27 10
30 84 63 74 0 0 9 0.00 M M 7.6 17 30 M M 0 29 60
31 85 59 72 -2 0 7 0.00 M M 7.2 14 150 M M 0 20 160
================================================================================
SM 2728 2050 0 397 2.27 M 232.1 M 74
================================================================================
AV 88.0 68.3 7.5 FASTST M M 2 MAX(MPH)
MISC ----> 29 180 40 180
================================================================================
NOTES:
# LAST OF SEVERAL OCCURRENCES
COLUMN 17 PEAK WIND IN M.P.H.
PRELIMINARY LOCAL CLIMATOLOGICAL DATA (WS FORM: F-6) , PAGE 2
STATION: LEE`S SUMMIT MO
MONTH: AUGUST
YEAR: 2023
LATITUDE: 38 57 N
LONGITUDE: 94 22 W
[TEMPERATURE DATA] [PRECIPITATION DATA] SYMBOLS USED IN COLUMN 16
AVERAGE MONTHLY: 78.2 TOTAL FOR MONTH: 2.27 1 = FOG OR MIST
DPTR FM NORMAL: 0.9 DPTR FM NORMAL: -2.27 2 = FOG REDUCING VISIBILITY
HIGHEST: 104 ON 25 GRTST 24HR 1.72 ON 13-13 TO 1/4 MILE OR LESS
LOWEST: 58 ON 28,18 3 = THUNDER
SNOW, ICE PELLETS, HAIL 4 = ICE PELLETS
TOTAL MONTH: M 5 = HAIL
GRTST 24HR M ON M 6 = FREEZING RAIN OR DRIZZLE
GRTST DEPTH: M ON M 7 = DUSTSTORM OR SANDSTORM:
VSBY 1/2 MILE OR LESS
8 = SMOKE OR HAZE
[NO. OF DAYS WITH] [WEATHER - DAYS WITH] 9 = BLOWING SNOW
X = TORNADO
MAX 32 OR BELOW: 0 0.01 INCH OR MORE: 8
MAX 90 OR ABOVE: 10 0.10 INCH OR MORE: 3
MIN 32 OR BELOW: 0 0.50 INCH OR MORE: 1
MIN 0 OR BELOW: 0 1.00 INCH OR MORE: 1
[HDD (BASE 65) ]
TOTAL THIS MO. 0 CLEAR (SCALE 0-3) 18
DPTR FM NORMAL -2 PTCLDY (SCALE 4-7) 13
TOTAL FM JUL 1 0 CLOUDY (SCALE 8-10) 0
DPTR FM NORMAL 0
[CDD (BASE 65) ]
TOTAL THIS MO. 397
DPTR FM NORMAL 16 [PRESSURE DATA]
TOTAL FM JAN 1 1241 HIGHEST SLP M ON M
DPTR FM NORMAL -2 LOWEST SLP 29.73 ON 11
[REMARKS]
#FINAL-08-23#