000
CXUS55 KPUB 011210
CF6LXV
PRELIMINARY LOCAL CLIMATOLOGICAL DATA (WS FORM: F-6)
STATION: LEADVILLE CO
MONTH: SEPTEMBER
YEAR: 2023
LATITUDE: 39 15 N
LONGITUDE: 106 18 W
TEMPERATURE IN F: :PCPN: SNOW: WIND :SUNSHINE: SKY :PK WND
================================================================================
1 2 3 4 5 6A 6B 7 8 9 10 11 12 13 14 15 16 17 18
12Z AVG MX 2MIN
DY MAX MIN AVG DEP HDD CDD WTR SNW DPTH SPD SPD DIR MIN PSBL S-S WX SPD DR
================================================================================
1 76 37 57 7 8 0 T M M 5.3 28 160 M M 2 45 170
2 73 43 58 8 7 0 0.03 M M 3.8 15 310 M M 3 8 22 330
3 71 40 56 6 9 0 T M M 5.9 25 170 M M 5 3 36 180
4 66 39 53 3 12 0 0.00 M M 9.6 29 200 M M 3 38 180
5 69 38 54 5 11 0 0.00 M M 6.9 17 210 M M 1 26 340
6 74 32 53 4 12 0 0.00 M M 5.0 17 280 M M 0 28 340
7 72 37 55 6 10 0 0.00 M M 8.3 20 300 M M 0 30 270
8 72 29 51 2 14 0 0.00 M M 6.4 21 270 M M 0 34 260
9 72 32 52 4 13 0 0.00 M M 5.3 16 320 M M 2 3 25 300
10 64 41 53 5 12 0 0.13 M M 7.2 25 310 M M 6 13 43 300
11 61 37 49 1 16 0 0.01 M M 4.1 20 10 M M 6 3 29 360
12 67 40 54 6 11 0 0.00 M M 4.6 21 200 M M 5 8 26 190
13 64 33 49 2 16 0 0.02 M M 5.9 16 210 M M 5 38 24 310
14 58 34 46 -1 19 0 0.07 M M 3.8 17 360 M M 9 13 25 340
15 51 38 45 -2 20 0 0.48 M M 4.9 18 190 M M 10 1 24 180
16 66 31 49 2 16 0 0.00 M M 4.0 12 10 M M 4 12 16 340
17 66 29 48 2 17 0 0.00 M M 4.5 16 300 M M 3 23 300
18 63 34 49 3 16 0 0.04 M M 6.6 20 220 M M 3 31 240
19 59 31 45 -1 20 0 0.03 M M 6.4 24 20 M M 5 13 33 20
20 65 30 48 2 17 0 0.00 M M 5.3 24 170 M M 2 3 33 180
21 62 31 47 2 18 0 0.00 M M 6.5 20 180 M M 3 28 170
22 63 30 47 2 18 0 0.00 M M 6.8 23 220 M M 0 36 300
23 59 30 45 0 20 0 0.00 M M 7.6 13 340 M M 0 22 340
24 64 27 46 2 19 0 0.00 M M 6.4 15 310 M M 0 22 330
25 68 25 47 3 18 0 0.00 M M 4.0 13 10 M M 0 21 350
26 70 28 49 5 16 0 0.00 M M 3.6 13 220 M M 0 8 19 240
27 71 29 50 7 15 0 0.00 M M 4.7 18 180 M M 0 8 24 180
28 70 29 50 7 15 0 0.00 M M 5.4 22 180 M M 0 8 32 170
29 69 28 49 6 16 0 0.00 M M 6.0 23 170 M M 0 36 180
30 66 29 48 6 17 0 0.04 M M 7.3 31 180 M M 3 3 45 160
================================================================================
SM 1991 991 448 0 0.85 M 172.1 M 80
================================================================================
AV 66.4 33.0 5.7 FASTST M M 3 MAX(MPH)
MISC ----> 31 180 # 45 170
================================================================================
NOTES:
# LAST OF SEVERAL OCCURRENCES
COLUMN 17 PEAK WIND IN M.P.H.
PRELIMINARY LOCAL CLIMATOLOGICAL DATA (WS FORM: F-6) , PAGE 2
STATION: LEADVILLE CO
MONTH: SEPTEMBER
YEAR: 2023
LATITUDE: 39 15 N
LONGITUDE: 106 18 W
[TEMPERATURE DATA] [PRECIPITATION DATA] SYMBOLS USED IN COLUMN 16
AVERAGE MONTHLY: 49.7 TOTAL FOR MONTH: 0.85 1 = FOG OR MIST
DPTR FM NORMAL: 3.2 DPTR FM NORMAL: -0.28 2 = FOG REDUCING VISIBILITY
HIGHEST: 76 ON 1 GRTST 24HR 0.52 ON 14-15 TO 1/4 MILE OR LESS
LOWEST: 25 ON 25 3 = THUNDER
SNOW, ICE PELLETS, HAIL 4 = ICE PELLETS
TOTAL MONTH: M 5 = HAIL
GRTST 24HR M ON M 6 = FREEZING RAIN OR DRIZZLE
GRTST DEPTH: M ON M 7 = DUSTSTORM OR SANDSTORM:
VSBY 1/2 MILE OR LESS
8 = SMOKE OR HAZE
[NO. OF DAYS WITH] [WEATHER - DAYS WITH] 9 = BLOWING SNOW
X = TORNADO
MAX 32 OR BELOW: 0 0.01 INCH OR MORE: 9
MAX 90 OR ABOVE: 0 0.10 INCH OR MORE: 2
MIN 32 OR BELOW: 17 0.50 INCH OR MORE: 0
MIN 0 OR BELOW: 0 1.00 INCH OR MORE: 0
[HDD (BASE 65) ]
TOTAL THIS MO. 448 CLEAR (SCALE 0-3) 20
DPTR FM NORMAL -106 PTCLDY (SCALE 4-7) 8
TOTAL FM JUL 1 819 CLOUDY (SCALE 8-10) 2
DPTR FM NORMAL -410
[CDD (BASE 65) ]
TOTAL THIS MO. 0
DPTR FM NORMAL 0 [PRESSURE DATA]
TOTAL FM JAN 1 0 HIGHEST SLP 30.30 ON 25
DPTR FM NORMAL 0 LOWEST SLP 29.62 ON 4
[REMARKS]
#FINAL-09-23#