000
CXUS54 KLZK 011230
CF6LZK
PRELIMINARY LOCAL CLIMATOLOGICAL DATA (WS FORM: F-6)
STATION: NORTH LITTLE ROCK
MONTH: SEPTEMBER
YEAR: 2023
LATITUDE: 34 50 N
LONGITUDE: 92 16 W
TEMPERATURE IN F: :PCPN: SNOW: WIND :SUNSHINE: SKY :PK WND
================================================================================
1 2 3 4 5 6A 6B 7 8 9 10 11 12 13 14 15 16 17 18
12Z AVG MX 2MIN
DY MAX MIN AVG DEP HDD CDD WTR SNW DPTH SPD SPD DIR MIN PSBL S-S WX SPD DR
================================================================================
1 88 62 75 -3 0 10 0.00 0.0 0 M M M M M M M M
2 91 68 80 2 0 15 0.00 0.0 0 M M M M M M M M
3 94 72 83 5 0 18 0.00 0.0 0 M M M M M M 1 M M
4 94 72 83 6 0 18 0.00 0.0 0 M M M M M M 3 M M
5 92 70 81 4 0 16 0.00 0.0 0 M M M M M M M M
6 98 72 85 8 0 20 0.00 0.0 0 M M M M M M M M
7 93 69 81 4 0 16 0.00 0.0 0 M M M M M M M M
8 87 66 77 1 0 12 0.09 0.0 0 M M M M M M 3 M M
9 86 64 75 -1 0 10 0.00 0.0 0 M M M M M M M M
10 88 62 75 -1 0 10 0.00 0.0 0 M M M M M M M M
11 87 66 77 1 0 12 0.00 0.0 0 M M M M M M M M
12 75 66 71 -4 0 6 0.02 0.0 0 M M M M M M M M
13 83 64 74 -1 0 9 0.00 0.0 0 M M M M M M M M
14 82 64 73 -1 0 8 0.00 0.0 0 M M M M M M M M
15 85 62 74 0 0 9 0.00 0.0 0 M M M M M M M M
16 87 64 76 2 0 11 0.00 0.0 0 M M M M M M M M
17 87 64 76 2 0 11 0.00 0.0 0 M M M M M M M M
18 87 61 74 1 0 9 0.00 0.0 0 M M M M M M M M
19 88 61 75 2 0 10 T 0.0 0 M M M M M M M M
20 83 66 75 2 0 10 T 0.0 0 M M M M M M 3 M M
21 92 64 78 6 0 13 T 0.0 0 M M M M M M M M
22 84 67 76 4 0 11 0.14 0.0 0 M M M M M M 3 M M
23 92 66 79 7 0 14 0.00 0.0 0 M M M M M M M M
24 81 66 74 3 0 9 0.15 0.0 0 M M M M M M M M
25 91 68 80 9 0 15 0.00 0.0 0 M M M M M M 1 M M
26 92 69 81 11 0 16 0.00 0.0 0 M M M M M M M M
27 93 67 80 10 0 15 0.00 0.0 0 M M M M M M M M
28 93 71 82 12 0 17 0.00 0.0 0 M M M M M M M M
29 92 68 80 11 0 15 0.00 0.0 0 M M M M M M M M
30 94 66 80 11 0 15 0.00 0.0 0 M M M M M M M M
================================================================================
SM 2659 1987 0 380 0.40 0.0 M M M
================================================================================
AV 88.6 66.2 M FASTST M M M MAX(MPH)
MISC ----> M M M M
================================================================================
NOTES:
# LAST OF SEVERAL OCCURRENCES
COLUMN 17 PEAK WIND IN M.P.H.
PRELIMINARY LOCAL CLIMATOLOGICAL DATA (WS FORM: F-6) , PAGE 2
STATION: NORTH LITTLE ROCK
MONTH: SEPTEMBER
YEAR: 2023
LATITUDE: 34 50 N
LONGITUDE: 92 16 W
[TEMPERATURE DATA] [PRECIPITATION DATA] SYMBOLS USED IN COLUMN 16
AVERAGE MONTHLY: 77.4 TOTAL FOR MONTH: 0.40 1 = FOG OR MIST
DPTR FM NORMAL: 3.5 DPTR FM NORMAL: -2.65 2 = FOG REDUCING VISIBILITY
HIGHEST: 98 ON 6 GRTST 24HR 0.15 ON 24-24 TO 1/4 MILE OR LESS
LOWEST: 61 ON 19,18 3 = THUNDER
SNOW, ICE PELLETS, HAIL 4 = ICE PELLETS
TOTAL MONTH: 0.0 INCH 5 = HAIL
GRTST 24HR 0.0 6 = FREEZING RAIN OR DRIZZLE
GRTST DEPTH: 0 7 = DUSTSTORM OR SANDSTORM:
VSBY 1/2 MILE OR LESS
8 = SMOKE OR HAZE
[NO. OF DAYS WITH] [WEATHER - DAYS WITH] 9 = BLOWING SNOW
X = TORNADO
MAX 32 OR BELOW: 0 0.01 INCH OR MORE: 4
MAX 90 OR ABOVE: 14 0.10 INCH OR MORE: 2
MIN 32 OR BELOW: 0 0.50 INCH OR MORE: 0
MIN 0 OR BELOW: 0 1.00 INCH OR MORE: 0
[HDD (BASE 65) ]
TOTAL THIS MO. 0 CLEAR (SCALE 0-3) 0
DPTR FM NORMAL -12 PTCLDY (SCALE 4-7) 0
TOTAL FM JUL 1 0 CLOUDY (SCALE 8-10) 30
DPTR FM NORMAL -9
[CDD (BASE 65) ]
TOTAL THIS MO. 380
DPTR FM NORMAL 101 [PRESSURE DATA]
TOTAL FM JAN 1 2207 HIGHEST SLP M ON M
DPTR FM NORMAL 284 LOWEST SLP M ON M
[REMARKS]
#FINAL-09-23#