000
CXUS54 KLZK 011410
CF6M19
PRELIMINARY LOCAL CLIMATOLOGICAL DATA (WS FORM: F-6)
STATION: NEWPORT AIRPORT
MONTH: JULY
YEAR: 2022
LATITUDE: 35 35 N
LONGITUDE: 91 16 W
TEMPERATURE IN F: :PCPN: SNOW: WIND :SUNSHINE: SKY :PK WND
================================================================================
1 2 3 4 5 6A 6B 7 8 9 10 11 12 13 14 15 16 17 18
12Z AVG MX 2MIN
DY MAX MIN AVG DEP HDD CDD WTR SNW DPTH SPD SPD DIR MIN PSBL S-S WX SPD DR
================================================================================
1 94 73 84 3 0 19 0.00 M M 8.2 10 170 M M 1 1 M M
2 93 74 84 3 0 19 0.00 M M 8.1 13 180 M M 2 M M
3 92 73 83 2 0 18 0.00 M M 5.8 8 170 M M 4 1 M M
4 96 75 86 5 0 21 0.00 M M 5.9 10 170 M M 3 1 M M
5 99 78 89 8 0 24 0.00 M M 9.1 14 220 M M 0 M M
6 100 78 89 8 0 24 0.00 M M 9.1 14 170 M M 0 M M
7 99 78 89 8 0 24 0.00 M M 9.3 16 170 M M 0 M M
8 101 79 90 9 0 25 0.00 M M 9.4 16 190 M M 1 M M
9 97 77 87 6 0 22 0.00 M M 11.1 24 30 M M 3 8 32 30
10 90 73 82 1 0 17 0.00 M M 9.0 14 60 M M 4 17 40
11 94 69 82 1 0 17 0.00 M M 4.2 8 130 M M 0 M M
12 92 74 83 2 0 18 0.02 M M 6.5 14 30 M M 1 8 M M
13 92 73 83 2 0 18 0.00 M M 6.5 9 70 M M 3 8 M M
14 94 69 82 1 0 17 0.00 M M 4.9 12 100 M M 0 1 M M
15 94 68 81 0 0 16 0.00 M M 4.4 8 160 M M 0 M M
16 99 74 87 6 0 22 0.00 M M 8.8 15 170 M M 1 M M
17 95 70 83 2 0 18 0.98 M M 8.8 22 310 M M 3 13 33 300
18 86 70 78 -3 0 13 0.12 M M 6.8 13 210 M M 6 M M
19 95 74 85 4 0 20 0.10 M M 9.5 16 170 M M 3 18 16 50
20 96 79 88 7 0 23 0.00 M M 12.4 20 200 M M 1 23 200
21 94 72 83 2 0 18 0.00 M M 5.3 10 40 M M 0 M M
22 97 74 86 5 0 21 0.00 M M 7.0 12 170 M M 0 M M
23 96 74 85 4 0 20 0.00 M M 8.1 13 160 M M 0 M M
24 98 75 87 6 0 22 0.00 M M 9.5 15 180 M M 0 M M
25 96 77 87 6 0 22 0.00 M M 7.0 10 170 M M 2 M M
26 98 77 88 7 0 23 0.00 M M 12.4 18 180 M M 0 M M
27 95 77 86 5 0 21 0.00 M M 9.4 16 200 M M 2 8 M M
28 90 74 82 1 0 17 0.33 M M 7.0 14 190 M M 5 13 M M
29 83 71 77 -4 0 12 0.99 M M 3.7 24 280 M M 8 138 31 290
30 76 67 72 -9 0 7 2.03 M M 7.4 17 40 M M 10 13 M M
31 80 70 75 -6 0 10 0.15 M M 7.8 13 200 M M 7 1 M M
================================================================================
SM 2901 2286 0 588 4.72 M 242.4 M 70
================================================================================
AV 93.6 73.7 7.8 FASTST M M 2 MAX(MPH)
MISC ----> # 24 280 33 300
================================================================================
NOTES:
# LAST OF SEVERAL OCCURRENCES
COLUMN 17 PEAK WIND IN M.P.H.
PRELIMINARY LOCAL CLIMATOLOGICAL DATA (WS FORM: F-6) , PAGE 2
STATION: NEWPORT AIRPORT
MONTH: JULY
YEAR: 2022
LATITUDE: 35 35 N
LONGITUDE: 91 16 W
[TEMPERATURE DATA] [PRECIPITATION DATA] SYMBOLS USED IN COLUMN 16
AVERAGE MONTHLY: 83.7 TOTAL FOR MONTH: 4.72 1 = FOG OR MIST
DPTR FM NORMAL: 2.5 DPTR FM NORMAL: 0.84 2 = FOG REDUCING VISIBILITY
HIGHEST: 101 ON 8 GRTST 24HR 2.03 ON 30-30 TO 1/4 MILE OR LESS
LOWEST: 67 ON 30 3 = THUNDER
SNOW, ICE PELLETS, HAIL 4 = ICE PELLETS
TOTAL MONTH: M 5 = HAIL
GRTST 24HR M ON M 6 = FREEZING RAIN OR DRIZZLE
GRTST DEPTH: M ON M 7 = DUSTSTORM OR SANDSTORM:
VSBY 1/2 MILE OR LESS
8 = SMOKE OR HAZE
[NO. OF DAYS WITH] [WEATHER - DAYS WITH] 9 = BLOWING SNOW
X = TORNADO
MAX 32 OR BELOW: 0 0.01 INCH OR MORE: 8
MAX 90 OR ABOVE: 27 0.10 INCH OR MORE: 7
MIN 32 OR BELOW: 0 0.50 INCH OR MORE: 3
MIN 0 OR BELOW: 0 1.00 INCH OR MORE: 1
[HDD (BASE 65) ]
TOTAL THIS MO. 0 CLEAR (SCALE 0-3) 23
DPTR FM NORMAL 0 PTCLDY (SCALE 4-7) 6
TOTAL FM JUL 1 0 CLOUDY (SCALE 8-10) 2
DPTR FM NORMAL 0
[CDD (BASE 65) ]
TOTAL THIS MO. 588
DPTR FM NORMAL 87 [PRESSURE DATA]
TOTAL FM JAN 1 1274 HIGHEST SLP M ON M
DPTR FM NORMAL 164 LOWEST SLP M ON M
[REMARKS]
#FINAL-07-22#