000
CXUS56 KHNX 042208
CF6MAE
PRELIMINARY LOCAL CLIMATOLOGICAL DATA (WS FORM: F-6)
STATION: MADERA CA AIRPORT
MONTH: DECEMBER
YEAR: 2023
LATITUDE: 36 58 N
LONGITUDE: 120 7 W
TEMPERATURE IN F: :PCPN: SNOW: WIND :SUNSHINE: SKY :PK WND
================================================================================
1 2 3 4 5 6A 6B 7 8 9 10 11 12 13 14 15 16 17 18
12Z AVG MX 2MIN
DY MAX MIN AVG DEP HDD CDD WTR SNW DPTH SPD SPD DIR MIN PSBL S-S WX SPD DR
================================================================================
1 63 37 50 1 15 0 0.00 0.0 0 6.3 16 320 M M 0 21 320
2 63 34 49 0 16 0 0.00 0.0 0 2.7 10 120 M M 0 13 120
3 58 38 48 0 17 0 0.00 0.0 0 2.0 6 60 M M 0 8 9 110
4 64 41 53 5 12 0 0.00 0.0 0 2.3 7 310 M M 1 1 10 280
5 69 38 54 6 11 0 0.00 0.0 0 1.8 7 100 M M 0 1 9 130
6 74 39 57 9 8 0 0.00 0.0 0 7.6 17 300 M M 2 18 24 310
7 66 41 54 6 11 0 0.00 0.0 0 9.4 17 320 M M 0 12 23 320
8 58 33 46 -2 19 0 0.00 0.0 0 4.6 13 300 M M 3 12 18 320
9 60 29 45 -2 20 0 0.00 0.0 0 1.5 7 170 M M 0 1 12 300
10 62 30 46 -1 19 0 0.00 0.0 0 1.7 7 290 M M 0 18 9 90
11 62 30 46 -1 19 0 0.00 0.0 0 1.2 7 270 M M 0 18 11 270
12 63 31 47 0 18 0 0.00 0.0 0 2.8 7 90 M M 0 8 11 270
13 64 30 47 0 18 0 0.00 0.0 0 1.6 7 80 M M 0 18 9 80
14 67 32 50 3 15 0 0.00 0.0 0 2.2 7 180 M M 0 18 10 100
15 68 31 50 3 15 0 0.00 0.0 0 1.5 8 270 M M 0 128 10 270
16 70 30 50 4 15 0 0.00 0.0 0 2.8 8 100 M M 0 18 10 290
17 67 35 51 5 14 0 0.00 0.0 0 4.0 10 270 M M 0 8 13 260
18 65 48 57 11 8 0 0.16 0.0 0 7.0 14 110 M M 8 18 20 120
19 70 57 64 18 1 0 0.17 0.0 0 11.1 21 140 M M 9 1 29 130
20 67 54 61 15 4 0 0.61 0.0 0 5.8 14 110 M M 6 1 18 110
21 59 48 54 8 11 0 0.08 0.0 0 4.3 13 60 M M 4 1 17 60
22 62 45 54 8 11 0 0.00 0.0 0 4.3 10 90 M M 6 12 12 80
23 62 41 52 6 13 0 0.00 0.0 0 2.1 7 150 M M 5 12 12 230
24 61 36 49 3 16 0 0.00 0.0 0 1.9 8 300 M M 0 128 11 280
25 60 41 51 5 14 0 0.00 0.0 0 2.0 7 310 M M 3 128 9 250
26 63 40 52 6 13 0 0.00 0.0 0 2.6 12 100 M M 0 128 15 110
27 69 43 56 10 9 0 T 0.0 0 7.2 15 80 M M 2 138 19 120
28 70 48 59 13 6 0 0.00 0.0 0 5.1 13 100 M M 2 16 110
29 69 48 59 13 6 0 0.00 0.0 0 8.8 16 120 M M 0 22 120
30 61 47 54 8 11 0 0.44 0.0 0 3.6 13 80 M M 8 1 16 80
31 59 47 53 7 12 0 0.00 0.0 0 3.9 8 250 M M 4 1 10 260
================================================================================
SM 1995 1222 397 0 1.46 0.0 125.7 M 63
================================================================================
AV 64.4 39.4 4.1 FASTST M M 2 MAX(MPH)
MISC ----> 21 140 29 130
================================================================================
NOTES:
# LAST OF SEVERAL OCCURRENCES
COLUMN 17 PEAK WIND IN M.P.H.
PRELIMINARY LOCAL CLIMATOLOGICAL DATA (WS FORM: F-6) , PAGE 2
STATION: MADERA CA AIRPORT
MONTH: DECEMBER
YEAR: 2023
LATITUDE: 36 58 N
LONGITUDE: 120 7 W
[TEMPERATURE DATA] [PRECIPITATION DATA] SYMBOLS USED IN COLUMN 16
AVERAGE MONTHLY: 51.9 TOTAL FOR MONTH: 1.46 1 = FOG OR MIST
DPTR FM NORMAL: 5.0 DPTR FM NORMAL: -0.36 2 = FOG REDUCING VISIBILITY
HIGHEST: 74 ON 6 GRTST 24HR 0.69 ON 20-21 TO 1/4 MILE OR LESS
LOWEST: 29 ON 9 3 = THUNDER
SNOW, ICE PELLETS, HAIL 4 = ICE PELLETS
TOTAL MONTH: 0.0 INCH 5 = HAIL
GRTST 24HR 0.0 6 = FREEZING RAIN OR DRIZZLE
GRTST DEPTH: 0 7 = DUSTSTORM OR SANDSTORM:
VSBY 1/2 MILE OR LESS
8 = SMOKE OR HAZE
[NO. OF DAYS WITH] [WEATHER - DAYS WITH] 9 = BLOWING SNOW
X = TORNADO
MAX 32 OR BELOW: 0 0.01 INCH OR MORE: 5
MAX 90 OR ABOVE: 0 0.10 INCH OR MORE: 4
MIN 32 OR BELOW: 8 0.50 INCH OR MORE: 1
MIN 0 OR BELOW: 0 1.00 INCH OR MORE: 0
[HDD (BASE 65) ]
TOTAL THIS MO. 397 CLEAR (SCALE 0-3) 22
DPTR FM NORMAL -162 PTCLDY (SCALE 4-7) 8
TOTAL FM JUL 1 751 CLOUDY (SCALE 8-10) 1
DPTR FM NORMAL -220
[CDD (BASE 65) ]
TOTAL THIS MO. 0
DPTR FM NORMAL 0 [PRESSURE DATA]
TOTAL FM JAN 1 1785 HIGHEST SLP 30.40 ON 9
DPTR FM NORMAL 36 LOWEST SLP 29.76 ON 20
[REMARKS]
#FINAL-12-23#