000
CXUS56 KHNX 011146
CF6MAE
PRELIMINARY LOCAL CLIMATOLOGICAL DATA (WS FORM: F-6)
STATION: MADERA CA AIRPORT
MONTH: OCTOBER
YEAR: 2020
LATITUDE: 36 58 N
LONGITUDE: 120 7 W
TEMPERATURE IN F: :PCPN: SNOW: WIND :SUNSHINE: SKY :PK WND
================================================================================
1 2 3 4 5 6A 6B 7 8 9 10 11 12 13 14 15 16 17 18
12Z AVG MX 2MIN
DY MAX MIN AVG DEP HDD CDD WTR SNW DPTH SPD SPD DIR MIN PSBL S-S WX SPD DR
================================================================================
1 96 62 79 10 0 14 0.00 0.0 0 2.8 7 230 M M 5 8 10 240
2 95 59 77 8 0 12 0.00 0.0 0 3.6 9 290 M M 10 8 12 280
3 93 57 75 7 0 10 0.00 0.0 0 3.2 8 270 M M 8 18 11 300
4 96 56 76 8 0 11 0.00 0.0 0 3.4 9 310 M M 0 18 13 290
5 94 54 74 6 0 9 0.00 0.0 0 2.2 10 240 M M 0 8 14 230
6 87 53 70 3 0 5 0.00 0.0 0 3.1 8 310 M M 0 18 12 260
7 91 55 73 6 0 8 0.00 0.0 0 3.5 12 270 M M 0 8 15 260
8 81 53 67 0 0 2 0.00 0.0 0 5.4 10 300 M M 0 18 13 310
9 80 49 65 -1 0 0 0.00 0.0 0 4.9 12 340 M M 0 18 13 340
10 82 49 66 0 0 1 0.00 0.0 0 6.3 17 330 M M 0 1 22 340
11 81 54 68 2 0 3 0.00 0.0 0 6.1 14 300 M M 0 1 18 300
12 86 49 68 2 0 3 0.00 0.0 0 2.5 8 280 M M 0 10 270
13 89 50 70 5 0 5 0.00 0.0 0 3.6 10 310 M M 0 14 300
14 88 52 70 5 0 5 0.00 0.0 0 2.6 8 100 M M 0 10 290
15 88 54 71 7 0 6 0.00 0.0 0 2.3 7 290 M M 0 9 290
16 90 52 71 7 0 6 0.00 0.0 0 2.2 7 280 M M 1 18 9 270
17 91 54 73 9 0 8 0.00 0.0 0 2.1 8 300 M M 1 8 11 310
18 93 52 73 10 0 8 0.00 0.0 0 3.4 10 280 M M 2 8 12 280
19 90 51 71 8 0 6 0.00 0.0 0 2.5 10 310 M M 2 8 13 300
20 88 51 70 7 0 5 0.00 0.0 0 2.2 8 280 M M 1 8 12 280
21 86 51 69 7 0 4 0.00 0.0 0 2.2 7 280 M M 1 8 10 300
22 83 49 66 4 0 1 0.00 0.0 0 4.8 12 310 M M 0 8 14 300
23 78 45 62 0 3 0 0.00 0.0 0 5.5 14 340 M M 0 16 340
24 78 47 63 2 2 0 0.00 0.0 0 5.4 12 280 M M 0 15 280
25 72 48 60 -1 5 0 0.00 0.0 0 6.6 16 330 M M 1 22 310
26 67 40 54 -6 11 0 0.00 0.0 0 5.7 20 330 M M 3 8 24 330
27 72 42 57 -3 8 0 0.00 0.0 0 3.5 9 90 M M 0 8 10 110
28 78 39 59 -1 6 0 0.00 0.0 0 2.3 9 340 M M 0 11 330
29 79 40 60 1 5 0 0.00 0.0 0 1.9 7 280 M M 0 8 310
30 80 41 61 2 4 0 0.00 0.0 0 2.1 8 340 M M 0 10 300
31 79 42 61 2 4 0 0.00 0.0 0 2.2 7 280 M M 0 8 10 260
================================================================================
SM 2631 1550 48 132 0.00 0.0 110.1 M 35
================================================================================
AV 84.9 50.0 3.6 FASTST M M 1 MAX(MPH)
MISC ----> # 20 330 # 24 330
================================================================================
NOTES:
# LAST OF SEVERAL OCCURRENCES
COLUMN 17 PEAK WIND IN M.P.H.
PRELIMINARY LOCAL CLIMATOLOGICAL DATA (WS FORM: F-6) , PAGE 2
STATION: MADERA CA AIRPORT
MONTH: OCTOBER
YEAR: 2020
LATITUDE: 36 58 N
LONGITUDE: 120 7 W
[TEMPERATURE DATA] [PRECIPITATION DATA] SYMBOLS USED IN COLUMN 16
AVERAGE MONTHLY: 67.4 TOTAL FOR MONTH: 0.00 1 = FOG OR MIST
DPTR FM NORMAL: 3.4 DPTR FM NORMAL: -0.88 2 = FOG REDUCING VISIBILITY
HIGHEST: 96 ON 4, 1 GRTST 24HR 0.00 ON 31-31 TO 1/4 MILE OR LESS
LOWEST: 39 ON 28 3 = THUNDER
SNOW, ICE PELLETS, HAIL 4 = ICE PELLETS
TOTAL MONTH: 0.0 INCH 5 = HAIL
GRTST 24HR 0.0 6 = FREEZING RAIN OR DRIZZLE
GRTST DEPTH: 0 7 = DUSTSTORM OR SANDSTORM:
VSBY 1/2 MILE OR LESS
8 = SMOKE OR HAZE
[NO. OF DAYS WITH] [WEATHER - DAYS WITH] 9 = BLOWING SNOW
X = TORNADO
MAX 32 OR BELOW: 0 0.01 INCH OR MORE: 0
MAX 90 OR ABOVE: 10 0.10 INCH OR MORE: 0
MIN 32 OR BELOW: 0 0.50 INCH OR MORE: 0
MIN 0 OR BELOW: 0 1.00 INCH OR MORE: 0
[HDD (BASE 65) ]
TOTAL THIS MO. 48 CLEAR (SCALE 0-3) 28
DPTR FM NORMAL -42 PTCLDY (SCALE 4-7) 1
TOTAL FM JUL 1 48 CLOUDY (SCALE 8-10) 2
DPTR FM NORMAL -49
[CDD (BASE 65) ]
TOTAL THIS MO. 132
DPTR FM NORMAL 73 [PRESSURE DATA]
TOTAL FM JAN 1 1931 HIGHEST SLP M ON M
DPTR FM NORMAL 410 LOWEST SLP 29.74 ON 21
[REMARKS]
#FINAL-10-20#