000
CXUS54 KMAF 012208
CF6MAF
PRELIMINARY LOCAL CLIMATOLOGICAL DATA (WS FORM: F-6)
STATION: MIDLAND INTERNATIONAL AIRPORT
MONTH: FEBRUARY
YEAR: 2021
LATITUDE: 31 57 N
LONGITUDE: 102 11 W
TEMPERATURE IN F: :PCPN: SNOW: WIND :SUNSHINE: SKY :PK WND
================================================================================
1 2 3 4 5 6A 6B 7 8 9 10 11 12 13 14 15 16 17 18
12Z AVG MX 2MIN
DY MAX MIN AVG DEP HDD CDD WTR SNW DPTH SPD SPD DIR MIN PSBL S-S WX SPD DR
================================================================================
1 62 28 45 -1 20 0 0.00 0.0 0 8.3 16 150 M M 0 22 140
2 75 43 59 13 6 0 0.00 0.0 0 11.1 14 200 M M 0 M M
3 83 42 63 17 2 0 0.00 0.0 0 10.9 16 240 M M 0 29 250
4 70 44 57 11 8 0 0.00 0.0 0 13.0 32 10 M M 0 78 37 10
5 66 30 48 2 17 0 0.00 0.0 0 6.6 18 230 M M 0 23 220
6 64 38 51 5 14 0 0.00 0.0 0 12.8 28 350 M M 0 8 35 310
7 75 35 55 8 10 0 0.00 0.0 0 13.7 22 230 M M 0 27 210
8 77 45 61 14 4 0 0.00 0.0 0 9.3 18 260 M M 0 23 220
9 57 28 43 -4 22 0 0.00 0.0 0 8.5 17 110 M M 3 128 21 80
10 36 25 31 -16 34 0 T 0.0 0 12.5 20 60 M M 10 126 24 60
11 29 22 26 -22 39 0 T T T 9.8 20 40 M M 10 1 22 50
12 27 18 23 -25 42 0 0.01 T T 13.5 20 30 M M 10 1 24 60
13 20 15 18 -30 47 0 0.04 0.3 T 12.4 21 60 M M 10 1 25 70
14 17 5 11 -37 54 0 0.11 5.3 1 16.8 28 50 M M 10 128 32 50
15 15 -2 7 -41 58 0 T T 5 6.4 14 10 M M 5 17 10
16 29 4 17 -32 48 0 T 0.0 2 10.7 21 160 M M 6 1 25 160
17 24 14 19 -30 46 0 T T 2 10.2 18 40 M M 8 12 22 80
18 22 9 16 -33 49 0 T 0.0 2 10.5 24 30 M M 8 18 27 20
19 47 7 27 -22 38 0 0.00 0.0 1 7.5 20 200 M M 0 18 24 210
20 60 25 43 -7 22 0 0.00 0.0 0 11.8 22 180 M M 0 27 180
21 68 34 51 1 14 0 0.00 0.0 0 11.6 26 320 M M 0 29 320
22 69 28 49 -1 16 0 0.00 0.0 0 8.4 M M M M 0 M M
23 78 33 56 6 9 0 0.00 0.0 0 11.6 23 220 M M 0 29 220
24 67 36 52 1 13 0 0.00 0.0 0 10.6 21 50 M M 0 25 50
25 48 41 45 -6 20 0 0.00 0.0 0 11.7 20 70 M M 8 23 80
26 71 31 51 0 14 0 0.00 0.0 0 5.9 23 260 M M 3 27 240
27 79 43 61 10 4 0 0.00 0.0 0 7.4 22 220 M M 0 32 260
28 63 46 55 3 10 0 0.00 0.0 0 13.0 26 60 M M 1 12 31 60
================================================================================
SM 1498 767 680 0 0.16 5.6 296.5 M 92
================================================================================
AV 53.5 27.4 10.6 FASTST M M 3 MAX(MPH)
MISC ----> 32 10 37 10
================================================================================
NOTES:
# LAST OF SEVERAL OCCURRENCES
COLUMN 17 PEAK WIND IN M.P.H.
PRELIMINARY LOCAL CLIMATOLOGICAL DATA (WS FORM: F-6) , PAGE 2
STATION: MIDLAND INTERNATIONAL AIRPORT
MONTH: FEBRUARY
YEAR: 2021
LATITUDE: 31 57 N
LONGITUDE: 102 11 W
[TEMPERATURE DATA] [PRECIPITATION DATA] SYMBOLS USED IN COLUMN 16
AVERAGE MONTHLY: 40.4 TOTAL FOR MONTH: 0.16 1 = FOG OR MIST
DPTR FM NORMAL: -8.1 DPTR FM NORMAL: -0.55 2 = FOG REDUCING VISIBILITY
HIGHEST: 83 ON 3 GRTST 24HR 0.11 ON 14-14 TO 1/4 MILE OR LESS
LOWEST: -2 ON 15 3 = THUNDER
SNOW, ICE PELLETS, HAIL 4 = ICE PELLETS
TOTAL MONTH: 5.6 INCHES 5 = HAIL
GRTST 24HR 5.3 ON 14-14 6 = FREEZING RAIN OR DRIZZLE
GRTST DEPTH: 5 ON 15 7 = DUSTSTORM OR SANDSTORM:
VSBY 1/2 MILE OR LESS
8 = SMOKE OR HAZE
[NO. OF DAYS WITH] [WEATHER - DAYS WITH] 9 = BLOWING SNOW
X = TORNADO
MAX 32 OR BELOW: 8 0.01 INCH OR MORE: 3
MAX 90 OR ABOVE: 0 0.10 INCH OR MORE: 1
MIN 32 OR BELOW: 16 0.50 INCH OR MORE: 0
MIN 0 OR BELOW: 1 1.00 INCH OR MORE: 0
[HDD (BASE 65) ]
TOTAL THIS MO. 680 CLEAR (SCALE 0-3) 18
DPTR FM NORMAL 215 PTCLDY (SCALE 4-7) 4
TOTAL FM JUL 1 2352 CLOUDY (SCALE 8-10) 6
DPTR FM NORMAL 116
[CDD (BASE 65) ]
TOTAL THIS MO. 0
DPTR FM NORMAL -2 [PRESSURE DATA]
TOTAL FM JAN 1 0 HIGHEST SLP 30.58 ON 18
DPTR FM NORMAL 0 LOWEST SLP 29.64 ON 27
[REMARKS]
#FINAL-02-21#