000
CXUS56 KHNX 051443
CLMMCE
CLIMATE REPORT
NATIONAL WEATHER SERVICE
743 AM PDT THU OCT 05 2023
...................................
...THE MERCED CA AIRPORT CLIMATE SUMMARY FOR THE MONTH OF SEPTEMBER 2023...
CLIMATE NORMAL PERIOD 1991 TO 2020
CLIMATE RECORD PERIOD 1928 TO 2023
WEATHER OBSERVED NORMAL DEPART LAST YEAR`S
VALUE DATE(S) VALUE FROM VALUE DATE(S)
NORMAL
................................................................
TEMPERATURE (F)
RECORD
HIGH 116 09/06/2022
LOW 32 09/22/1906
HIGHEST 95 09/10 MM 116 09/06
09/11
09/14
LOWEST 51 09/29 MM 52 09/23
MEAN 72.9 73.5 -0.6 78.7
DAYS MAX >= 90 11 17.3 -6.3 20
DAYS MIN <= 32 0 0.0 0.0 0
PRECIPITATION (INCHES)
RECORD
MAXIMUM 1.80 1904
MINIMUM 0.00 2021
TOTALS 0.03 0.05 -0.02
DAYS >= .01 1 0.6 0.4 2
DAYS >= .10 0 0.2 -0.2 1
DAYS >= .50 0 0.0 0.0 0
DAYS >= 1.00 0 0.0 0.0 0
SNOWFALL (INCHES)
RECORDS
TOTAL MM MM
TOTALS 0.0 MM
DEGREE DAYS
HEATING TOTAL 0 7 -7 0
SINCE 7/1 0 4 -4 MM
COOLING TOTAL 243 262 -19 418
SINCE 1/1 1595 1518 77 MM
................................................................
WIND (MPH)
AVERAGE WIND SPEED 6.1
HIGHEST WIND SPEED/DIRECTION 17/350 DATE 09/01
17/330 09/27
17/330 09/28
HIGHEST GUST SPEED/DIRECTION 24/340 DATE 09/26
24/300 09/28
AVERAGE RH (PERCENT) 55
WEATHER CONDITIONS. NUMBER OF DAYS WITH
THUNDERSTORM 1 RAIN 0
HAIL 0 FOG 4
FOG W/VIS <= 1/4 MILE 0 HAZE 7
- INDICATES NEGATIVE NUMBERS.
R INDICATES RECORD WAS SET OR TIED.
MM INDICATES DATA IS MISSING.
T INDICATES TRACE AMOUNT.
$$