000
CXUS52 KMLB 010626
CF6MCO
PRELIMINARY LOCAL CLIMATOLOGICAL DATA (WS FORM: F-6)
STATION: ORLANDO INTL
MONTH: OCTOBER
YEAR: 2021
LATITUDE: 28 25 N
LONGITUDE: 81 19 W
TEMPERATURE IN F: :PCPN: SNOW: WIND :SUNSHINE: SKY :PK WND
================================================================================
1 2 3 4 5 6A 6B 7 8 9 10 11 12 13 14 15 16 17 18
12Z AVG MX 2MIN
DY MAX MIN AVG DEP HDD CDD WTR SNW DPTH SPD SPD DIR MIN PSBL S-S WX SPD DR
================================================================================
1 91 70 81 2 0 16 0.18 0.0 0 7.4 21 80 M M 5 8 26 80
2 90 74 82 3 0 17 0.00 0.0 0 7.5 16 120 M M 4 22 130
3 90 73 82 3 0 17 T 0.0 0 6.4 14 90 M M 7 19 70
4 91 71 81 3 0 16 T 0.0 0 4.3 15 70 M M 5 18 100
5 90 72 81 3 0 16 0.00 0.0 0 5.1 15 100 M M 6 19 120
6 93 75 84 6 0 19 0.00 0.0 0 4.7 13 20 M M 8 16 30
7 95 73 84 6 0 19 T 0.0 0 4.4 22 100 M M 5 138 26 110
8 91 73 82 4 0 17 0.37 0.0 0 4.3 22 20 M M 7 13 25 30
9 90 72 81 4 0 16 0.00 0.0 0 6.6 17 350 M M 5 1 21 360
10 90 72 81 4 0 16 T 0.0 0 7.8 20 10 M M 3 23 10
11 89 70 80 3 0 15 0.22 0.0 0 5.4 17 60 M M 4 21 60
12 90 72 81 4 0 16 0.00 0.0 0 7.4 16 50 M M 3 20 50
13 91 73 82 6 0 17 0.09 0.0 0 6.6 22 50 M M 3 28 50
14 90 74 82 6 0 17 0.00 0.0 0 6.1 13 70 M M 4 17 60
15 91 73 82 6 0 17 0.00 0.0 0 5.3 14 60 M M 2 17 50
16 90 71 81 5 0 16 0.00 0.0 0 3.3 13 120 M M 4 18 330
17 86 66 76 1 0 11 T 0.0 0 11.0 18 30 M M 4 22 20
18 85 62 74 -1 0 9 0.00 0.0 0 9.1 16 70 M M 4 21 310
19 85 66 76 1 0 11 0.00 0.0 0 9.0 20 50 M M 5 25 60
20 87 64 76 2 0 11 0.00 0.0 0 7.2 16 70 M M 4 20 60
21 89 68 79 5 0 14 0.00 0.0 0 5.8 14 100 M M 5 19 60
22 90 69 80 6 0 15 0.00 0.0 0 2.5 15 90 M M 3 18 100
23 90 70 80 6 0 15 0.00 0.0 0 5.9 14 50 M M 7 17 30
24 88 73 81 8 0 16 1.03 0.0 0 6.7 25 100 M M 9 138 29 100
25 86 75 81 8 0 16 0.04 0.0 0 7.6 20 250 M M 7 3 25 220
26 89 69 79 6 0 14 0.00 0.0 0 10.2 22 270 M M 3 28 280
27 85 62 74 1 0 9 0.00 0.0 0 4.7 14 250 M M 4 16 270
28 85 65 75 3 0 10 1.26 0.0 0 8.7 29 250 M M 7 13 38 260
29 84 66 75 3 0 10 0.01 0.0 0 10.4 29 230 M M 6 37 230
30 75 64 70 -2 0 5 0.01 0.0 0 7.2 20 290 M M 7 1 27 280
31 75 59 67 -5 0 2 0.00 0.0 0 7.7 15 300 M M 4 19 300
================================================================================
SM 2731 2156 0 435 3.21 0.0 206.3 M 154
================================================================================
AV 88.1 69.5 6.7 FASTST M M 5 MAX(MPH)
MISC ----> # 29 250 38 260
================================================================================
NOTES:
# LAST OF SEVERAL OCCURRENCES
COLUMN 17 PEAK WIND IN M.P.H.
PRELIMINARY LOCAL CLIMATOLOGICAL DATA (WS FORM: F-6) , PAGE 2
STATION: ORLANDO INTL
MONTH: OCTOBER
YEAR: 2021
LATITUDE: 28 25 N
LONGITUDE: 81 19 W
[TEMPERATURE DATA] [PRECIPITATION DATA] SYMBOLS USED IN COLUMN 16
AVERAGE MONTHLY: 78.8 TOTAL FOR MONTH: 3.21 1 = FOG OR MIST
DPTR FM NORMAL: 3.3 DPTR FM NORMAL: -0.25 2 = FOG REDUCING VISIBILITY
HIGHEST: 95 ON 7 GRTST 24HR 1.26 ON 28-28 TO 1/4 MILE OR LESS
LOWEST: 59 ON 31 3 = THUNDER
SNOW, ICE PELLETS, HAIL 4 = ICE PELLETS
TOTAL MONTH: 0.0 INCH 5 = HAIL
GRTST 24HR 0.0 6 = FREEZING RAIN OR DRIZZLE
GRTST DEPTH: 0 7 = DUSTSTORM OR SANDSTORM:
VSBY 1/2 MILE OR LESS
8 = SMOKE OR HAZE
[NO. OF DAYS WITH] [WEATHER - DAYS WITH] 9 = BLOWING SNOW
X = TORNADO
MAX 32 OR BELOW: 0 0.01 INCH OR MORE: 9
MAX 90 OR ABOVE: 17 0.10 INCH OR MORE: 5
MIN 32 OR BELOW: 0 0.50 INCH OR MORE: 2
MIN 0 OR BELOW: 0 1.00 INCH OR MORE: 2
[HDD (BASE 65) ]
TOTAL THIS MO. 0 CLEAR (SCALE 0-3) 5
DPTR FM NORMAL -6 PTCLDY (SCALE 4-7) 25
TOTAL FM JUL 1 0 CLOUDY (SCALE 8-10) 1
DPTR FM NORMAL -2
[CDD (BASE 65) ]
TOTAL THIS MO. 435
DPTR FM NORMAL 106 [PRESSURE DATA]
TOTAL FM JAN 1 3682 HIGHEST SLP M ON M
DPTR FM NORMAL 447 LOWEST SLP 29.65 ON 29
[REMARKS]
#FINAL-10-21#