000
CXUS52 KMLB 021935
CLMMCO
CLIMATE REPORT
NATIONAL WEATHER SERVICE MELBOURNE FL
335 PM EDT MON OCT 02 2023
...................................
...THE ORLANDO INTL CLIMATE SUMMARY FOR THE MONTH OF SEPTEMBER 2023...
CLIMATE NORMAL PERIOD 1991 TO 2020
CLIMATE RECORD PERIOD 1892 TO 2023
WEATHER OBSERVED NORMAL DEPART LAST YEAR`S
VALUE DATE(S) VALUE FROM VALUE
NORMAL
..............................................................
TEMPERATURE (F)
MONTHLY RECORD
WARMEST 83.9 1988
COOLEST 75.5 1897
DAILY RECORD
HIGH 103 09/08/1921
LOW 50 09/20/1910
SEPTEMBER 2023
HIGHEST 95 09/06 98
09/11
09/15
LOWEST 66 09/24 63
AVG. MAXIMUM 91.0 89.6 1.4 90.9
AVG. MINIMUM 73.5 72.4 1.1 74.0
MEAN 82.3 81.0 1.3 82.5
DAYS MAX >= 90 21 17.6 3.4 23
DAYS MAX <= 32 0 0.0 0.0 0
DAYS MIN <= 32 0 0.0 0.0 0
DAYS MIN <= 0 0 0.0 0.0 0
PRECIPITATION (INCHES)
MONTHLY RECORD
MAXIMUM 22.42 2022
MINIMUM 0.43 1972
DAILY RECORD
MAXIMUM 8.43 09/16/2023
SEPTEMBER 2023
TOTALS 7.28 6.37 0.91 22.42
DAYS >= .01 10 14.2 -4.2 17
DAYS >= .10 9 9.2 -0.2 13
DAYS >= .50 4 4.0 0.0 8
DAYS >= 1.00 2 1.8 0.2 4
GREATEST
24 HR. TOTAL 2.48 09/11 TO 09/11
SNOWFALL (INCHES)
TOTALS 0.0 0.0 0.0 0.0
SINCE 7/1 0.0 0.0 0.0 MM
DAYS >= TRACE 0 0
DEGREE DAYS
HEATING TOTAL 0 0 0 0
SINCE 7/1 0 0 0 MM
COOLING TOTAL 527 480 47 531
SINCE 1/1 3588 2906 682 MM
..............................................................
WIND (MPH)
AVERAGE WIND SPEED 6.3
HIGHEST WIND SPEED/DIRECTION 46/360 DATE 09/11
HIGHEST GUST SPEED/DIRECTION 57/010 DATE 09/11
SKY COVER
POSSIBLE SUNSHINE (PERCENT) MM
AVERAGE SKY COVER 0.49
NUMBER OF DAYS FAIR 10
NUMBER OF DAYS PC 17
NUMBER OF DAYS CLOUDY 3
AVERAGE RH (PERCENT) 74
WEATHER CONDITIONS. NUMBER OF DAYS WITH
THUNDERSTORM 11 MIXED PRECIP 0
HEAVY RAIN 6 RAIN 6
LIGHT RAIN 15 LT FREEZING RAIN 0
HAIL 0 LIGHT SNOW 0
SLEET 0 FOG 10
FOG W/VIS <= 1/4 MILE 1 HAZE 0
- INDICATES NEGATIVE NUMBERS.
R INDICATES RECORD WAS SET OR TIED.
MM INDICATES DATA IS MISSING.
T INDICATES TRACE AMOUNT.
$$