000
CXUS54 KMAF 011110
CF6MDD
PRELIMINARY LOCAL CLIMATOLOGICAL DATA (WS FORM: F-6)
STATION: MIDLAND AIRPARK
MONTH: MARCH
YEAR: 2020
LATITUDE: 32 2 N
LONGITUDE: 102 6 W
TEMPERATURE IN F: :PCPN: SNOW: WIND :SUNSHINE: SKY :PK WND
================================================================================
1 2 3 4 5 6A 6B 7 8 9 10 11 12 13 14 15 16 17 18
12Z AVG MX 2MIN
DY MAX MIN AVG DEP HDD CDD WTR SNW DPTH SPD SPD DIR MIN PSBL S-S WX SPD DR
================================================================================
1 72 52 62 M 3 0 M M M 13.3 22 270 M M 0 30 270
2 71 60 66 M 0 1 M M M 9.7 17 240 M M 0 24 240
3 65 47 56 M 9 0 M M M 10.3 17 220 M M 9 13 29 220
4 50 40 45 M 20 0 M M M 10.9 24 40 M M 9 1 30 40
5 70 39 55 M 10 0 M M M 10.4 17 30 M M 0 22 290
6 66 41 54 M 11 0 M M M 10.4 18 130 M M 0 23 130
7 71 46 59 M 6 0 M M M 13.3 20 170 M M 0 29 170
8 64 53 59 M 6 0 M M M 17.5 21 170 M M 6 30 170
9 74 54 64 M 1 0 M M M 10.2 16 270 M M 3 8 22 270
10 78 55 67 M 0 2 M M M 9.6 14 200 M M 3 1 18 240
11 81 58 70 M 0 5 M M M 6.5 12 200 M M 2 12 M M
12 78 62 70 M 0 5 M M M 6.2 9 230 M M 5 M M
13 59 51 55 M 10 0 M M M 10.5 28 320 M M 10 12 48 320
14 70 51 61 M 4 0 M M M 7.8 12 90 M M 6 1 16 90
15 53 48 51 M 14 0 M M M 11.9 16 60 M M 10 123 26 100
16 68 46 57 M 8 0 M M M 5.9 12 50 M M 7 1 M M
17 78 58 68 M 0 3 M M M 9.8 18 250 M M 6 1 25 230
18 79 55 67 M 0 2 M M M 9.2 28 270 M M 3 13 37 230
19 71 54 63 M 2 0 M M M 13.9 24 280 M M 1 31 260
20 57 41 49 M 16 0 M M M 11.8 17 30 M M 2 23 20
21 45 38 42 M 23 0 M M M 9.4 14 60 M M 8 1 18 80
22 70 45 58 M 7 0 M M M 5.3 8 160 M M 5 1 M M
23 84 49 67 M 0 2 M M M 7.8 13 200 M M 0 1 16 200
24 80 54 67 M 0 2 M M M 9.9 18 320 M M 0 28 290
25 91 49 70 M 0 5 M M M 9.4 18 260 M M 0 29 260
26 93 55 74 M 0 9 M M M 6.3 16 260 M M 0 23 260
27 80 65 73 M 0 8 M M M 9.4 15 270 M M 2 24 260
28 72 46 59 M 6 0 M M M 13.9 23 300 M M 0 32 300
29 71 41 56 M 9 0 M M M 9.0 18 140 M M 0 25 130
30 80 56 68 M 0 3 M M M 11.6 23 280 M M 0 35 280
31 76 44 60 M 5 0 M M M 8.6 16 140 M M 0 22 140
================================================================================
SM 2217 1553 170 47 M M 309.7 M 97
================================================================================
AV 71.5 50.1 10.0 FASTST M M 3 MAX(MPH)
MISC ----> # 28 320 48 320
================================================================================
NOTES:
# LAST OF SEVERAL OCCURRENCES
COLUMN 17 PEAK WIND IN M.P.H.
PRELIMINARY LOCAL CLIMATOLOGICAL DATA (WS FORM: F-6) , PAGE 2
STATION: MIDLAND AIRPARK
MONTH: MARCH
YEAR: 2020
LATITUDE: 32 2 N
LONGITUDE: 102 6 W
[TEMPERATURE DATA] [PRECIPITATION DATA] SYMBOLS USED IN COLUMN 16
AVERAGE MONTHLY: 60.8 TOTAL FOR MONTH: M 1 = FOG OR MIST
DPTR FM NORMAL: 0.0 DPTR FM NORMAL: M 2 = FOG REDUCING VISIBILITY
HIGHEST: 93 ON 26 GRTST 24HR M ON M TO 1/4 MILE OR LESS
LOWEST: 38 ON 21 3 = THUNDER
SNOW, ICE PELLETS, HAIL 4 = ICE PELLETS
TOTAL MONTH: M 5 = HAIL
GRTST 24HR M ON M 6 = FREEZING RAIN OR DRIZZLE
GRTST DEPTH: M ON M 7 = DUSTSTORM OR SANDSTORM:
VSBY 1/2 MILE OR LESS
8 = SMOKE OR HAZE
[NO. OF DAYS WITH] [WEATHER - DAYS WITH] 9 = BLOWING SNOW
X = TORNADO
MAX 32 OR BELOW: 0 0.01 INCH OR MORE: 0
MAX 90 OR ABOVE: 2 0.10 INCH OR MORE: 0
MIN 32 OR BELOW: 0 0.50 INCH OR MORE: 0
MIN 0 OR BELOW: 0 1.00 INCH OR MORE: 0
[HDD (BASE 65) ]
TOTAL THIS MO. 170 CLEAR (SCALE 0-3) 20
DPTR FM NORMAL M PTCLDY (SCALE 4-7) 7
TOTAL FM JUL 1 2204 CLOUDY (SCALE 8-10) 4
DPTR FM NORMAL M
[CDD (BASE 65) ]
TOTAL THIS MO. 47
DPTR FM NORMAL M [PRESSURE DATA]
TOTAL FM JAN 1 47 HIGHEST SLP M ON M
DPTR FM NORMAL M LOWEST SLP M ON M
[REMARKS]
#FINAL-03-20#