000
CXUS54 KMEG 010637
CF6MEG
PRELIMINARY LOCAL CLIMATOLOGICAL DATA (WS FORM: F-6)
STATION: MEMPHIS/GERMANTOWN WFO
MONTH: AUGUST
YEAR: 2020
LATITUDE: 35 7 N
LONGITUDE: 89 48 W
TEMPERATURE IN F: :PCPN: SNOW: WIND :SUNSHINE: SKY :PK WND
================================================================================
1 2 3 4 5 6A 6B 7 8 9 10 11 12 13 14 15 16 17 18
12Z AVG MX 2MIN
DY MAX MIN AVG DEP HDD CDD WTR SNW DPTH SPD SPD DIR MIN PSBL S-S WX SPD DR
================================================================================
1 77 67 72 -9 0 7 0.24 0.0 0 M M M M M M 1 M M
2 88 66 77 -4 0 12 0.01 0.0 0 M M M M M M M M
3 89 70 80 -1 0 15 0.00 0.0 0 M M M M M M M M
4 83 69 76 -5 0 11 0.00 0.0 0 M M M M M M M M
5 83 61 72 -9 0 7 0.00 0.0 0 M M M M M M M M
6 87 65 76 -5 0 11 0.00 0.0 0 M M M M M M M M
7 92 65 79 -2 0 14 0.00 0.0 0 M M M M M M M M
8 97 68 83 2 0 18 0.00 0.0 0 M M M M M M M M
9 97 72 85 4 0 20 0.00 0.0 0 M M M M M M M M
10 97 76 87 6 0 22 0.00 0.0 0 M M M M M M M M
11 96 73 85 4 0 20 0.02 0.0 0 M M M M M M M M
12 92 73 83 2 0 18 T 0.0 0 M M M M M M M M
13 90 74 82 2 0 17 1.73 0.0 0 M M M M M M 13 M M
14 89 73 81 1 0 16 0.00 0.0 0 M M M M M M M M
15 93 72 83 3 0 18 0.00 0.0 0 M M M M M M M M
16 88 67 78 -2 0 13 0.00 0.0 0 M M M M M M M M
17 91 65 78 -2 0 13 0.00 0.0 0 M M M M M M M M
18 89 68 79 -1 0 14 0.00 0.0 0 M M M M M M M M
19 78 68 73 -7 0 8 0.00 0.0 0 M M M M M M M M
20 88 67 78 -2 0 13 0.00 0.0 0 M M M M M M M M
21 79 66 73 -7 0 8 0.32 0.0 0 M M M M M M M M
22 89 66 78 -2 0 13 0.00 0.0 0 M M M M M M M M
23 91 66 79 -1 0 14 0.00 0.0 0 M M M M M M M M
24 92 67 80 1 0 15 0.00 0.0 0 M M M M M M M M
25 93 72 83 4 0 18 T 0.0 0 M M M M M M M M
26 90 73 82 3 0 17 0.13 0.0 0 M M M M M M 3 M M
27 85 74 80 1 0 15 0.29 0.0 0 M M M M M M M M
28 80 71 76 -3 0 11 1.69 0.0 0 M M M M M M M M
29 93 73 83 5 0 18 0.00 0.0 0 M M M M M M M M
30 90 72 81 3 0 16 0.13 0.0 0 M M M M M M M M
31 87 73 80 2 0 15 0.13 0.0 0 M M M M M M M M
================================================================================
SM 2753 2152 0 447 4.69 0.0 M M M
================================================================================
AV 88.8 69.4 M FASTST M M 3 MAX(MPH)
MISC ----> M M M M
================================================================================
NOTES:
# LAST OF SEVERAL OCCURRENCES
COLUMN 17 PEAK WIND IN M.P.H.
PRELIMINARY LOCAL CLIMATOLOGICAL DATA (WS FORM: F-6) , PAGE 2
STATION: MEMPHIS/GERMANTOWN WFO
MONTH: AUGUST
YEAR: 2020
LATITUDE: 35 7 N
LONGITUDE: 89 48 W
[TEMPERATURE DATA] [PRECIPITATION DATA] SYMBOLS USED IN COLUMN 16
AVERAGE MONTHLY: 79.1 TOTAL FOR MONTH: 4.69 1 = FOG OR MIST
DPTR FM NORMAL: -1.0 DPTR FM NORMAL: 1.39 2 = FOG REDUCING VISIBILITY
HIGHEST: 97 ON 10, 9 GRTST 24HR 1.73 ON 13-13 TO 1/4 MILE OR LESS
LOWEST: 61 ON 5 3 = THUNDER
SNOW, ICE PELLETS, HAIL 4 = ICE PELLETS
TOTAL MONTH: 0.0 INCH 5 = HAIL
GRTST 24HR 0.0 6 = FREEZING RAIN OR DRIZZLE
GRTST DEPTH: 0 7 = DUSTSTORM OR SANDSTORM:
VSBY 1/2 MILE OR LESS
8 = SMOKE OR HAZE
[NO. OF DAYS WITH] [WEATHER - DAYS WITH] 9 = BLOWING SNOW
X = TORNADO
MAX 32 OR BELOW: 0 0.01 INCH OR MORE: 10
MAX 90 OR ABOVE: 15 0.10 INCH OR MORE: 8
MIN 32 OR BELOW: 0 0.50 INCH OR MORE: 2
MIN 0 OR BELOW: 0 1.00 INCH OR MORE: 2
[HDD (BASE 65) ]
TOTAL THIS MO. 0 CLEAR (SCALE 0-3) 0
DPTR FM NORMAL 0 PTCLDY (SCALE 4-7) 0
TOTAL FM JUL 1 0 CLOUDY (SCALE 8-10) 0
DPTR FM NORMAL 0
[CDD (BASE 65) ]
TOTAL THIS MO. 447
DPTR FM NORMAL -20 [PRESSURE DATA]
TOTAL FM JAN 1 1644 HIGHEST SLP M ON M
DPTR FM NORMAL 49 LOWEST SLP M ON M
[REMARKS]
#FINAL-08-20#