000
CXUS54 KMEG 032135
CLMMEG
CLIMATE REPORT
NATIONAL WEATHER SERVICE MEMPHIS TN
435 PM CDT THU AUG 03 2023
...................................
...THE MEMPHIS/GERMANTOWN WFO CLIMATE SUMMARY FOR THE MONTH OF JULY 2023...
CLIMATE NORMAL PERIOD 1991 TO 2020
CLIMATE RECORD PERIOD 1988 TO 2023
WEATHER OBSERVED NORMAL DEPART LAST YEAR`S
VALUE DATE(S) VALUE FROM VALUE DATE(S)
NORMAL
................................................................
TEMPERATURE (F)
RECORD
HIGH 102 07/06/2012
07/11/2011
07/21/2006
LOW 57 07/25/2019
07/15/1990
07/14/1990
HIGHEST 98 07/18 98 0 100 07/06
07/28
07/08
LOWEST 65 07/11 63 2 65 07/11
AVG. MAXIMUM 91.5 91.3 0.2 95.2
AVG. MINIMUM 72.2 71.0 1.2 74.9
MEAN 81.9 81.1 0.8 85.0
DAYS MAX >= 90 24 21.0 3.0 28
DAYS MAX <= 32 0 0.0 0.0 0
DAYS MIN <= 32 0 0.0 0.0 0
DAYS MIN <= 0 0 0.0 0.0 0
PRECIPITATION (INCHES)
RECORD
MAXIMUM 8.03 2021
MINIMUM 4.18 2022
TOTALS 7.50 4.53 2.97 4.18
DAILY AVG. 0.24 0.15 0.09 0.13
DAYS >= .01 13 9.4 3.6 8
DAYS >= .10 7 6.2 0.8 4
DAYS >= .50 5 2.9 2.1 4
DAYS >= 1.00 2 1.4 0.6 2
GREATEST
24 HR. TOTAL 3.51 07/21 TO 07/21
SNOWFALL (INCHES)
RECORDS
TOTAL MM 5
TOTALS 0.0 0.0 0.0 0.0
SINCE 7/1 0.0 0.0 0.0 MM
SNOWDEPTH AVG. 0 0
DAYS >= 1.0 0 0.0 0.0 0
GREATEST
SNOW DEPTH 0 0 MM
24 HR TOTAL MM
DEGREE DAYS
HEATING TOTAL 0 0 0 0
SINCE 7/1 0 0 0 MM
COOLING TOTAL 531 501 30 629
SINCE 1/1 1226 1157 69 MM
................................................................
- INDICATES NEGATIVE NUMBERS.
R INDICATES RECORD WAS SET OR TIED.
MM INDICATES DATA IS MISSING.
T INDICATES TRACE AMOUNT.
$$