000
CXUS56 KPDT 011810
CF6MEH
PRELIMINARY LOCAL CLIMATOLOGICAL DATA (WS FORM: F-6)
STATION: MEACHAM OR
MONTH: OCTOBER
YEAR: 2022
LATITUDE: 45 30 N
LONGITUDE: 118 24 W
TEMPERATURE IN F: :PCPN: SNOW: WIND :SUNSHINE: SKY :PK WND
================================================================================
1 2 3 4 5 6A 6B 7 8 9 10 11 12 13 14 15 16 17 18
12Z AVG MX 2MIN
DY MAX MIN AVG DEP HDD CDD WTR SNW DPTH SPD SPD DIR MIN PSBL S-S WX SPD DR
================================================================================
1 67 31 49 1 16 0 0.00 M M 0.9 8 30 M M 0 13 30
2 71 34 53 6 12 0 0.00 M M 0.8 8 90 M M 0 14 100
3 76 33 55 8 10 0 0.00 M M 0.3 8 90 M M 0 14 80
4 78 33 56 9 9 0 0.00 M M 0.7 6 50 M M 0 11 30
5 80 35 58 12 7 0 0.00 M M 0.8 7 10 M M 0 13 30
6 78 34 56 10 9 0 0.00 M M 1.0 7 30 M M 0 14 50
7 74 32 53 7 12 0 0.00 M M 0.5 6 20 M M 0 11 10
8 72 30 51 6 14 0 0.00 M M 1.1 9 30 M M 0 17 10
9 71 30 51 6 14 0 0.00 M M 0.9 7 20 M M 0 14 10
10 73 29 51 6 14 0 0.00 M M 1.5 9 270 M M 1 19 270
11 66 34 50 6 15 0 0.00 M M 0.8 7 250 M M 1 15 260
12 73 29 51 7 14 0 0.00 M M 0.3 7 40 M M 0 12 60
13 72 28 50 6 15 0 0.00 M M 1.1 6 20 M M 0 13 40
14 72 27 50 6 15 0 0.00 M M 1.1 7 20 M M 0 13 20
15 70 28 49 6 16 0 0.00 M M 0.4 7 20 M M 0 13 360
16 75 28 52 9 13 0 0.00 M M 0.8 9 90 M M 0 17 80
17 76 28 52 9 13 0 0.00 M M 0.4 6 20 M M 0 8 12 20
18 73 27 50 8 15 0 0.00 M M 0.5 7 30 M M 0 12 20
19 75 27 51 9 14 0 0.00 M M 0.1 6 260 M M 0 11 20
20 70 26 48 6 17 0 0.00 M M 0.3 6 280 M M 2 8 13 270
21 52 38 45 3 20 0 0.58 M M 1.0 7 300 M M 6 1 22 320
22 40 31 36 -5 29 0 0.69 M M 1.2 8 280 M M 10 1 20 330
23 42 26 34 -7 31 0 0.02 M M 1.0 7 270 M M 7 14 340
24 42 25 34 -7 31 0 0.82 M M 0.3 10 270 M M 8 1 20 280
25 46 37 42 2 23 0 0.02 M M 0.7 9 280 M M 9 22 270
26 40 28 34 -6 31 0 0.33 M M 1.3 8 290 M M 8 1 19 250
27 49 29 39 -1 26 0 0.00 M M 0.2 7 110 M M 2 13 80
28 51 38 45 5 20 0 T M M 0.7 9 80 M M 4 16 120
29 57 27 42 3 23 0 T M M 0.6 6 260 M M 3 1 11 280
30 54 27 41 2 24 0 T M M 0.0 6 230 M M 8 1 11 250
31 57 40 49 10 16 0 0.06 M M 0.5 5 290 M M 9 1 10 190
================================================================================
SM 1992 949 538 0 2.52 M 21.8 M 78
================================================================================
AV 64.3 30.6 0.7 FASTST M M 3 MAX(MPH)
MISC ----> 10 270 # 22 320
================================================================================
NOTES:
# LAST OF SEVERAL OCCURRENCES
COLUMN 17 PEAK WIND IN M.P.H.
PRELIMINARY LOCAL CLIMATOLOGICAL DATA (WS FORM: F-6) , PAGE 2
STATION: MEACHAM OR
MONTH: OCTOBER
YEAR: 2022
LATITUDE: 45 30 N
LONGITUDE: 118 24 W
[TEMPERATURE DATA] [PRECIPITATION DATA] SYMBOLS USED IN COLUMN 16
AVERAGE MONTHLY: 47.4 TOTAL FOR MONTH: 2.52 1 = FOG OR MIST
DPTR FM NORMAL: 4.3 DPTR FM NORMAL: -0.33 2 = FOG REDUCING VISIBILITY
HIGHEST: 80 ON 5 GRTST 24HR 1.17 ON 21-22 TO 1/4 MILE OR LESS
LOWEST: 25 ON 24 3 = THUNDER
SNOW, ICE PELLETS, HAIL 4 = ICE PELLETS
TOTAL MONTH: M 5 = HAIL
GRTST 24HR M ON M 6 = FREEZING RAIN OR DRIZZLE
GRTST DEPTH: M ON M 7 = DUSTSTORM OR SANDSTORM:
VSBY 1/2 MILE OR LESS
8 = SMOKE OR HAZE
[NO. OF DAYS WITH] [WEATHER - DAYS WITH] 9 = BLOWING SNOW
X = TORNADO
MAX 32 OR BELOW: 0 0.01 INCH OR MORE: 7
MAX 90 OR ABOVE: 0 0.10 INCH OR MORE: 4
MIN 32 OR BELOW: 21 0.50 INCH OR MORE: 3
MIN 0 OR BELOW: 0 1.00 INCH OR MORE: 0
[HDD (BASE 65) ]
TOTAL THIS MO. 538 CLEAR (SCALE 0-3) 21
DPTR FM NORMAL -142 PTCLDY (SCALE 4-7) 5
TOTAL FM JUL 1 965 CLOUDY (SCALE 8-10) 5
DPTR FM NORMAL -464
[CDD (BASE 65) ]
TOTAL THIS MO. 0
DPTR FM NORMAL 0 [PRESSURE DATA]
TOTAL FM JAN 1 142 HIGHEST SLP 30.44 ON 19
DPTR FM NORMAL 103 LOWEST SLP 29.43 ON 22
[REMARKS]
#FINAL-10-22#