000
CXUS51 KCLE 041935
CLSMFD
CLIMATE REPORT
NATIONAL WEATHER SERVICE CLEVELAND, OH
235 PM EST SAT DEC 04 2021
...................................
...THE MANSFIELD OH CLIMATE SUMMARY FOR THE SEASON, FROM
9/1/2021 TO 11/30/2021...
CLIMATE NORMAL PERIOD 1991 TO 2020
CLIMATE RECORD PERIOD 1916 TO 2021
WEATHER OBSERVED NORMAL DEPART
VALUE DATE(S) VALUE FROM
NORMAL
................................................
TEMPERATURE (F)
RECORD
HIGH 95 09/10/2013
LOW 2 11/30/1976
HIGHEST 89 09/14
LOWEST 22 11/23
AVG. MAXIMUM 64.5 62.5 2.0
AVG. MINIMUM 46.5 43.4 3.1
MEAN 55.5 52.9 2.6
DAYS MAX >= 90 0 1.0
DAYS MAX <= 32 0 2.2
DAYS MIN <= 32 20 18.4
DAYS MIN <= 0 0 0.0
PRECIPITATION (INCHES)
RECORD
MAXIMUM 16.97 1926
MINIMUM 2.39 1953
TOTALS 8.24 9.67 -1.43
DAYS >= .01 34 32.6
DAYS >= .10 17 19.1
DAYS >= .50 4 6.0
DAYS >= 1.00 1 2.0
SNOWFALL (INCHES)
RECORDS
TOTAL 12.5 1993
TOTALS 3.5 2.8
DAYS >= TRACE 10
DAYS >= 1.0 2 0.8
DEGREE DAYS
HEATING TOTAL 1010 1192 -182
COOLING TOTAL 172 93 79
................................................
WIND (MPH)
HIGHEST GUST SPEED/DIRECTION 45/180 DATE 11/11
SKY COVER
POSSIBLE SUNSHINE (PERCENT) MM
NUMBER OF DAYS FAIR 42
NUMBER OF DAYS PC 26
NUMBER OF DAYS CLOUDY 23
WEATHER CONDITIONS. NUMBER OF DAYS WITH
THUNDERSTORM 4 MIXED PRECIP 0
HEAVY RAIN 7 RAIN 13
LIGHT RAIN 29 FREEZING RAIN 0
LT FREEZING RAIN 1 HAIL 0
HEAVY SNOW 1 SNOW 3
LIGHT SNOW 10 SLEET 0
FOG 47 FOG W/VIS <= 1/4 MILE 7
HAZE 5
- INDICATES NEGATIVE NUMBERS.
R INDICATES RECORD WAS SET OR TIED.
MM INDICATES DATA IS MISSING.
T INDICATES TRACE AMOUNT.
$$