560
CXUS51 KCLE 041050
CLSMFD
CLIMATE REPORT
NATIONAL WEATHER SERVICE CLEVELAND, OH
650 AM EDT THU JUN 04 2020
...................................
...THE MANSFIELD OH CLIMATE SUMMARY FOR THE SEASON, FROM
3/1/2020 TO 5/31/2020...
CLIMATE NORMAL PERIOD 1981 TO 2010
CLIMATE RECORD PERIOD 1916 TO 2020
WEATHER OBSERVED NORMAL DEPART
VALUE DATE(S) VALUE FROM
NORMAL
................................................
TEMPERATURE (F)
RECORD
HIGH 92 05/18/1962
LOW -6 03/02/1980
HIGHEST 90 05/26
LOWEST 17 03/01
AVG. MAXIMUM 59.8 58.3 1.5
AVG. MINIMUM 40.4 38.1 2.3
MEAN 50.1 48.2 1.9
DAYS MAX >= 90 1 0.0
DAYS MAX <= 32 0 4.6
DAYS MIN <= 32 26 29.6
DAYS MIN <= 0 0 0.1
PRECIPITATION (INCHES)
RECORD
MAXIMUM 18.41 2011
MINIMUM 4.59 1934
TOTALS 12.07 12.07 0.00
DAYS >= .01 53 42.1
DAYS >= .10 27 25.8
DAYS >= .50 6 8.3
DAYS >= 1.00 2 2.1
SNOWFALL (INCHES)
RECORDS
TOTAL 34.4 2005
TOTALS 1.3 10.4
DAYS >= TRACE 11
DAYS >= 1.0 0 3.0
DEGREE DAYS
HEATING TOTAL 1411 1591 -180
COOLING TOTAL 72 45 27
................................................
WIND (MPH)
HIGHEST GUST SPEED/DIRECTION 47/270 DATE 05/10
47/210 03/29
SKY COVER
POSSIBLE SUNSHINE (PERCENT) MM
NUMBER OF DAYS FAIR 15
NUMBER OF DAYS PC 22
NUMBER OF DAYS CLOUDY 25
WEATHER CONDITIONS. NUMBER OF DAYS WITH
THUNDERSTORM 12 MIXED PRECIP 0
HEAVY RAIN 13 RAIN 20
LIGHT RAIN 52 FREEZING RAIN 0
LT FREEZING RAIN 0 HAIL 0
HEAVY SNOW 0 SNOW 1
LIGHT SNOW 10 SLEET 0
FOG 55 FOG W/VIS <= 1/4 MILE 9
HAZE 12
- INDICATES NEGATIVE NUMBERS.
R INDICATES RECORD WAS SET OR TIED.
MM INDICATES DATA IS MISSING.
T INDICATES TRACE AMOUNT.
$$