000
CXUS51 KCLE 041811
CLSMFD
CLIMATE REPORT
NATIONAL WEATHER SERVICE CLEVELAND, OH
111 PM EST MON DEC 04 2023
...................................
...THE MANSFIELD OH CLIMATE SUMMARY FOR THE SEASON, FROM
9/1/2023 TO 11/30/2023...
CLIMATE NORMAL PERIOD 1991 TO 2020
CLIMATE RECORD PERIOD 1916 TO 2023
WEATHER OBSERVED NORMAL DEPART
VALUE DATE(S) VALUE FROM
NORMAL
................................................
TEMPERATURE (F)
RECORD
HIGH 95 09/10/2013
LOW 2 11/30/1976
HIGHEST 89 09/05
LOWEST 15 11/29
AVG. MAXIMUM 62.8 62.5 0.3
AVG. MINIMUM 44.3 43.4 0.9
MEAN 53.5 52.9 0.6
DAYS MAX >= 90 0 1.0
DAYS MAX <= 32 1 2.2
DAYS MIN <= 32 18 18.4
DAYS MIN <= 0 0 0.0
PRECIPITATION (INCHES)
RECORD
MAXIMUM 16.97 1926
MINIMUM 2.39 1953
TOTALS 5.68 9.67 -3.99
DAYS >= .01 31 32.6
DAYS >= .10 13 19.1
DAYS >= .50 5 6.0
DAYS >= 1.00 0 2.0
SNOWFALL (INCHES)
RECORDS
TOTAL 12.5 1993
TOTALS 0.3 2.8
DAYS >= TRACE 4
DAYS >= 1.0 0 0.8
DEGREE DAYS
HEATING TOTAL 1102 1192 -90
COOLING TOTAL 80 93 -13
................................................
WIND (MPH)
HIGHEST GUST SPEED/DIRECTION 40/200 DATE 10/05
SKY COVER
POSSIBLE SUNSHINE (PERCENT) MM
NUMBER OF DAYS FAIR 45
NUMBER OF DAYS PC 22
NUMBER OF DAYS CLOUDY 24
WEATHER CONDITIONS. NUMBER OF DAYS WITH
THUNDERSTORM 1 MIXED PRECIP 0
HEAVY RAIN 4 RAIN 12
LIGHT RAIN 26 FREEZING RAIN 0
LT FREEZING RAIN 0 HAIL 0
HEAVY SNOW 0 SNOW 0
LIGHT SNOW 4 SLEET 0
FOG 46 FOG W/VIS <= 1/4 MILE 6
HAZE 9
- INDICATES NEGATIVE NUMBERS.
R INDICATES RECORD WAS SET OR TIED.
MM INDICATES DATA IS MISSING.
T INDICATES TRACE AMOUNT.
$$