000
CXUS54 KBRO 040845
CF6MFE
PRELIMINARY LOCAL CLIMATOLOGICAL DATA (WS FORM: F-6)
STATION: MCALLEN
MONTH: JANUARY
YEAR: 2023
LATITUDE: 26 10 N
LONGITUDE: 98 14 W
TEMPERATURE IN F: :PCPN: SNOW: WIND :SUNSHINE: SKY :PK WND
================================================================================
1 2 3 4 5 6A 6B 7 8 9 10 11 12 13 14 15 16 17 18
12Z AVG MX 2MIN
DY MAX MIN AVG DEP HDD CDD WTR SNW DPTH SPD SPD DIR MIN PSBL S-S WX SPD DR
================================================================================
1 86 65 76 14 0 11 0.00 0.0 0 14.0 24 160 M M 6 18 32 170
2 89 72 81 19 0 16 0.00 0.0 0 18.0 29 150 M M 6 18 42 150
3 86 61 74 12 0 9 0.00 0.0 0 7.2 20 140 M M 2 18 24 310
4 82 53 68 6 0 3 0.00 0.0 0 4.3 13 80 M M 0 18 60
5 83 50 67 5 0 2 0.00 0.0 0 4.9 15 100 M M 0 19 90
6 83 57 70 8 0 5 0.00 0.0 0 11.7 24 140 M M 2 1 33 130
7 86 70 78 16 0 13 0.00 0.0 0 15.1 24 140 M M 5 33 160
8 74 60 67 5 0 2 0.00 0.0 0 6.5 18 330 M M 7 1 25 340
9 77 60 69 7 0 4 0.00 0.0 0 4.2 16 350 M M 7 20 350
10 85 56 71 9 0 6 0.00 0.0 0 6.1 16 150 M M 1 128 22 140
11 86 66 76 14 0 11 0.00 0.0 0 14.9 24 150 M M 3 32 140
12 80 57 69 7 0 4 0.00 0.0 0 12.7 25 340 M M 2 1 36 320
13 71 47 59 -3 6 0 0.00 0.0 0 7.5 14 10 M M 0 26 10
14 74 40 57 -5 8 0 0.00 0.0 0 6.0 16 140 M M 0 32 140
15 80 54 67 5 0 2 0.00 0.0 0 18.3 35 160 M M 0 8 45 150
16 88 64 76 14 0 11 0.00 0.0 0 10.6 24 160 M M 1 1 37 150
17 84 62 73 11 0 8 0.00 0.0 0 11.4 22 140 M M 6 128 29 130
18 88 66 77 14 0 12 0.00 0.0 0 9.9 22 150 M M 3 18 34 160
19 78 61 70 7 0 5 0.00 0.0 0 9.3 18 10 M M 7 12 29 30
20 78 60 69 6 0 4 T 0.0 0 9.5 20 10 M M 10 29 40
21 71 58 65 2 0 0 0.00 0.0 0 7.7 13 350 M M 9 1 19 10
22 76 52 64 1 1 0 0.00 0.0 0 5.8 16 350 M M 1 24 50
23 70 49 60 -3 5 0 0.00 0.0 0 10.3 23 110 M M 8 31 100
24 85 61 73 10 0 8 0.03 0.0 0 16.4 26 160 M M 6 41 150
25 72 46 59 -5 6 0 0.00 0.0 0 9.0 21 340 M M 3 30 340
26 62 44 53 -11 12 0 0.00 0.0 0 8.4 16 10 M M 7 24 10
27 61 51 56 -8 9 0 0.06 0.0 0 5.0 12 340 M M 10 8 15 20
28 81 56 69 5 0 4 0.00 0.0 0 12.1 25 140 M M 7 1 35 150
29 87 66 77 13 0 12 0.00 0.0 0 10.4 21 130 M M 1 28 180
30 86 46 66 2 0 1 0.00 0.0 0 12.9 21 10 M M 9 18 26 10
31 46 40 43 -21 22 0 0.04 0.0 0 12.0 16 340 M M 10 1 21 340
================================================================================
SM 2435 1750 69 153 0.13 0.0 312.1 M 139
================================================================================
AV 78.5 56.5 10.1 FASTST M M 4 MAX(MPH)
MISC ----> 35 160 45 150
================================================================================
NOTES:
# LAST OF SEVERAL OCCURRENCES
COLUMN 17 PEAK WIND IN M.P.H.
PRELIMINARY LOCAL CLIMATOLOGICAL DATA (WS FORM: F-6) , PAGE 2
STATION: MCALLEN
MONTH: JANUARY
YEAR: 2023
LATITUDE: 26 10 N
LONGITUDE: 98 14 W
[TEMPERATURE DATA] [PRECIPITATION DATA] SYMBOLS USED IN COLUMN 16
AVERAGE MONTHLY: 67.5 TOTAL FOR MONTH: 0.13 1 = FOG OR MIST
DPTR FM NORMAL: 4.7 DPTR FM NORMAL: -0.64 2 = FOG REDUCING VISIBILITY
HIGHEST: 89 ON 2 GRTST 24HR 0.06 ON 27-27 TO 1/4 MILE OR LESS
LOWEST: 40 ON 31,14 3 = THUNDER
SNOW, ICE PELLETS, HAIL 4 = ICE PELLETS
TOTAL MONTH: 0.0 INCH 5 = HAIL
GRTST 24HR 0.0 6 = FREEZING RAIN OR DRIZZLE
GRTST DEPTH: 0 7 = DUSTSTORM OR SANDSTORM:
VSBY 1/2 MILE OR LESS
8 = SMOKE OR HAZE
[NO. OF DAYS WITH] [WEATHER - DAYS WITH] 9 = BLOWING SNOW
X = TORNADO
MAX 32 OR BELOW: 0 0.01 INCH OR MORE: 3
MAX 90 OR ABOVE: 0 0.10 INCH OR MORE: 0
MIN 32 OR BELOW: 0 0.50 INCH OR MORE: 0
MIN 0 OR BELOW: 0 1.00 INCH OR MORE: 0
[HDD (BASE 65) ]
TOTAL THIS MO. 69 CLEAR (SCALE 0-3) 15
DPTR FM NORMAL -81 PTCLDY (SCALE 4-7) 11
TOTAL FM JUL 1 363 CLOUDY (SCALE 8-10) 5
DPTR FM NORMAL 21
[CDD (BASE 65) ]
TOTAL THIS MO. 153
DPTR FM NORMAL 72 [PRESSURE DATA]
TOTAL FM JAN 1 153 HIGHEST SLP 30.49 ON 13
DPTR FM NORMAL 72 LOWEST SLP 29.61 ON 18
[REMARKS]
#FINAL-01-23#