000
CXUS54 KBRO 010900
CF6MFE
PRELIMINARY LOCAL CLIMATOLOGICAL DATA (WS FORM: F-6)
STATION: MCALLEN
MONTH: MARCH
YEAR: 2020
LATITUDE: 26 10 N
LONGITUDE: 98 14 W
TEMPERATURE IN F: :PCPN: SNOW: WIND :SUNSHINE: SKY :PK WND
================================================================================
1 2 3 4 5 6A 6B 7 8 9 10 11 12 13 14 15 16 17 18
12Z AVG MX 2MIN
DY MAX MIN AVG DEP HDD CDD WTR SNW DPTH SPD SPD DIR MIN PSBL S-S WX SPD DR
================================================================================
1 91 64 78 10 0 13 0.00 0.0 0 17.0 30 160 M M 0 38 160
2 93 67 80 12 0 15 0.00 0.0 0 13.1 21 130 M M 5 1 28 160
3 85 71 78 10 0 13 0.00 0.0 0 8.7 18 80 M M 10 18 23 70
4 87 64 76 8 0 11 0.00 0.0 0 10.3 28 340 M M 5 18 41 320
5 79 59 69 1 0 4 0.00 0.0 0 10.8 20 350 M M 0 28 350
6 82 51 67 -2 0 2 0.00 0.0 0 7.3 20 80 M M 0 8 24 80
7 78 59 69 0 0 4 0.00 0.0 0 10.3 21 110 M M 1 27 110
8 83 58 71 2 0 6 0.00 0.0 0 13.8 25 130 M M 2 31 140
9 82 68 75 6 0 10 0.00 0.0 0 14.2 22 120 M M 9 28 140
10 80 68 74 4 0 9 0.01 0.0 0 9.2 17 110 M M 10 18 23 140
11 90 66 78 8 0 13 0.00 0.0 0 11.4 21 140 M M 4 1 28 130
12 87 70 79 9 0 14 0.00 0.0 0 16.5 25 140 M M 3 32 130
13 89 71 80 10 0 15 0.00 0.0 0 19.3 29 140 M M 8 8 35 130
14 90 73 82 12 0 17 0.00 0.0 0 16.3 28 130 M M 6 8 34 120
15 88 73 81 10 0 16 0.00 0.0 0 13.3 21 130 M M 7 28 140
16 86 73 80 9 0 15 T 0.0 0 11.6 24 150 M M 6 30 140
17 90 71 81 10 0 16 0.00 0.0 0 16.1 26 130 M M 4 33 130
18 89 73 81 10 0 16 T 0.0 0 16.8 28 130 M M 6 18 34 140
19 95 74 85 13 0 20 T 0.0 0 18.7 29 120 M M 5 8 37 150
20 86 67 77 5 0 12 0.39 0.0 0 9.6 28 150 M M 8 13 36 150
21 67 59 63 -9 2 0 0.21 0.0 0 8.8 18 360 M M 9 13 21 10
22 82 61 72 0 0 7 T 0.0 0 3.9 9 280 M M 9 1 12 270
23 90 70 80 8 0 15 0.00 0.0 0 15.3 25 130 M M 5 1 31 140
24 98 73 86 13 0 21 0.00 0.0 0 10.8 21 160 M M 3 28 170
25 95 74 85 12 0 20 0.00 0.0 0 12.9 21 140 M M 5 1 30 120
26 100 74 87 14 0 22 0.00 0.0 0 16.9 29 130 M M 4 18 37 140
27 95 73 84 11 0 19 0.00 0.0 0 18.8 29 160 M M 1 18 37 130
28 94 76 85 12 0 20 0.00 0.0 0 12.7 29 130 M M 7 18 34 140
29 78 66 72 -2 0 7 0.12 0.0 0 8.1 18 40 M M 10 1 23 30
30 89 66 78 4 0 13 0.00 0.0 0 7.7 23 130 M M 8 18 28 130
31 96 71 84 10 0 19 0.00 0.0 0 9.0 20 90 M M 3 27 340
================================================================================
SM 2714 2103 2 404 0.73 0.0 389.2 M 163
================================================================================
AV 87.6 67.8 12.6 FASTST M M 5 MAX(MPH)
MISC ----> # 30 160 # 41 320
================================================================================
NOTES:
# LAST OF SEVERAL OCCURRENCES
COLUMN 17 PEAK WIND IN M.P.H.
PRELIMINARY LOCAL CLIMATOLOGICAL DATA (WS FORM: F-6) , PAGE 2
STATION: MCALLEN
MONTH: MARCH
YEAR: 2020
LATITUDE: 26 10 N
LONGITUDE: 98 14 W
[TEMPERATURE DATA] [PRECIPITATION DATA] SYMBOLS USED IN COLUMN 16
AVERAGE MONTHLY: 77.7 TOTAL FOR MONTH: 0.73 1 = FOG OR MIST
DPTR FM NORMAL: 6.9 DPTR FM NORMAL: -0.30 2 = FOG REDUCING VISIBILITY
HIGHEST: 100 ON 26 GRTST 24HR 0.39 ON 20-20 TO 1/4 MILE OR LESS
LOWEST: 51 ON 6 3 = THUNDER
SNOW, ICE PELLETS, HAIL 4 = ICE PELLETS
TOTAL MONTH: 0.0 INCH 5 = HAIL
GRTST 24HR 0.0 6 = FREEZING RAIN OR DRIZZLE
GRTST DEPTH: 0 7 = DUSTSTORM OR SANDSTORM:
VSBY 1/2 MILE OR LESS
8 = SMOKE OR HAZE
[NO. OF DAYS WITH] [WEATHER - DAYS WITH] 9 = BLOWING SNOW
X = TORNADO
MAX 32 OR BELOW: 0 0.01 INCH OR MORE: 4
MAX 90 OR ABOVE: 13 0.10 INCH OR MORE: 3
MIN 32 OR BELOW: 0 0.50 INCH OR MORE: 0
MIN 0 OR BELOW: 0 1.00 INCH OR MORE: 0
[HDD (BASE 65) ]
TOTAL THIS MO. 2 CLEAR (SCALE 0-3) 8
DPTR FM NORMAL -36 PTCLDY (SCALE 4-7) 16
TOTAL FM JUL 1 335 CLOUDY (SCALE 8-10) 7
DPTR FM NORMAL -236
[CDD (BASE 65) ]
TOTAL THIS MO. 404
DPTR FM NORMAL 186 [PRESSURE DATA]
TOTAL FM JAN 1 664 HIGHEST SLP 30.48 ON 6
DPTR FM NORMAL 287 LOWEST SLP 29.60 ON 3
[REMARKS]
#FINAL-03-20#