000
CXUS56 KMFR 011622
CF6MFR
PRELIMINARY LOCAL CLIMATOLOGICAL DATA (WS FORM: F-6)
STATION: MEDFORD OR
MONTH: AUGUST
YEAR: 2022
LATITUDE: 42 22 N
LONGITUDE: 122 52 W
TEMPERATURE IN F: :PCPN: SNOW: WIND :SUNSHINE: SKY :PK WND
================================================================================
1 2 3 4 5 6A 6B 7 8 9 10 11 12 13 14 15 16 17 18
12Z AVG MX 2MIN
DY MAX MIN AVG DEP HDD CDD WTR SNW DPTH SPD SPD DIR MIN PSBL S-S WX SPD DR
================================================================================
1 91 76 84 7 0 19 T 0.0 0 3.8 15 150 M M 2 38 18 160
2 98 71 85 8 0 20 T 0.0 0 4.4 22 10 M M 1 38 29 10
3 103 67 85 9 0 20 0.00 0.0 0 5.1 18 300 M M 0 18 25 280
4 99 61 80 4 0 15 0.00 0.0 0 5.5 16 360 M M 0 22 290
5 96 64 80 4 0 15 0.00 0.0 0 4.8 17 290 M M 0 25 290
6 95 60 78 2 0 13 0.00 0.0 0 4.4 14 280 M M 1 19 290
7 102 61 82 6 0 17 0.00 0.0 0 3.7 17 270 M M 0 24 280
8 98 68 83 7 0 18 T 0.0 0 6.9 18 280 M M 0 27 270
9 98 61 80 4 0 15 0.00 0.0 0 6.4 22 290 M M 0 8 31 290
10 86 59 73 -3 0 8 0.00 0.0 0 6.6 17 330 M M 0 21 320
11 91 59 75 -1 0 10 0.00 0.0 0 5.4 17 290 M M 0 8 24 290
12 89 60 75 0 0 10 0.00 0.0 0 6.0 18 290 M M 0 8 27 300
13 91 57 74 -1 0 9 0.00 0.0 0 4.0 16 350 M M 0 22 270
14 93 57 75 0 0 10 0.00 0.0 0 3.4 17 350 M M 0 23 340
15 94 57 76 1 0 11 0.00 0.0 0 3.4 17 360 M M 0 23 340
16 98 61 80 5 0 15 0.00 0.0 0 3.2 13 320 M M 0 18 340
17 99 65 82 8 0 17 T 0.0 0 3.4 23 260 M M 1 3 32 270
18 99 71 85 11 0 20 T 0.0 0 3.7 15 50 M M 1 19 20
19 95 63 79 5 0 14 0.00 0.0 0 4.3 18 360 M M 0 8 23 10
20 97 59 78 4 0 13 0.00 0.0 0 3.8 14 340 M M 0 8 18 290
21 100 60 80 6 0 15 0.00 0.0 0 4.1 18 270 M M 0 25 270
22 92 61 77 3 0 12 0.00 0.0 0 4.7 15 300 M M 0 8 21 310
23 93 61 77 4 0 12 0.00 0.0 0 5.0 16 350 M M 0 22 280
24 97 62 80 7 0 15 0.00 0.0 0 3.5 15 260 M M 0 20 310
25 99 66 83 10 0 18 0.00 0.0 0 4.6 18 350 M M 0 25 330
26 96 65 81 8 0 16 0.00 0.0 0 4.9 20 360 M M 1 24 360
27 86 63 75 3 0 10 0.00 0.0 0 4.6 16 350 M M 2 23 350
28 92 56 74 2 0 9 0.00 0.0 0 3.1 15 280 M M 0 20 300
29 99 58 79 7 0 14 0.00 0.0 0 3.7 14 310 M M 1 8 19 310
30 101 63 82 10 0 17 0.00 0.0 0 4.9 16 280 M M 3 8 22 280
31 99 61 80 8 0 15 0.00 0.0 0 4.0 13 300 M M 2 8 18 300
================================================================================
SM 2966 1933 0 442 T 0.0 139.3 M 15
================================================================================
AV 95.7 62.4 4.5 FASTST M M 0 MAX(MPH)
MISC ----> 23 260 32 270
================================================================================
NOTES:
# LAST OF SEVERAL OCCURRENCES
COLUMN 17 PEAK WIND IN M.P.H.
PRELIMINARY LOCAL CLIMATOLOGICAL DATA (WS FORM: F-6) , PAGE 2
STATION: MEDFORD OR
MONTH: AUGUST
YEAR: 2022
LATITUDE: 42 22 N
LONGITUDE: 122 52 W
[TEMPERATURE DATA] [PRECIPITATION DATA] SYMBOLS USED IN COLUMN 16
AVERAGE MONTHLY: 79.1 TOTAL FOR MONTH: T 1 = FOG OR MIST
DPTR FM NORMAL: 4.5 DPTR FM NORMAL: -0.33 2 = FOG REDUCING VISIBILITY
HIGHEST: 103 ON 3 GRTST 24HR T ON 31- 1 TO 1/4 MILE OR LESS
LOWEST: 56 ON 28 3 = THUNDER
SNOW, ICE PELLETS, HAIL 4 = ICE PELLETS
TOTAL MONTH: 0.0 INCH 5 = HAIL
GRTST 24HR 0.0 6 = FREEZING RAIN OR DRIZZLE
GRTST DEPTH: 0 7 = DUSTSTORM OR SANDSTORM:
VSBY 1/2 MILE OR LESS
8 = SMOKE OR HAZE
[NO. OF DAYS WITH] [WEATHER - DAYS WITH] 9 = BLOWING SNOW
X = TORNADO
MAX 32 OR BELOW: 0 0.01 INCH OR MORE: 0
MAX 90 OR ABOVE: 28 0.10 INCH OR MORE: 0
MIN 32 OR BELOW: 0 0.50 INCH OR MORE: 0
MIN 0 OR BELOW: 0 1.00 INCH OR MORE: 0
[HDD (BASE 65) ]
TOTAL THIS MO. 0 CLEAR (SCALE 0-3) 30
DPTR FM NORMAL -3 PTCLDY (SCALE 4-7) 1
TOTAL FM JUL 1 0 CLOUDY (SCALE 8-10) 0
DPTR FM NORMAL -4
[CDD (BASE 65) ]
TOTAL THIS MO. 442
DPTR FM NORMAL 144 [PRESSURE DATA]
TOTAL FM JAN 1 1008 HIGHEST SLP 30.15 ON 13
DPTR FM NORMAL 241 LOWEST SLP 29.71 ON 9
[REMARKS]
#FINAL-08-22#