000
CXUS54 KBMX 011110
CF6MGM
PRELIMINARY LOCAL CLIMATOLOGICAL DATA (WS FORM: F-6)
STATION: MONTGOMERY
MONTH: NOVEMBER
YEAR: 2022
LATITUDE: 32 17 N
LONGITUDE: 86 24 W
TEMPERATURE IN F: :PCPN: SNOW: WIND :SUNSHINE: SKY :PK WND
================================================================================
1 2 3 4 5 6A 6B 7 8 9 10 11 12 13 14 15 16 17 18
12Z AVG MX 2MIN
DY MAX MIN AVG DEP HDD CDD WTR SNW DPTH SPD SPD DIR MIN PSBL S-S WX SPD DR
================================================================================
1 76 48 62 1 3 0 0.00 0.0 0 2.6 13 40 M M 1 12 15 10
2 80 52 66 5 0 1 0.00 0.0 0 1.8 10 330 M M 0 12 330
3 81 51 66 6 0 1 0.00 0.0 0 4.2 14 90 M M 0 1 17 80
4 80 53 67 7 0 2 0.00 0.0 0 7.1 17 110 M M 0 20 110
5 78 53 66 6 0 1 0.05 0.0 0 6.7 15 140 M M 3 1 19 140
6 87 57 72 13 0 7 0.00 0.0 0 2.3 9 70 M M 0 12 80
7 87 61 74 15 0 9 0.00 0.0 0 4.7 14 60 M M 3 12 17 50
8 86 60 73 14 0 8 0.00 0.0 0 7.0 16 80 M M 1 1 20 80
9 71 55 63 5 2 0 0.00 0.0 0 10.9 21 60 M M 0 27 60
10 76 55 66 8 0 1 0.45 0.0 0 10.6 20 10 M M 5 1 25 20
11 72 57 65 7 0 0 0.01 0.0 0 8.3 17 260 M M 8 1 23 250
12 67 44 56 -1 9 0 0.00 0.0 0 8.7 17 330 M M 8 1 24 330
13 54 36 45 -12 20 0 0.00 0.0 0 9.2 16 330 M M 3 22 330
14 62 29 46 -11 19 0 0.05 0.0 0 7.2 15 100 M M 0 18 80
15 59 50 55 -1 10 0 0.61 M 0 8.4 26 130 M M 10 1 32 120
16 52 39 46 -10 19 0 0.00 0.0 0 8.3 15 320 M M 2 21 300
17 52 27 40 -16 25 0 0.00 0.0 M 6.3 17 290 M M 0 21 300
18 56 23 40 -16 25 0 0.00 0.0 0 2.3 12 350 M M 0 16 40
19 57 28 43 -12 22 0 0.00 0.0 0 4.2 10 310 M M 0 14 310
20 51 28 40 -15 25 0 0.00 0.0 0 5.3 12 340 M M 0 15 340
21 62 25 44 -11 21 0 0.00 0.0 0 3.3 12 80 M M 0 15 60
22 66 44 55 0 10 0 0.00 0.0 0 4.0 10 60 M M 2 16 50
23 74 48 61 7 4 0 T 0.0 0 3.2 13 60 M M 3 14 70
24 76 45 61 7 4 0 0.33 0.0 0 7.6 17 90 M M 4 21 90
25 63 51 57 3 8 0 0.96 0.0 0 5.4 15 80 M M 8 1 20 360
26 67 49 58 4 7 0 0.58 0.0 0 8.7 23 130 M M 7 1 34 130
27 70 53 62 8 3 0 0.07 0.0 0 10.0 23 230 M M 2 31 260
28 70 44 57 4 8 0 0.00 0.0 M 2.6 12 310 M M 0 1 20 280
29 77 42 60 7 5 0 0.30 0.0 0 7.0 21 140 M M 5 1 26 170
30 73 45 59 6 6 0 1.06 0.0 0 9.6 26 320 M M 4 13 35 320
================================================================================
SM 2082 1352 255 30 4.47 0.0 187.5 M 79
================================================================================
AV 69.4 45.1 6.3 FASTST M M 3 MAX(MPH)
MISC ----> # 26 130 35 320
================================================================================
NOTES:
# LAST OF SEVERAL OCCURRENCES
COLUMN 17 PEAK WIND IN M.P.H.
PRELIMINARY LOCAL CLIMATOLOGICAL DATA (WS FORM: F-6) , PAGE 2
STATION: MONTGOMERY
MONTH: NOVEMBER
YEAR: 2022
LATITUDE: 32 17 N
LONGITUDE: 86 24 W
[TEMPERATURE DATA] [PRECIPITATION DATA] SYMBOLS USED IN COLUMN 16
AVERAGE MONTHLY: 57.2 TOTAL FOR MONTH: 4.47 1 = FOG OR MIST
DPTR FM NORMAL: 0.6 DPTR FM NORMAL: 0.62 2 = FOG REDUCING VISIBILITY
HIGHEST: 87 ON 7, 6 GRTST 24HR 1.36 ON 29-30 TO 1/4 MILE OR LESS
LOWEST: 23 ON 18 3 = THUNDER
SNOW, ICE PELLETS, HAIL 4 = ICE PELLETS
TOTAL MONTH: 0.0 INCH 5 = HAIL
GRTST 24HR 0.0 6 = FREEZING RAIN OR DRIZZLE
GRTST DEPTH: 0 7 = DUSTSTORM OR SANDSTORM:
VSBY 1/2 MILE OR LESS
8 = SMOKE OR HAZE
[NO. OF DAYS WITH] [WEATHER - DAYS WITH] 9 = BLOWING SNOW
X = TORNADO
MAX 32 OR BELOW: 0 0.01 INCH OR MORE: 11
MAX 90 OR ABOVE: 0 0.10 INCH OR MORE: 7
MIN 32 OR BELOW: 6 0.50 INCH OR MORE: 4
MIN 0 OR BELOW: 0 1.00 INCH OR MORE: 1
[HDD (BASE 65) ]
TOTAL THIS MO. 255 CLEAR (SCALE 0-3) 19
DPTR FM NORMAL -22 PTCLDY (SCALE 4-7) 9
TOTAL FM JUL 1 348 CLOUDY (SCALE 8-10) 2
DPTR FM NORMAL -1
[CDD (BASE 65) ]
TOTAL THIS MO. 30
DPTR FM NORMAL 6 [PRESSURE DATA]
TOTAL FM JAN 1 2586 HIGHEST SLP 30.46 ON 21
DPTR FM NORMAL 54 LOWEST SLP 29.56 ON 11
[REMARKS]
#FINAL-11-22#