000
CXUS51 KPBZ 141252
CF6MGW
PRELIMINARY LOCAL CLIMATOLOGICAL DATA (WS FORM: F-6)
STATION: MORGANTOWN WV
MONTH: NOVEMBER
YEAR: 2021
LATITUDE: 39 39 N
LONGITUDE: 79 55 W
TEMPERATURE IN F: :PCPN: SNOW: WIND :SUNSHINE: SKY :PK WND
================================================================================
1 2 3 4 5 6A 6B 7 8 9 10 11 12 13 14 15 16 17 18
12Z AVG MX 2MIN
DY MAX MIN AVG DEP HDD CDD WTR SNW DPTH SPD SPD DIR MIN PSBL S-S WX SPD DR
================================================================================
1 56 42 49 -1 16 0 0.00 M M 4.5 13 300 M M 4 21 310
2 48 32 40 -9 25 0 0.03 M M 3.4 10 230 M M 8 14 210
3 49 30 40 -9 25 0 0.00 M M 2.2 7 350 M M 3 11 320
4 51 27 39 -10 26 0 0.00 M M 1.7 12 350 M M 4 8 15 360
5 50 26 38 -10 27 0 0.00 M M 2.6 8 10 M M 0 13 10
6 59 27 43 -5 22 0 0.00 M M 1.2 8 80 M M 0 11 60
7 61 28 45 -3 20 0 0.00 M M 1.1 6 220 M M 0 9 300
8 64 32 48 1 17 0 0.00 M M 3.3 8 200 M M 0 12 200
9 69 40 55 8 10 0 0.00 M M 3.8 12 220 M M 0 8 17 210
10 65 50 58 11 7 0 0.00 M M 3.1 9 120 M M 2 11 130
11 77 55 66 20 0 1 0.06 M M 11.4 24 170 M M 3 37 150
12 60 43 52 6 13 0 0.31 M M 6.1 21 220 M M 5 1 31 240
13 50 34 42 -4 23 0 0.16 M M 6.6 13 230 M M 10 1 22 260
14 42 33 38 -7 27 0 0.18 M M 7.3 15 210 M M 10 18 23 210
15 40 34 37 -8 28 0 0.02 M M 7.3 15 220 M M 10 1 24 220
16 50 36 43 -2 22 0 0.00 M M 1.1 8 200 M M 6 10 190
17 70 36 53 9 12 0 0.00 M M 4.8 18 200 M M 3 27 200
18 65 38 52 8 13 0 0.17 M M 7.7 20 230 M M 7 1 32 230
19 41 30 36 -8 29 0 T M M 5.3 15 280 M M 5 23 310
20 52 25 39 -4 26 0 0.00 M M 2.1 12 210 M M 2 19 210
21 53 34 44 1 21 0 0.06 M M 3.6 13 170 M M 6 1 17 170
22 46 31 39 -4 26 0 0.00 M M 6.0 14 300 M M 6 21 320
23 38 24 31 -11 34 0 0.00 M M 3.1 12 300 M M 2 15 310
24 50 22 36 -6 29 0 0.00 M M 1.7 8 210 M M 0 13 150
25 52 36 44 2 21 0 0.03 M M 8.1 17 220 M M 9 1 26 200
26 45 29 37 -5 28 0 0.06 M M 8.7 16 310 M M 10 1 27 320
27 44 28 36 -5 29 0 0.00 M M 5.0 12 230 M M 9 20 220
28 45 32 39 -2 26 0 0.00 M M 8.0 15 310 M M 9 1 27 310
29 42 30 36 -5 29 0 0.00 M M 5.3 13 300 M M 6 19 270
30 51 30 41 1 24 0 0.05 M M 7.2 14 220 M M 6 18 21 220
================================================================================
SM 1585 994 655 1 1.13 M 143.3 M 145
================================================================================
AV 52.8 33.1 4.8 FASTST M M 5 MAX(MPH)
MISC ----> 24 170 37 150
================================================================================
NOTES:
# LAST OF SEVERAL OCCURRENCES
COLUMN 17 PEAK WIND IN M.P.H.
PRELIMINARY LOCAL CLIMATOLOGICAL DATA (WS FORM: F-6) , PAGE 2
STATION: MORGANTOWN WV
MONTH: NOVEMBER
YEAR: 2021
LATITUDE: 39 39 N
LONGITUDE: 79 55 W
[TEMPERATURE DATA] [PRECIPITATION DATA] SYMBOLS USED IN COLUMN 16
AVERAGE MONTHLY: 43.0 TOTAL FOR MONTH: 1.13 1 = FOG OR MIST
DPTR FM NORMAL: -1.9 DPTR FM NORMAL: -1.89 2 = FOG REDUCING VISIBILITY
HIGHEST: 77 ON 11 GRTST 24HR 0.37 ON 11-12 TO 1/4 MILE OR LESS
LOWEST: 22 ON 24 3 = THUNDER
SNOW, ICE PELLETS, HAIL 4 = ICE PELLETS
TOTAL MONTH: M 5 = HAIL
GRTST 24HR M ON M 6 = FREEZING RAIN OR DRIZZLE
GRTST DEPTH: M ON M 7 = DUSTSTORM OR SANDSTORM:
VSBY 1/2 MILE OR LESS
8 = SMOKE OR HAZE
[NO. OF DAYS WITH] [WEATHER - DAYS WITH] 9 = BLOWING SNOW
X = TORNADO
MAX 32 OR BELOW: 0 0.01 INCH OR MORE: 11
MAX 90 OR ABOVE: 0 0.10 INCH OR MORE: 4
MIN 32 OR BELOW: 17 0.50 INCH OR MORE: 0
MIN 0 OR BELOW: 0 1.00 INCH OR MORE: 0
[HDD (BASE 65) ]
TOTAL THIS MO. 655 CLEAR (SCALE 0-3) 11
DPTR FM NORMAL 52 PTCLDY (SCALE 4-7) 11
TOTAL FM JUL 1 858 CLOUDY (SCALE 8-10) 8
DPTR FM NORMAL -133
[CDD (BASE 65) ]
TOTAL THIS MO. 1
DPTR FM NORMAL 0 [PRESSURE DATA]
TOTAL FM JAN 1 1160 HIGHEST SLP 30.55 ON 19
DPTR FM NORMAL 231 LOWEST SLP 29.79 ON 14
[REMARKS]
#FINAL-11-21#