000
CXUS51 KPBZ 011431
CF6MGW
PRELIMINARY LOCAL CLIMATOLOGICAL DATA (WS FORM: F-6)
STATION: MORGANTOWN WV
MONTH: DECEMBER
YEAR: 2020
LATITUDE: 39 39 N
LONGITUDE: 79 55 W
TEMPERATURE IN F: :PCPN: SNOW: WIND :SUNSHINE: SKY :PK WND
================================================================================
1 2 3 4 5 6A 6B 7 8 9 10 11 12 13 14 15 16 17 18
12Z AVG MX 2MIN
DY MAX MIN AVG DEP HDD CDD WTR SNW DPTH SPD SPD DIR MIN PSBL S-S WX SPD DR
================================================================================
1 33 29 31 -8 34 0 0.30 M M 9.0 17 230 M M 10 18 26 230
2 35 30 33 -6 32 0 0.01 M M 8.5 15 230 M M 6 16 23 210
3 43 28 36 -2 29 0 0.00 M M 6.0 12 220 M M 3 16 210
4 45 37 41 3 24 0 0.16 M M 3.8 13 210 M M 10 12 21 210
5 42 34 38 0 27 0 0.00 M M 5.9 13 320 M M 10 18 18 330
6 34 30 32 -5 33 0 0.00 M M 3.9 8 360 M M 10 11 320
7 32 28 30 -7 35 0 T M M 5.8 10 350 M M 10 18 14 330
8 32 29 31 -6 34 0 0.00 M M 6.3 12 220 M M 10 16 270
9 44 29 37 1 28 0 0.00 M M 7.1 15 200 M M 5 23 220
10 53 27 40 4 25 0 0.00 M M 1.2 8 200 M M 2 18 11 200
11 63 33 48 12 17 0 0.00 M M 3.5 13 210 M M 0 21 220
12 64 37 51 15 14 0 0.06 M M 5.6 15 220 M M 5 23 220
13 55 40 48 13 17 0 T M M 4.3 14 240 M M 9 21 230
14 41 30 36 1 29 0 0.29 M M 4.0 13 330 M M 10 12 18 330
15 35 25 30 -5 35 0 0.00 M M 4.5 13 120 M M 4 20 120
16 33 30 32 -2 33 0 0.93 M M 7.0 23 120 M M 7 1 32 110
17 34 30 32 -2 33 0 0.07 M M 2.9 7 230 M M 10 1 10 230
18 31 29 30 -4 35 0 T M M 2.7 7 270 M M 10 18 12 290
19 37 25 31 -3 34 0 0.00 M M 1.7 7 150 M M 6 1 9 140
20 40 33 37 3 28 0 0.19 M M 4.4 14 200 M M 10 1 20 200
21 44 34 39 6 26 0 0.16 M M 6.2 14 180 M M 9 12 22 180
22 40 33 37 4 28 0 0.01 M M 5.5 10 260 M M 10 18 230
23 56 28 42 9 23 0 T M M 7.5 17 160 M M 0 22 160
24 53 27 40 7 25 0 1.03 M M 7.8 16 270 M M 9 1 25 330
25 27 15 21 -12 44 0 0.16 M M 8.5 15 220 M M 10 128 23 250
26 25 14 20 -12 45 0 T M M 7.5 17 220 M M 8 8 29 200
27 49 12 31 -1 34 0 0.00 M M 3.4 10 160 M M 0 14 180
28 50 34 42 10 23 0 T M M 8.3 17 210 M M 9 28 200
29 36 28 32 0 33 0 0.01 M M 4.8 9 330 M M 4 16 320
30 59 32 46 14 19 0 T M M 9.8 20 210 M M 5 33 220
31 55 27 41 9 24 0 0.84 M M 3.2 18 220 M M 8 12 26 220
================================================================================
SM 1320 897 900 0 4.22 M 170.6 M 219
================================================================================
AV 42.6 28.9 5.5 FASTST M M 7 MAX(MPH)
MISC ----> 23 120 33 220
================================================================================
NOTES:
# LAST OF SEVERAL OCCURRENCES
COLUMN 17 PEAK WIND IN M.P.H.
PRELIMINARY LOCAL CLIMATOLOGICAL DATA (WS FORM: F-6) , PAGE 2
STATION: MORGANTOWN WV
MONTH: DECEMBER
YEAR: 2020
LATITUDE: 39 39 N
LONGITUDE: 79 55 W
[TEMPERATURE DATA] [PRECIPITATION DATA] SYMBOLS USED IN COLUMN 16
AVERAGE MONTHLY: 35.8 TOTAL FOR MONTH: 4.22 1 = FOG OR MIST
DPTR FM NORMAL: 1.0 DPTR FM NORMAL: 1.31 2 = FOG REDUCING VISIBILITY
HIGHEST: 64 ON 12 GRTST 24HR 1.16 ON 24-25 TO 1/4 MILE OR LESS
LOWEST: 12 ON 27 3 = THUNDER
SNOW, ICE PELLETS, HAIL 4 = ICE PELLETS
TOTAL MONTH: M 5 = HAIL
GRTST 24HR M ON M 6 = FREEZING RAIN OR DRIZZLE
GRTST DEPTH: M ON M 7 = DUSTSTORM OR SANDSTORM:
VSBY 1/2 MILE OR LESS
8 = SMOKE OR HAZE
[NO. OF DAYS WITH] [WEATHER - DAYS WITH] 9 = BLOWING SNOW
X = TORNADO
MAX 32 OR BELOW: 5 0.01 INCH OR MORE: 14
MAX 90 OR ABOVE: 0 0.10 INCH OR MORE: 9
MIN 32 OR BELOW: 22 0.50 INCH OR MORE: 3
MIN 0 OR BELOW: 0 1.00 INCH OR MORE: 1
[HDD (BASE 65) ]
TOTAL THIS MO. 900 CLEAR (SCALE 0-3) 5
DPTR FM NORMAL -36 PTCLDY (SCALE 4-7) 9
TOTAL FM JUL 1 1710 CLOUDY (SCALE 8-10) 17
DPTR FM NORMAL -275
[CDD (BASE 65) ]
TOTAL THIS MO. 0
DPTR FM NORMAL 0 [PRESSURE DATA]
TOTAL FM JAN 1 1134 HIGHEST SLP 30.61 ON 29
DPTR FM NORMAL 320 LOWEST SLP 29.43 ON 24
[REMARKS]
#FINAL-12-20#