000
CXUS53 KTOP 011519
CLMMHK
CLIMATE REPORT
NATIONAL WEATHER SERVICE TOPEKA KS
1019 AM CDT MON MAY 01 2023
...................................
...THE MANHATTAN KS CLIMATE SUMMARY FOR THE MONTH OF APRIL 2023...
CLIMATE NORMAL PERIOD 1991 TO 2020
CLIMATE RECORD PERIOD 9999 TO 9999
WEATHER OBSERVED NORMAL DEPART LAST YEAR`S
VALUE DATE(S) VALUE FROM VALUE
NORMAL
..............................................................
TEMPERATURE (F)
HIGHEST 90 04/04 91
04/14
LOWEST 20 04/06 18
AVG. MAXIMUM 72.2 67.4 4.8 68.9
AVG. MINIMUM 39.8 41.8 -2.0 39.8
MEAN 56.0 54.6 1.4 54.4
DAYS MAX >= 90 2 0.5 1.5 1
DAYS MAX <= 32 0 0.0 0.0 0
DAYS MIN <= 32 6 6.1 -0.1 8
DAYS MIN <= 0 0 0.0 0.0 0
PRECIPITATION (INCHES)
TOTALS 1.58 3.13 -1.55 1.13
DAILY AVG. 0.05 0.04
DAYS >= .01 4 4
DAYS >= .10 3 2
DAYS >= .50 1 1
DAYS >= 1.00 0 0
GREATEST
24 HR. TOTAL 0.87 04/19 TO 04/20 0.79
DEGREE DAYS
HEATING TOTAL 293 331 -38 349
SINCE 7/1 4850 4983 -133 MM
COOLING TOTAL 31 19 12 39
SINCE 1/1 31 23 8 MM
..............................................................
WIND (MPH)
AVERAGE WIND SPEED 8.4
HIGHEST WIND SPEED/DIRECTION 37/240 DATE 04/20
HIGHEST GUST SPEED/DIRECTION 61/240 DATE 04/20
SKY COVER
POSSIBLE SUNSHINE (PERCENT) MM
AVERAGE SKY COVER 0.22
NUMBER OF DAYS FAIR 23
NUMBER OF DAYS PC 4
NUMBER OF DAYS CLOUDY 3
AVERAGE RH (PERCENT) 51
WEATHER CONDITIONS. NUMBER OF DAYS WITH
THUNDERSTORM 4 MIXED PRECIP 0
HEAVY RAIN 2 RAIN 3
LIGHT RAIN 4 FREEZING RAIN 0
LT FREEZING RAIN 0 HAIL 0
HEAVY SNOW 0 SNOW 0
LIGHT SNOW 0 SLEET 0
FOG 6 FOG W/VIS <= 1/4 MILE 1
HAZE 10
- INDICATES NEGATIVE NUMBERS.
R INDICATES RECORD WAS SET OR TIED.
MM INDICATES DATA IS MISSING.
T INDICATES TRACE AMOUNT.
$$