000
CXUS54 KMEG 010900
CF6MKL
PRELIMINARY LOCAL CLIMATOLOGICAL DATA (WS FORM: F-6)
STATION: JACKSON
MONTH: SEPTEMBER
YEAR: 2021
LATITUDE: 35 35 N
LONGITUDE: 88 55 W
TEMPERATURE IN F: :PCPN: SNOW: WIND :SUNSHINE: SKY :PK WND
================================================================================
1 2 3 4 5 6A 6B 7 8 9 10 11 12 13 14 15 16 17 18
12Z AVG MX 2MIN
DY MAX MIN AVG DEP HDD CDD WTR SNW DPTH SPD SPD DIR MIN PSBL S-S WX SPD DR
================================================================================
1 88 67 78 2 0 13 0.01 M M 4.9 16 20 M M 4 20 20
2 85 64 75 -1 0 10 0.00 M M 3.9 10 60 M M 1 14 80
3 85 58 72 -4 0 7 0.00 M M 1.5 10 310 M M 0 1 13 290
4 87 57 72 -3 0 7 0.00 M M 4.6 14 240 M M 0 18 16 240
5 79 64 72 -3 0 7 0.37 M M 6.2 14 10 M M 7 1 17 10
6 84 57 71 -4 0 6 0.00 M M 3.4 14 60 M M 0 12 19 40
7 86 54 70 -4 0 5 0.00 M M 1.7 7 290 M M 0 1 10 110
8 82 57 70 -4 0 5 0.04 M M 4.1 15 10 M M 2 17 340
9 83 52 68 -6 0 3 0.00 M M 4.6 18 360 M M 0 24 10
10 83 51 67 -7 0 2 0.00 M M 1.1 8 100 M M 0 10 120
11 83 57 70 -3 0 5 0.00 M M 3.0 13 190 M M 0 1 16 190
12 85 60 73 0 0 8 0.00 M M 2.8 12 200 M M 0 1 17 210
13 90 64 77 4 0 12 0.00 M M 4.3 13 210 M M 0 1 17 200
14 88 71 80 8 0 15 0.32 M M 4.4 16 290 M M 6 13 24 290
15 80 69 75 3 0 10 T M M 3.6 8 180 M M 5 1 11 170
16 82 64 73 1 0 8 0.00 M M 3.9 13 100 M M 4 12 19 120
17 83 71 77 6 0 12 0.27 M M 4.4 10 110 M M 8 13 13 120
18 81 70 76 5 0 11 0.03 M M 4.0 15 100 M M 8 13 21 90
19 82 69 76 5 0 11 0.02 M M 3.7 10 110 M M 7 1 14 110
20 84 71 78 8 0 13 0.04 M M 4.2 10 190 M M 6 3 15 190
21 85 63 74 4 0 9 0.02 M M 7.0 20 340 M M 8 1 25 330
22 75 49 62 -8 3 0 0.32 M M 9.2 24 340 M M 4 1 35 330
23 75 45 60 -9 5 0 0.00 M M 3.6 14 320 M M 0 18 19 330
24 78 46 62 -7 3 0 0.00 M M 2.4 9 230 M M 0 1 14 150
25 81 51 66 -3 0 1 0.00 M M 3.9 13 270 M M 0 18 17 250
26 82 50 66 -2 0 1 0.00 M M 1.8 8 190 M M 0 12 12 200
27 85 54 70 2 0 5 0.00 M M 5.3 14 240 M M 0 18 230
28 87 58 73 5 0 8 0.00 M M 2.9 12 190 M M 1 1 14 200
29 86 59 73 6 0 8 0.00 M M 2.6 10 110 M M 2 12 14 170
30 79 68 74 7 0 9 0.98 M M 1.5 9 90 M M 8 13 10 170
================================================================================
SM 2493 1790 11 211 2.42 M 114.5 M 81
================================================================================
AV 83.1 59.7 3.8 FASTST M M 3 MAX(MPH)
MISC ----> 24 340 35 330
================================================================================
NOTES:
# LAST OF SEVERAL OCCURRENCES
COLUMN 17 PEAK WIND IN M.P.H.
PRELIMINARY LOCAL CLIMATOLOGICAL DATA (WS FORM: F-6) , PAGE 2
STATION: JACKSON
MONTH: SEPTEMBER
YEAR: 2021
LATITUDE: 35 35 N
LONGITUDE: 88 55 W
[TEMPERATURE DATA] [PRECIPITATION DATA] SYMBOLS USED IN COLUMN 16
AVERAGE MONTHLY: 71.4 TOTAL FOR MONTH: 2.42 1 = FOG OR MIST
DPTR FM NORMAL: -0.3 DPTR FM NORMAL: -1.16 2 = FOG REDUCING VISIBILITY
HIGHEST: 90 ON 13 GRTST 24HR 0.98 ON 30-30 TO 1/4 MILE OR LESS
LOWEST: 45 ON 23 3 = THUNDER
SNOW, ICE PELLETS, HAIL 4 = ICE PELLETS
TOTAL MONTH: M 5 = HAIL
GRTST 24HR M ON M 6 = FREEZING RAIN OR DRIZZLE
GRTST DEPTH: M ON M 7 = DUSTSTORM OR SANDSTORM:
VSBY 1/2 MILE OR LESS
8 = SMOKE OR HAZE
[NO. OF DAYS WITH] [WEATHER - DAYS WITH] 9 = BLOWING SNOW
X = TORNADO
MAX 32 OR BELOW: 0 0.01 INCH OR MORE: 11
MAX 90 OR ABOVE: 1 0.10 INCH OR MORE: 5
MIN 32 OR BELOW: 0 0.50 INCH OR MORE: 1
MIN 0 OR BELOW: 0 1.00 INCH OR MORE: 0
[HDD (BASE 65) ]
TOTAL THIS MO. 11 CLEAR (SCALE 0-3) 18
DPTR FM NORMAL -11 PTCLDY (SCALE 4-7) 12
TOTAL FM JUL 1 11 CLOUDY (SCALE 8-10) 0
DPTR FM NORMAL -8
[CDD (BASE 65) ]
TOTAL THIS MO. 211
DPTR FM NORMAL -12 [PRESSURE DATA]
TOTAL FM JAN 1 1555 HIGHEST SLP 30.23 ON 12
DPTR FM NORMAL -101 LOWEST SLP 29.73 ON 1
[REMARKS]
#FINAL-09-21#