000
CXUS54 KMEG 020252
CF6MKL
PRELIMINARY LOCAL CLIMATOLOGICAL DATA (WS FORM: F-6)
STATION: JACKSON
MONTH: FEBRUARY
YEAR: 2020
LATITUDE: 35 35 N
LONGITUDE: 88 55 W
TEMPERATURE IN F: :PCPN: SNOW: WIND :SUNSHINE: SKY :PK WND
================================================================================
1 2 3 4 5 6A 6B 7 8 9 10 11 12 13 14 15 16 17 18
12Z AVG MX 2MIN
DY MAX MIN AVG DEP HDD CDD WTR SNW DPTH SPD SPD DIR MIN PSBL S-S WX SPD DR
================================================================================
1 52 37 45 6 20 0 T 0.0 0 6.8 17 280 M M 8 1 23 290
2 71 38 55 16 10 0 0.00 0.0 0 10.0 20 240 M M 0 25 230
3 73 51 62 22 3 0 0.00 0.0 0 11.5 26 190 M M 3 36 200
4 65 48 57 17 8 0 1.59 0.0 0 10.4 21 200 M M 10 1 30 190
5 48 39 44 4 21 0 0.37 0.0 0 8.7 20 330 M M 9 1 25 320
6 40 31 36 -4 29 0 0.10 1.0 0 10.3 17 320 M M 10 1 24 320
7 42 27 35 -5 30 0 T 0.1 1 6.8 17 330 M M 6 1 22 330
8 49 28 39 -2 26 0 0.00 0.0 0 7.0 21 320 M M 0 28 320
9 66 36 51 10 14 0 0.05 0.0 0 11.7 23 200 M M 6 1 34 210
10 59 44 52 11 13 0 0.90 0.0 0 8.9 21 180 M M 9 13 31 180
11 45 39 42 1 23 0 0.21 0.0 0 10.4 21 10 M M 8 1 24 360
12 54 39 47 5 18 0 0.65 0.0 0 6.4 30 310 M M 10 1 39 320
13 44 27 36 -6 29 0 0.02 0.0 0 12.6 21 360 M M 8 1 27 350
14 35 18 27 -15 38 0 0.00 0.0 0 7.1 16 20 M M 1 21 20
15 57 20 39 -3 26 0 0.00 0.0 0 6.0 15 200 M M 2 19 200
16 61 39 50 7 15 0 0.00 0.0 0 4.5 12 200 M M 5 14 200
17 57 37 47 4 18 0 0.00 0.0 0 6.6 16 190 M M 7 1 21 200
18 59 39 49 6 16 0 1.01 0.0 0 10.9 21 10 M M 10 13 28 20
19 53 35 44 1 21 0 0.00 0.0 0 11.4 17 50 M M 1 22 40
20 45 28 37 -7 28 0 0.09 T 0 14.4 22 10 M M 6 14 28 30
21 42 22 32 -12 33 0 0.00 0.0 0 6.1 14 20 M M 0 18 20
22 51 17 34 -10 31 0 0.00 0.0 0 3.2 10 220 M M 0 13 230
23 54 40 47 2 18 0 0.08 0.0 0 6.1 15 200 M M 10 19 200
24 58 44 51 6 14 0 0.83 0.0 0 9.1 20 250 M M 9 13 25 260
25 51 43 47 2 18 0 0.01 0.0 0 8.0 13 10 M M 9 1 15 360
26 43 32 38 -8 27 0 T 0.0 0 11.4 22 310 M M 10 28 320
27 47 25 36 -10 29 0 0.00 0.0 0 7.9 16 270 M M 3 22 270
28 51 38 45 -1 20 0 0.04 0.0 0 9.2 22 290 M M 9 30 290
29 55 30 43 -3 22 0 0.00 0.0 0 3.7 10 70 M M 1 12 60
================================================================================
SM 1527 991 618 0 5.95 1.1 247.1 M 170
================================================================================
AV 52.7 34.2 8.5 FASTST M M 6 MAX(MPH)
MISC ----> # 30 310 # 39 320
================================================================================
NOTES:
# LAST OF SEVERAL OCCURRENCES
COLUMN 17 PEAK WIND IN M.P.H.
PRELIMINARY LOCAL CLIMATOLOGICAL DATA (WS FORM: F-6) , PAGE 2
STATION: JACKSON
MONTH: FEBRUARY
YEAR: 2020
LATITUDE: 35 35 N
LONGITUDE: 88 55 W
[TEMPERATURE DATA] [PRECIPITATION DATA] SYMBOLS USED IN COLUMN 16
AVERAGE MONTHLY: 43.4 TOTAL FOR MONTH: 5.95 1 = FOG OR MIST
DPTR FM NORMAL: 1.1 DPTR FM NORMAL: 1.78 2 = FOG REDUCING VISIBILITY
HIGHEST: 73 ON 3 GRTST 24HR 1.59 ON 4- 4 TO 1/4 MILE OR LESS
LOWEST: 17 ON 22 3 = THUNDER
SNOW, ICE PELLETS, HAIL 4 = ICE PELLETS
TOTAL MONTH: 1.1 INCHES 5 = HAIL
GRTST 24HR 1.0 ON 6- 6 6 = FREEZING RAIN OR DRIZZLE
GRTST DEPTH: 1 ON 7 7 = DUSTSTORM OR SANDSTORM:
VSBY 1/2 MILE OR LESS
8 = SMOKE OR HAZE
[NO. OF DAYS WITH] [WEATHER - DAYS WITH] 9 = BLOWING SNOW
X = TORNADO
MAX 32 OR BELOW: 0 0.01 INCH OR MORE: 14
MAX 90 OR ABOVE: 0 0.10 INCH OR MORE: 8
MIN 32 OR BELOW: 12 0.50 INCH OR MORE: 5
MIN 0 OR BELOW: 0 1.00 INCH OR MORE: 2
[HDD (BASE 65) ]
TOTAL THIS MO. 618 CLEAR (SCALE 0-3) 10
DPTR FM NORMAL -17 PTCLDY (SCALE 4-7) 7
TOTAL FM JUL 1 2653 CLOUDY (SCALE 8-10) 12
DPTR FM NORMAL -250
[CDD (BASE 65) ]
TOTAL THIS MO. 0
DPTR FM NORMAL -1 [PRESSURE DATA]
TOTAL FM JAN 1 0 HIGHEST SLP 30.72 ON 21
DPTR FM NORMAL -1 LOWEST SLP 29.54 ON 6
[REMARKS]
#FINAL-02-20#