000
CXUS54 KTSA 010850
CF6MKO
PRELIMINARY LOCAL CLIMATOLOGICAL DATA (WS FORM: F-6)
STATION: MUSKOGEE OKLAHOMA
MONTH: OCTOBER
YEAR: 2023
LATITUDE: 35 40 N
LONGITUDE: 95 22 W
TEMPERATURE IN F: :PCPN: SNOW: WIND :SUNSHINE: SKY :PK WND
================================================================================
1 2 3 4 5 6A 6B 7 8 9 10 11 12 13 14 15 16 17 18
12Z AVG MX 2MIN
DY MAX MIN AVG DEP HDD CDD WTR SNW DPTH SPD SPD DIR MIN PSBL S-S WX SPD DR
================================================================================
1 89 63 76 8 0 11 0.00 0.0 M 4.4 12 150 M M 0 18 160
2 88 66 77 10 0 12 0.00 0.0 M 5.1 10 110 M M 1 16 150
3 86 64 75 8 0 10 T 0.0 M 6.1 14 170 M M 1 22 190
4 82 65 74 8 0 9 0.59 0.0 M 7.1 32 110 M M 7 13 40 110
5 82 60 71 5 0 6 T 0.0 M 5.5 18 10 M M 4 18 23 20
6 77 45 61 -5 4 0 T 0.0 M 9.2 23 350 M M 4 32 350
7 66 40 53 -12 12 0 0.00 0.0 M 4.7 14 330 M M 0 21 10
8 76 42 59 -6 6 0 0.00 0.0 M 5.8 15 220 M M 0 1 20 220
9 81 49 65 0 0 0 0.00 0.0 M 3.5 8 340 M M 0 14 350
10 81 51 66 2 0 1 0.00 0.0 M 5.8 14 130 M M 0 20 100
11 81 62 72 8 0 7 0.00 0.0 M 10.4 21 180 M M 3 33 180
12 72 58 65 1 0 0 0.00 0.0 M 13.1 21 150 M M 8 32 160
13 71 51 61 -2 4 0 0.01 0.0 M 10.3 24 300 M M 6 18 34 300
14 63 46 55 -8 10 0 0.00 0.0 M 9.3 17 320 M M 7 26 320
15 61 47 54 -8 11 0 T 0.0 M 12.5 21 360 M M 10 1 29 350
16 66 42 54 -8 11 0 0.00 0.0 M 7.1 16 330 M M 1 23 320
17 71 36 54 -8 11 0 0.00 0.0 M 5.1 14 210 M M 0 1 20 200
18 79 48 64 3 1 0 0.00 0.0 M 7.4 17 320 M M 0 23 200
19 79 45 62 1 3 0 0.00 0.0 M 5.4 17 320 M M 0 24 300
20 84 48 66 6 0 1 0.00 0.0 M 4.2 9 340 M M 0 14 10
21 85 50 68 8 0 3 0.00 0.0 M 3.5 9 240 M M 0 14 200
22 83 56 70 10 0 5 0.00 0.0 M 8.7 21 140 M M 0 30 130
23 79 61 70 11 0 5 0.03 0.0 M 9.2 15 140 M M 3 1 23 170
24 77 66 72 13 0 7 0.14 0.0 M 9.5 21 160 M M 7 1 34 160
25 78 65 72 13 0 7 0.94 0.0 M 10.2 18 180 M M 9 1 28 170
26 78 65 72 14 0 7 0.45 0.0 M 9.6 25 120 M M 7 1 36 110
27 79 50 65 7 0 0 0.00 0.0 M 10.5 20 360 M M 10 1 28 280
28 50 42 46 -11 19 0 0.62 0.0 M 10.7 17 350 M M 10 1 22 10
29 43 37 40 -17 25 0 0.45 M M 15.6 24 350 M M 10 1 34 340
30 48 29 39 -18 26 0 0.00 0.0 M 10.5 21 360 M M 0 18 29 340
31 49 24 37 -19 28 0 0.00 0.0 M 6.9 22 350 M M 0 28 360
================================================================================
SM 2284 1573 171 91 3.23 0.0 246.9 M 108
================================================================================
AV 73.7 50.7 8.0 FASTST M M 3 MAX(MPH)
MISC ----> 32 110 40 110
================================================================================
NOTES:
# LAST OF SEVERAL OCCURRENCES
COLUMN 17 PEAK WIND IN M.P.H.
PRELIMINARY LOCAL CLIMATOLOGICAL DATA (WS FORM: F-6) , PAGE 2
STATION: MUSKOGEE OKLAHOMA
MONTH: OCTOBER
YEAR: 2023
LATITUDE: 35 40 N
LONGITUDE: 95 22 W
[TEMPERATURE DATA] [PRECIPITATION DATA] SYMBOLS USED IN COLUMN 16
AVERAGE MONTHLY: 62.2 TOTAL FOR MONTH: 3.23 1 = FOG OR MIST
DPTR FM NORMAL: 0.2 DPTR FM NORMAL: -0.89 2 = FOG REDUCING VISIBILITY
HIGHEST: 89 ON 1 GRTST 24HR 1.39 ON 25-26 TO 1/4 MILE OR LESS
LOWEST: 24 ON 31 3 = THUNDER
SNOW, ICE PELLETS, HAIL 4 = ICE PELLETS
TOTAL MONTH: 0.0 INCH 5 = HAIL
GRTST 24HR 0.0 6 = FREEZING RAIN OR DRIZZLE
GRTST DEPTH: M ON M 7 = DUSTSTORM OR SANDSTORM:
VSBY 1/2 MILE OR LESS
8 = SMOKE OR HAZE
[NO. OF DAYS WITH] [WEATHER - DAYS WITH] 9 = BLOWING SNOW
X = TORNADO
MAX 32 OR BELOW: 0 0.01 INCH OR MORE: 8
MAX 90 OR ABOVE: 0 0.10 INCH OR MORE: 6
MIN 32 OR BELOW: 2 0.50 INCH OR MORE: 3
MIN 0 OR BELOW: 0 1.00 INCH OR MORE: 0
[HDD (BASE 65) ]
TOTAL THIS MO. 171 CLEAR (SCALE 0-3) 17
DPTR FM NORMAL 10 PTCLDY (SCALE 4-7) 9
TOTAL FM JUL 1 171 CLOUDY (SCALE 8-10) 5
DPTR FM NORMAL -5
[CDD (BASE 65) ]
TOTAL THIS MO. 91
DPTR FM NORMAL 23 [PRESSURE DATA]
TOTAL FM JAN 1 2040 HIGHEST SLP 30.54 ON 31
DPTR FM NORMAL 128 LOWEST SLP 29.59 ON 12
[REMARKS]
#FINAL-10-23#