000
CXUS52 KMLB 012324
CLMMLB
CLIMATE REPORT
NATIONAL WEATHER SERVICE MELBOURNE FL
624 PM EST FRI DEC 01 2023
...................................
...THE MELBOURNE CLIMATE SUMMARY FOR THE MONTH OF NOVEMBER 2023...
CLIMATE NORMAL PERIOD 1991 TO 2020
CLIMATE RECORD PERIOD 1939 TO 2023
WEATHER OBSERVED NORMAL DEPART LAST YEAR`S
VALUE DATE(S) VALUE FROM VALUE
NORMAL
..............................................................
TEMPERATURE (F)
MONTHLY RECORD
HOTTEST 76.1 2015
COLDEST 62.7 1970
DAILY RECORD
HIGH 91 11/05/1992
11/10/1979
LOW 30 11/29/1966
11/16/1940
NOVEMBER 2023
HIGHEST 85 11/22 85
LOWEST 48 11/29 52
AVG. MAXIMUM 78.5 77.3 1.2 80.4
AVG. MINIMUM 63.0 60.8 2.2 67.0
MEAN 70.8 69.0 1.8 73.7
DAYS MAX >= 90 0 0.1 -0.1 0
DAYS MAX <= 32 0 0.0 0.0 0
DAYS MIN <= 32 0 0.0 0.0 0
DAYS MIN <= 0 0 0.0 0.0 0
PRECIPITATION (INCHES)
MONTHLY RECORD
MAXIMUM 9.72 1963
MINIMUM 0.00 1986
DAILY RECORD
MAXIMUM 5.45 11/29/1977
NOVEMBER 2023
TOTALS 5.33 2.55 2.78 6.03
DAYS >= .01 9 7.7 1.3 12
DAYS >= .10 5 3.9 1.1 7
DAYS >= .50 3 1.3 1.7 5
DAYS >= 1.00 2 0.6 1.4 3
GREATEST
24 HR. TOTAL 3.98 11/16 TO 11/17
SNOWFALL (INCHES)
TOTALS 0.0 MM MM 0.0
SINCE 7/1 0.0 MM MM MM
DAYS >= TRACE 0 0
DEGREE DAYS
HEATING TOTAL 18 38 -20 7
SINCE 7/1 20 45 -25 MM
COOLING TOTAL 198 159 39 274
SINCE 1/1 3968 3346 622 MM
..............................................................
WIND (MPH)
AVERAGE WIND SPEED 10.2
HIGHEST WIND SPEED/DIRECTION 32/090 DATE 11/15
HIGHEST GUST SPEED/DIRECTION 43/070 DATE 11/15
SKY COVER
POSSIBLE SUNSHINE (PERCENT) MM
AVERAGE SKY COVER 0.40
NUMBER OF DAYS FAIR 13
NUMBER OF DAYS PC 13
NUMBER OF DAYS CLOUDY 4
AVERAGE RH (PERCENT) 77
WEATHER CONDITIONS. NUMBER OF DAYS WITH
THUNDERSTORM 1 MIXED PRECIP 0
HEAVY RAIN 3 RAIN 4
LIGHT RAIN 12 LT FREEZING RAIN 0
HAIL 0 LIGHT SNOW 0
SLEET 0 FOG 15
FOG W/VIS <= 1/4 MILE 2 HAZE 3
- INDICATES NEGATIVE NUMBERS.
R INDICATES RECORD WAS SET OR TIED.
MM INDICATES DATA IS MISSING.
T INDICATES TRACE AMOUNT.
$$