000
CXUS54 KTSA 311127
CF6MLC
PRELIMINARY LOCAL CLIMATOLOGICAL DATA (WS FORM: F-6)
STATION: MCALESTER OKLAHOMA
MONTH: JULY
YEAR: 2022
LATITUDE: 34 52 N
LONGITUDE: 95 47 W
TEMPERATURE IN F: :PCPN: SNOW: WIND :SUNSHINE: SKY :PK WND
================================================================================
1 2 3 4 5 6A 6B 7 8 9 10 11 12 13 14 15 16 17 18
12Z AVG MX 2MIN
DY MAX MIN AVG DEP HDD CDD WTR SNW DPTH SPD SPD DIR MIN PSBL S-S WX SPD DR
================================================================================
1 96 75 86 5 0 21 0.00 0.0 M 4.3 9 140 M M 1 18 140
2 95 72 84 3 0 19 0.00 0.0 M 3.1 9 30 M M 1 14 20
3 98 70 84 3 0 19 0.00 0.0 M 2.9 9 110 M M 2 16 110
4 99 78 89 7 0 24 0.00 0.0 M 7.0 17 220 M M 2 23 220
5 100 77 89 7 0 24 0.00 0.0 M 6.3 18 230 M M 0 25 210
6 102 79 91 9 0 26 0.00 0.0 M 7.3 22 220 M M 1 27 220
7 103 78 91 9 0 26 0.00 0.0 M 6.4 17 220 M M 1 27 230
8 105 78 92 10 0 27 0.00 0.0 M 6.3 14 230 M M 1 3 21 220
9 99 79 89 7 0 24 0.00 0.0 M 8.7 18 10 M M 0 27 10
10 98 73 86 4 0 21 0.00 0.0 M 5.5 14 10 M M 0 27 360
11 103 71 87 5 0 22 0.00 0.0 M 3.5 12 40 M M 1 22 30
12 102 68 85 3 0 20 0.00 0.0 M 6.1 17 360 M M 0 24 10
13 101 71 86 4 0 21 0.00 0.0 M 5.3 14 10 M M 0 20 30
14 104 68 86 3 0 21 0.00 0.0 M 3.5 10 90 M M 1 18 80
15 100 71 86 3 0 21 0.00 0.0 M 4.2 14 230 M M 1 19 220
16 101 73 87 4 0 22 0.00 0.0 M 5.2 15 230 M M 1 20 240
17 104 78 91 8 0 26 0.00 0.0 M 5.3 16 240 M M 0 22 220
18 105 74 90 7 0 25 0.02 0.0 M 4.2 13 220 M M 1 17 220
19 108 74 91 8 0 26 0.00 0.0 M 7.3 21 220 M M 0 29 210
20 100 77 89 6 0 24 0.03 0.0 M 6.4 21 210 M M 0 30 210
21 104 75 90 7 0 25 T 0.0 M 7.6 25 210 M M 1 34 210
22 99 73 86 3 0 21 0.49 0.0 M 5.3 20 150 M M 4 13 33 150
23 99 72 86 3 0 21 0.00 0.0 M 5.5 20 230 M M 0 27 220
24 101 81 91 8 0 26 0.00 0.0 M 7.7 18 220 M M 1 29 230
25 103 80 92 9 0 27 0.00 0.0 M 6.4 17 210 M M 2 25 220
26 104 81 93 10 0 28 0.00 0.0 M 8.1 20 210 M M 1 28 220
27 104 83 94 11 0 29 0.00 0.0 M 7.5 16 220 M M 0 24 210
28 104 79 92 9 0 27 0.03 0.0 M 5.5 21 30 M M 1 3 33 20
29 95 76 86 3 0 21 T 0.0 M 6.6 16 20 M M 3 27 20
30 86 73 80 -3 0 15 0.56 0.0 M 2.6 9 320 M M 3 138 14 120
31 89 75 82 -1 0 17 0.02 0.0 M 4.5 17 330 M M 3 24 330
================================================================================
SM 3111 2332 0 716 1.15 0.0 176.1 M 33
================================================================================
AV100.4 75.2 5.7 FASTST M M 1 MAX(MPH)
MISC ----> 25 210 34 210
================================================================================
NOTES:
# LAST OF SEVERAL OCCURRENCES
COLUMN 17 PEAK WIND IN M.P.H.
PRELIMINARY LOCAL CLIMATOLOGICAL DATA (WS FORM: F-6) , PAGE 2
STATION: MCALESTER OKLAHOMA
MONTH: JULY
YEAR: 2022
LATITUDE: 34 52 N
LONGITUDE: 95 47 W
[TEMPERATURE DATA] [PRECIPITATION DATA] SYMBOLS USED IN COLUMN 16
AVERAGE MONTHLY: 87.8 TOTAL FOR MONTH: 1.15 1 = FOG OR MIST
DPTR FM NORMAL: 5.2 DPTR FM NORMAL: -2.22 2 = FOG REDUCING VISIBILITY
HIGHEST: 108 ON 19 GRTST 24HR 0.58 ON 30-31 TO 1/4 MILE OR LESS
LOWEST: 68 ON 14,12 3 = THUNDER
SNOW, ICE PELLETS, HAIL 4 = ICE PELLETS
TOTAL MONTH: 0.0 INCH 5 = HAIL
GRTST 24HR 0.0 6 = FREEZING RAIN OR DRIZZLE
GRTST DEPTH: M ON M 7 = DUSTSTORM OR SANDSTORM:
VSBY 1/2 MILE OR LESS
8 = SMOKE OR HAZE
[NO. OF DAYS WITH] [WEATHER - DAYS WITH] 9 = BLOWING SNOW
X = TORNADO
MAX 32 OR BELOW: 0 0.01 INCH OR MORE: 6
MAX 90 OR ABOVE: 29 0.10 INCH OR MORE: 2
MIN 32 OR BELOW: 0 0.50 INCH OR MORE: 1
MIN 0 OR BELOW: 0 1.00 INCH OR MORE: 0
[HDD (BASE 65) ]
TOTAL THIS MO. 0 CLEAR (SCALE 0-3) 28
DPTR FM NORMAL 0 PTCLDY (SCALE 4-7) 3
TOTAL FM JUL 1 0 CLOUDY (SCALE 8-10) 0
DPTR FM NORMAL 0
[CDD (BASE 65) ]
TOTAL THIS MO. 716
DPTR FM NORMAL 170 [PRESSURE DATA]
TOTAL FM JAN 1 1507 HIGHEST SLP 30.10 ON 31
DPTR FM NORMAL 297 LOWEST SLP 29.68 ON 19
[REMARKS]
#FINAL-07-22#