000
CXUS55 KBYZ 011000
CF6MLS
PRELIMINARY LOCAL CLIMATOLOGICAL DATA (WS FORM: F-6)
STATION: MILES CITY MT
MONTH: OCTOBER
YEAR: 2021
LATITUDE: 46 25 N
LONGITUDE: 105 53 W
TEMPERATURE IN F: :PCPN: SNOW: WIND :SUNSHINE: SKY :PK WND
================================================================================
1 2 3 4 5 6A 6B 7 8 9 10 11 12 13 14 15 16 17 18
12Z AVG MX 2MIN
DY MAX MIN AVG DEP HDD CDD WTR SNW DPTH SPD SPD DIR MIN PSBL S-S WX SPD DR
================================================================================
1 77 39 58 4 7 0 0.00 M M 5.6 15 290 M M 0 8 16 290
2 77 44 61 7 4 0 0.00 M M 5.9 16 300 M M 0 17 300
3 81 43 62 9 3 0 0.00 M M 7.1 13 160 M M 0 15 150
4 89 41 65 12 0 0 0.00 M M 7.0 18 150 M M 0 23 160
5 90 48 69 17 0 4 0.00 M M 7.6 17 260 M M 0 8 22 260
6 85 56 71 19 0 6 T M M 9.2 18 280 M M 1 8 23 280
7 74 52 63 12 2 0 T M M 10.0 20 70 M M 4 8 22 70
8 64 50 57 7 8 0 0.37 M M 10.2 17 60 M M 6 138 20 50
9 55 47 51 1 14 0 1.09 M M 12.3 20 350 M M 8 18 24 20
10 66 41 54 5 11 0 0.00 M M 8.3 17 290 M M 0 12 22 310
11 50 32 41 -8 24 0 0.18 M M 12.4 24 350 M M 10 1 29 350
12 36 32 34 -14 31 0 0.59 M M 9.8 17 50 M M 10 12 20 50
13 35 32 34 -14 31 0 0.02 M M 12.9 22 320 M M 10 1 26 320
14 47 30 39 -8 26 0 0.00 M M 12.5 29 310 M M 7 1 38 310
15 56 37 47 0 18 0 0.00 M M 13.6 28 280 M M 2 36 290
16 68 33 51 5 14 0 0.00 M M 9.1 17 240 M M 0 22 240
17 73 38 56 10 9 0 0.00 M M 10.4 20 150 M M 0 23 140
18 71 37 54 9 11 0 0.00 M M 8.6 17 20 M M 0 23 20
19 45 30 38 -7 27 0 0.00 M M 9.6 17 10 M M 5 20 40
20 47 26 37 -7 28 0 0.00 M M 6.8 14 160 M M 0 16 160
21 58 31 45 1 20 0 0.00 M M 5.6 12 150 M M 5 14 150
22 63 33 48 5 17 0 0.00 M M 7.0 13 100 M M 0 12 17 120
23 51 41 46 3 19 0 T M M 8.1 20 130 M M 4 28 130
24 60 31 46 4 19 0 0.00 M M 6.0 21 140 M M 3 12 27 140
25 60 42 51 9 14 0 0.00 M M 13.0 28 140 M M 0 33 150
26 50 38 44 3 21 0 0.15 M M 10.9 23 320 M M 5 1 29 300
27 59 32 46 5 19 0 T M M 13.7 31 310 M M 1 38 320
28 57 33 45 5 20 0 0.00 M M 10.2 20 290 M M 2 24 280
29 75 38 57 17 8 0 T M M 10.3 25 330 M M 0 32 320
30 51 26 39 -1 26 0 0.01 M M 13.6 24 320 M M 9 30 310
31 42 20 31 -8 34 0 0.00 M M 6.3 14 290 M M 0 20 290
================================================================================
SM 1912 1153 485 10 2.41 M 293.6 M 92
================================================================================
AV 61.7 37.2 9.5 FASTST M M 3 MAX(MPH)
MISC ----> 31 310 # 38 310
================================================================================
NOTES:
# LAST OF SEVERAL OCCURRENCES
COLUMN 17 PEAK WIND IN M.P.H.
PRELIMINARY LOCAL CLIMATOLOGICAL DATA (WS FORM: F-6) , PAGE 2
STATION: MILES CITY MT
MONTH: OCTOBER
YEAR: 2021
LATITUDE: 46 25 N
LONGITUDE: 105 53 W
[TEMPERATURE DATA] [PRECIPITATION DATA] SYMBOLS USED IN COLUMN 16
AVERAGE MONTHLY: 49.4 TOTAL FOR MONTH: 2.41 1 = FOG OR MIST
DPTR FM NORMAL: 3.0 DPTR FM NORMAL: 1.44 2 = FOG REDUCING VISIBILITY
HIGHEST: 90 ON 5 GRTST 24HR 1.46 ON 8- 9 TO 1/4 MILE OR LESS
LOWEST: 20 ON 31 3 = THUNDER
SNOW, ICE PELLETS, HAIL 4 = ICE PELLETS
TOTAL MONTH: M 5 = HAIL
GRTST 24HR M ON M 6 = FREEZING RAIN OR DRIZZLE
GRTST DEPTH: M ON M 7 = DUSTSTORM OR SANDSTORM:
VSBY 1/2 MILE OR LESS
8 = SMOKE OR HAZE
[NO. OF DAYS WITH] [WEATHER - DAYS WITH] 9 = BLOWING SNOW
X = TORNADO
MAX 32 OR BELOW: 0 0.01 INCH OR MORE: 7
MAX 90 OR ABOVE: 1 0.10 INCH OR MORE: 5
MIN 32 OR BELOW: 11 0.50 INCH OR MORE: 2
MIN 0 OR BELOW: 0 1.00 INCH OR MORE: 1
[HDD (BASE 65) ]
TOTAL THIS MO. 485 CLEAR (SCALE 0-3) 19
DPTR FM NORMAL -95 PTCLDY (SCALE 4-7) 7
TOTAL FM JUL 1 616 CLOUDY (SCALE 8-10) 5
DPTR FM NORMAL -175
[CDD (BASE 65) ]
TOTAL THIS MO. 10
DPTR FM NORMAL 6 [PRESSURE DATA]
TOTAL FM JAN 1 1044 HIGHEST SLP 30.49 ON 31
DPTR FM NORMAL 313 LOWEST SLP 29.44 ON 25
[REMARKS]
#FINAL-10-21#