000
CXUS56 KPQR 011155
CF6MMV
PRELIMINARY LOCAL CLIMATOLOGICAL DATA (WS FORM: F-6)
STATION: MCMINNVILLE OR
MONTH: JULY
YEAR: 2021
LATITUDE: 45 11 N
LONGITUDE: 123 8 W
TEMPERATURE IN F: :PCPN: SNOW: WIND :SUNSHINE: SKY :PK WND
================================================================================
1 2 3 4 5 6A 6B 7 8 9 10 11 12 13 14 15 16 17 18
12Z AVG MX 2MIN
DY MAX MIN AVG DEP HDD CDD WTR SNW DPTH SPD SPD DIR MIN PSBL S-S WX SPD DR
================================================================================
1 79 61 70 6 0 5 0.00 M M 5.1 12 70 M M 10 14 70
2 87 60 74 9 0 9 0.00 M M 5.3 10 250 M M 3 18 17 120
3 90 56 73 8 0 8 0.00 M M 6.1 13 220 M M 0 8 28 220
4 89 55 72 7 0 7 0.00 M M 5.3 15 220 M M 0 17 270
5 88 53 71 6 0 6 0.00 M M 4.4 12 30 M M 0 8 16 330
6 93 51 72 6 0 7 0.00 M M 7.4 23 220 M M 0 1 30 230
7 78 55 67 1 0 2 0.00 M M 7.5 16 220 M M 4 21 220
8 79 52 66 0 0 1 0.00 M M 6.0 16 210 M M 4 1 19 230
9 91 50 71 5 0 6 0.00 M M 6.1 14 10 M M 0 20 20
10 91 56 74 7 0 9 0.00 M M 6.0 16 20 M M 0 19 20
11 89 51 70 3 0 5 0.00 M M 6.9 17 20 M M 0 21 10
12 89 53 71 4 0 6 0.00 M M 5.7 14 20 M M 0 19 360
13 91 53 72 5 0 7 0.00 M M 5.2 17 20 M M 0 22 20
14 84 52 68 1 0 3 0.00 M M 5.9 16 220 M M 0 23 250
15 79 52 66 -2 0 1 0.00 M M 5.3 10 240 M M 2 M M
16 80 50 65 -3 0 0 0.00 M M 5.1 15 230 M M 3 19 230
17 83 54 69 1 0 4 0.00 M M 5.7 17 240 M M 3 20 240
18 88 51 70 2 0 5 0.00 M M 6.0 14 220 M M 0 16 220
19 88 53 71 3 0 6 0.00 M M 6.3 16 240 M M 0 20 250
20 81 52 67 -1 0 2 0.00 M M 4.1 13 350 M M 4 17 350
21 77 50 64 -4 1 0 0.00 M M 4.1 13 350 M M 3 18 360
22 83 46 65 -3 0 0 0.00 M M 5.2 14 240 M M 0 18 30
23 87 49 68 0 0 3 0.00 M M 6.2 15 10 M M 0 19 30
24 93 54 74 5 0 9 0.00 M M 7.0 18 30 M M 0 22 30
25 92 56 74 5 0 9 0.00 M M 6.1 17 20 M M 0 22 20
26 92 54 73 4 0 8 0.00 M M 5.8 20 10 M M 0 24 10
27 89 56 73 4 0 8 0.00 M M 3.6 12 240 M M 0 15 230
28 95 55 75 6 0 10 0.00 M M 3.1 10 210 M M 0 14 210
29 99 58 79 10 0 14 0.00 M M 5.2 14 20 M M 0 18 30
30 98 59 79 10 0 14 T M M 5.2 15 140 M M 0 19 130
31 83 62 73 4 0 8 T M M 5.6 13 250 M M 1 15 260
================================================================================
SM 2705 1669 1 182 T M 172.5 M 37
================================================================================
AV 87.3 53.8 5.6 FASTST M M 1 MAX(MPH)
MISC ----> 23 220 30 230
================================================================================
NOTES:
# LAST OF SEVERAL OCCURRENCES
COLUMN 17 PEAK WIND IN M.P.H.
PRELIMINARY LOCAL CLIMATOLOGICAL DATA (WS FORM: F-6) , PAGE 2
STATION: MCMINNVILLE OR
MONTH: JULY
YEAR: 2021
LATITUDE: 45 11 N
LONGITUDE: 123 8 W
[TEMPERATURE DATA] [PRECIPITATION DATA] SYMBOLS USED IN COLUMN 16
AVERAGE MONTHLY: 70.5 TOTAL FOR MONTH: T 1 = FOG OR MIST
DPTR FM NORMAL: 3.2 DPTR FM NORMAL: -0.25 2 = FOG REDUCING VISIBILITY
HIGHEST: 99 ON 29 GRTST 24HR T ON 30-30 TO 1/4 MILE OR LESS
LOWEST: 46 ON 22 3 = THUNDER
SNOW, ICE PELLETS, HAIL 4 = ICE PELLETS
TOTAL MONTH: M 5 = HAIL
GRTST 24HR M ON M 6 = FREEZING RAIN OR DRIZZLE
GRTST DEPTH: M ON M 7 = DUSTSTORM OR SANDSTORM:
VSBY 1/2 MILE OR LESS
8 = SMOKE OR HAZE
[NO. OF DAYS WITH] [WEATHER - DAYS WITH] 9 = BLOWING SNOW
X = TORNADO
MAX 32 OR BELOW: 0 0.01 INCH OR MORE: 0
MAX 90 OR ABOVE: 11 0.10 INCH OR MORE: 0
MIN 32 OR BELOW: 0 0.50 INCH OR MORE: 0
MIN 0 OR BELOW: 0 1.00 INCH OR MORE: 0
[HDD (BASE 65) ]
TOTAL THIS MO. 1 CLEAR (SCALE 0-3) 24
DPTR FM NORMAL -29 PTCLDY (SCALE 4-7) 6
TOTAL FM JUL 1 1 CLOUDY (SCALE 8-10) 1
DPTR FM NORMAL -25
[CDD (BASE 65) ]
TOTAL THIS MO. 182
DPTR FM NORMAL 81 [PRESSURE DATA]
TOTAL FM JAN 1 345 HIGHEST SLP 30.25 ON 23
DPTR FM NORMAL 210 LOWEST SLP 29.84 ON 6
[REMARKS]
#FINAL-07-21#