000
CXUS54 KMOB 011334
CLMMOB
CLIMATE REPORT
NATIONAL WEATHER SERVICE MOBILE AL
834 AM CDT FRI SEP 01 2023
...................................
...THE MOBILE CLIMATE SUMMARY FOR THE MONTH OF AUGUST 2023...
CLIMATE NORMAL PERIOD: 1991 TO 2020
CLIMATE RECORD PERIOD: 1842 TO 2023
WEATHER OBSERVED NORMAL DEPART LAST YEAR`S
VALUE DATE(S) VALUE FROM VALUE DATE(S)
NORMAL
................................................................
TEMPERATURE (F)
RECORD
HIGH 106 08/26/2023
LOW 57 08/25/1891
HIGHEST 106R 08/26 97 08/16
LOWEST 69 08/17 72 08/09
08/27
AVG. MAXIMUM 98.6 90.8 7.8 89.5
AVG. MINIMUM 77.6 72.9 4.7 74.0
MEAN 88.1 81.9 6.2 81.8
DAYS MAX >= 90 31 21.6 9.4 16
DAYS MAX <= 32 0 0.0 0.0 0
DAYS MIN <= 32 0 0.0 0.0 0
DAYS MIN <= 0 0 0.0 0.0 0
PRECIPITATION (INCHES)
RECORD
MAXIMUM 15.22 1881
MINIMUM 1.04 1997
TOTALS 2.80 6.87 -4.07 11.08
DAILY AVG. 0.09 0.22 -0.13 0.37
DAYS >= .01 4 13.2 -9.2 23
DAYS >= .10 3 9.1 -6.1 14
DAYS >= .50 1 4.0 -3.0 9
DAYS >= 1.00 1 2.1 -1.1 4
GREATEST
24 HR. TOTAL 2.25 08/05 TO 08/05
DEGREE DAYS
COOLING TOTAL 724 522 202 528
SINCE 1/1 2605 1979 626 2294
................................................................
WIND (MPH)
AVERAGE WIND SPEED 5.2
HIGHEST WIND SPEED/DIRECTION 29/040 DATE 08/05
HIGHEST GUST SPEED/DIRECTION 56/040 DATE 08/05
SKY COVER
POSSIBLE SUNSHINE (PERCENT)
AVERAGE SKY COVER 0.32
NUMBER OF DAYS FAIR 21
NUMBER OF DAYS PC 10
NUMBER OF DAYS CLOUDY 0
AVERAGE RH (PERCENT) 63
WEATHER CONDITIONS. NUMBER OF DAYS WITH
THUNDERSTORM 8 MIXED PRECIP 0
HEAVY RAIN 2 RAIN 0
LIGHT RAIN 3 FREEZING RAIN 0
LT FREEZING RAIN 0 HAIL 0
HEAVY SNOW 0 SNOW 0
LIGHT SNOW 0 SLEET 0
FOG 8 FOG W/VIS <= 1/4 MILE 0
HAZE 2
- INDICATES NEGATIVE NUMBERS.
R INDICATES RECORD WAS SET OR TIED.
MM INDICATES DATA IS MISSING.
T INDICATES TRACE AMOUNT.
$$