000
CXUS53 KBIS 010930
CF6MOT
PRELIMINARY LOCAL CLIMATOLOGICAL DATA (WS FORM: F-6)
STATION: MINOT ND
MONTH: DECEMBER
YEAR: 2022
LATITUDE: 48 15 N
LONGITUDE: 101 16 W
TEMPERATURE IN F: :PCPN: SNOW: WIND :SUNSHINE: SKY :PK WND
================================================================================
1 2 3 4 5 6A 6B 7 8 9 10 11 12 13 14 15 16 17 18
12Z AVG MX 2MIN
DY MAX MIN AVG DEP HDD CDD WTR SNW DPTH SPD SPD DIR MIN PSBL S-S WX SPD DR
================================================================================
1 23 7 15 -8 50 0 0.00 M M 7.7 18 110 M M 2 25 120
2 15 -4 6 -17 59 0 M M M 19.1 31 290 M M 4 8 42 280
3 16 -5 6 -16 59 0 0.00 M M 9.6 16 220 M M 3 24 220
4 36 14 25 3 40 0 0.00 M M 18.7 32 250 M M 1 46 260
5 23 7 15 -7 50 0 M M M 11.7 28 300 M M 7 8 37 310
6 8 -13 -2 -23 67 0 M M M 9.6 17 330 M M 6 18 21 340
7 14 -19 -2 -23 67 0 0.00 M M 9.2 23 160 M M 1 30 170
8 31 4 18 -2 47 0 0.00 M M 2.8 12 210 M M 0 18 15 210
9 30 2 16 -4 49 0 0.00 M M 4.6 14 160 M M 1 1 18 150
10 36 10 23 3 42 0 0.00 M M 4.3 12 240 M M 0 1 16 250
11 27 4 16 -3 49 0 0.00 M M 10.3 18 100 M M 6 1 25 100
12 28 14 21 2 44 0 0.00 M M 4.0 12 80 M M 9 18 16 90
13 30 27 29 10 36 0 M M M 12.5 20 360 M M 10 12 25 360
14 27 18 23 5 42 0 M M M 19.6 26 290 M M 10 1268 34 290
15 18 14 16 -2 49 0 M M M 28.6 39 300 M M 10 1289 52 290
16 15 3 9 -9 56 0 M M M 25.3 32 300 M M 10 18 41 290
17 5 -9 -2 -20 67 0 T M M 14.6 23 290 M M 4 8 28 290
18 -2 -17 -9 -26 74 0 M M M 6.0 10 230 M M 7 18 12 290
19 -5 -19 -12 -29 77 0 0.02 M M 5.9 20 260 M M 6 8 23 260
20 -12 -20 -16 -33 81 0 M M M 12.8 22 250 M M 2 8 30 260
21 -13 -16 -14 -31 79 0 M M M 13.8 30 290 M M 10 8 37 290
22 -8 -16 -12 -28 77 0 M M M 26.5 35 290 M M 9 9 44 290
23 -7 -16 -11 -27 76 0 0.00 M M 20.5 32 290 M M 2 89 40 280
24 -2 -18 -10 -26 75 0 0.00 M M 6.0 14 290 M M 1 16 290
25 8 -15 -3 -19 68 0 M M M 11.9 21 140 M M 7 8 30 130
26 27 -8 10 -6 55 0 T M M 10.8 24 190 M M 8 8 30 180
27 42 18 30 15 35 0 0.00 M M 13.5 24 80 M M 5 30 210
28 27 15 21 6 44 0 T M M 8.0 23 300 M M 7 168 29 290
29 17 9 13 -2 52 0 0.00 M M 12.6 24 280 M M 10 31 280
30 23 10 17 2 48 0 0.00 M M 5.0 13 150 M M 6 12 16 150
31 24 11 18 3 47 0 0.00 M M 5.5 13 150 M M 4 17 160
================================================================================
SM 501 -8 1761 0 0.02 M 371.0 M 168
================================================================================
AV 16.2 -0.3 12.0 FASTST M M 5 MAX(MPH)
MISC ----> 39 300 52 290
================================================================================
NOTES:
# LAST OF SEVERAL OCCURRENCES
COLUMN 17 PEAK WIND IN M.P.H.
PRELIMINARY LOCAL CLIMATOLOGICAL DATA (WS FORM: F-6) , PAGE 2
STATION: MINOT ND
MONTH: DECEMBER
YEAR: 2022
LATITUDE: 48 15 N
LONGITUDE: 101 16 W
[TEMPERATURE DATA] [PRECIPITATION DATA] SYMBOLS USED IN COLUMN 16
AVERAGE MONTHLY: 8.0 TOTAL FOR MONTH: 0.02 1 = FOG OR MIST
DPTR FM NORMAL: -10.3 DPTR FM NORMAL: -0.29 2 = FOG REDUCING VISIBILITY
HIGHEST: 42 ON 27 GRTST 24HR 0.22 ON 15-16 TO 1/4 MILE OR LESS
LOWEST: -20 ON 20 3 = THUNDER
SNOW, ICE PELLETS, HAIL 4 = ICE PELLETS
TOTAL MONTH: M 5 = HAIL
GRTST 24HR M ON M 6 = FREEZING RAIN OR DRIZZLE
GRTST DEPTH: M ON M 7 = DUSTSTORM OR SANDSTORM:
VSBY 1/2 MILE OR LESS
8 = SMOKE OR HAZE
[NO. OF DAYS WITH] [WEATHER - DAYS WITH] 9 = BLOWING SNOW
X = TORNADO
MAX 32 OR BELOW: 28 0.01 INCH OR MORE: 1
MAX 90 OR ABOVE: 0 0.10 INCH OR MORE: 0
MIN 32 OR BELOW: 31 0.50 INCH OR MORE: 0
MIN 0 OR BELOW: 14 1.00 INCH OR MORE: 0
[HDD (BASE 65) ]
TOTAL THIS MO. 1761 CLEAR (SCALE 0-3) 10
DPTR FM NORMAL 312 PTCLDY (SCALE 4-7) 13
TOTAL FM JUL 1 3618 CLOUDY (SCALE 8-10) 8
DPTR FM NORMAL 282
[CDD (BASE 65) ]
TOTAL THIS MO. 0
DPTR FM NORMAL 0 [PRESSURE DATA]
TOTAL FM JAN 1 611 HIGHEST SLP 30.75 ON 23
DPTR FM NORMAL 59 LOWEST SLP 29.28 ON 28
[REMARKS]
#FINAL-12-22#