000
CXUS51 KPHI 010815
CF6MPO
PRELIMINARY LOCAL CLIMATOLOGICAL DATA (WS FORM: F-6)
STATION: MOUNT POCONO PA
MONTH: APRIL
YEAR: 2022
LATITUDE: 41 8 N
LONGITUDE: 75 24 W
TEMPERATURE IN F: :PCPN: SNOW: WIND :SUNSHINE: SKY :PK WND
================================================================================
1 2 3 4 5 6A 6B 7 8 9 10 11 12 13 14 15 16 17 18
12Z AVG MX 2MIN
DY MAX MIN AVG DEP HDD CDD WTR SNW DPTH SPD SPD DIR MIN PSBL S-S WX SPD DR
================================================================================
1 53 31 42 4 23 0 0.35 M M 18.4 32 300 M M 10 1 42 310
2 46 28 37 -2 28 0 0.00 M M 10.3 26 310 M M 4 34 300
3 38 31 35 -4 30 0 0.33 M M 9.7 25 300 M M 8 12 36 320
4 43 27 35 -5 30 0 0.00 M M 10.3 25 310 M M 8 34 300
5 54 29 42 2 23 0 0.02 M M 5.9 16 150 M M 7 1 21 120
6 49 40 45 5 20 0 0.59 M M 8.9 16 60 M M 10 12 24 70
7 45 39 42 1 23 0 2.15 M M 11.4 18 120 M M 10 123 26 90
8 53 38 46 5 19 0 0.06 M M 10.4 24 250 M M 9 1 33 250
9 47 35 41 -1 24 0 0.17 M M 9.0 22 270 M M 9 28 270
10 40 30 35 -7 30 0 0.02 M M 16.6 28 300 M M 9 37 310
11 57 27 42 -1 23 0 T M M 7.5 16 210 M M 3 19 210
12 63 38 51 8 14 0 0.07 M M 8.7 22 320 M M 4 30 300
13 74 37 56 12 9 0 0.00 M M 7.3 18 220 M M 4 25 190
14 77 37 57 13 8 0 0.05 M M 11.4 29 260 M M 4 36 270
15 63 31 47 3 18 0 0.00 M M 11.2 28 210 M M 0 37 230
16 61 37 49 4 16 0 0.32 M M 14.5 32 300 M M 8 42 230
17 42 27 35 -10 30 0 0.00 M M 14.3 26 320 M M 5 37 300
18 43 24 34 -12 31 0 1.30 M M 12.1 21 140 M M 4 16 31 130
19 38 31 35 -11 30 0 0.57 M M 18.7 31 270 M M 9 16 39 270
20 50 30 40 -6 25 0 0.00 M M 10.9 24 320 M M 4 31 270
21 53 35 44 -3 21 0 T M M 10.1 21 160 M M 4 31 180
22 58 44 51 4 14 0 0.00 M M 11.9 26 320 M M 2 34 290
23 59 39 49 1 16 0 T M M 4.8 14 230 M M 8 18 210
24 67 42 55 7 10 0 0.00 M M 7.8 13 150 M M 0 20 150
25 55 39 47 -1 18 0 0.00 M M 9.4 16 130 M M 9 8 21 110
26 58 42 50 1 15 0 0.07 M M 7.3 24 310 M M 10 1 29 310
27 44 30 37 -12 28 0 T M M 16.7 26 310 M M 8 39 280
28 46 29 38 -12 27 0 0.00 M M 22.7 37 310 M M 3 47 320
29 53 31 42 -8 23 0 0.00 M M 18.6 31 320 M M 0 37 300
30 60 26 43 -7 22 0 0.00 M M 9.8 22 300 M M 0 27 310
================================================================================
SM 1589 1004 648 0 6.07 M 346.6 M 173
================================================================================
AV 53.0 33.5 11.6 FASTST M M 6 MAX(MPH)
MISC ----> 37 310 47 320
================================================================================
NOTES:
# LAST OF SEVERAL OCCURRENCES
COLUMN 17 PEAK WIND IN M.P.H.
PRELIMINARY LOCAL CLIMATOLOGICAL DATA (WS FORM: F-6) , PAGE 2
STATION: MOUNT POCONO PA
MONTH: APRIL
YEAR: 2022
LATITUDE: 41 8 N
LONGITUDE: 75 24 W
[TEMPERATURE DATA] [PRECIPITATION DATA] SYMBOLS USED IN COLUMN 16
AVERAGE MONTHLY: 43.2 TOTAL FOR MONTH: 6.07 1 = FOG OR MIST
DPTR FM NORMAL: -1.2 DPTR FM NORMAL: 1.83 2 = FOG REDUCING VISIBILITY
HIGHEST: 77 ON 14 GRTST 24HR 2.16 ON 6- 7 TO 1/4 MILE OR LESS
LOWEST: 24 ON 18 3 = THUNDER
SNOW, ICE PELLETS, HAIL 4 = ICE PELLETS
TOTAL MONTH: M 5 = HAIL
GRTST 24HR M ON M 6 = FREEZING RAIN OR DRIZZLE
GRTST DEPTH: M ON M 7 = DUSTSTORM OR SANDSTORM:
VSBY 1/2 MILE OR LESS
8 = SMOKE OR HAZE
[NO. OF DAYS WITH] [WEATHER - DAYS WITH] 9 = BLOWING SNOW
X = TORNADO
MAX 32 OR BELOW: 0 0.01 INCH OR MORE: 14
MAX 90 OR ABOVE: 0 0.10 INCH OR MORE: 8
MIN 32 OR BELOW: 16 0.50 INCH OR MORE: 4
MIN 0 OR BELOW: 0 1.00 INCH OR MORE: 2
[HDD (BASE 65) ]
TOTAL THIS MO. 648 CLEAR (SCALE 0-3) 6
DPTR FM NORMAL 29 PTCLDY (SCALE 4-7) 13
TOTAL FM JUL 1 6422 CLOUDY (SCALE 8-10) 11
DPTR FM NORMAL -396
[CDD (BASE 65) ]
TOTAL THIS MO. 0
DPTR FM NORMAL -2 [PRESSURE DATA]
TOTAL FM JAN 1 0 HIGHEST SLP 30.47 ON 20
DPTR FM NORMAL -2 LOWEST SLP 29.46 ON 1
[REMARKS]
#FINAL-04-22#