000
CXUS51 KPHI 010924
CLMMPO
CLIMATE REPORT
NATIONAL WEATHER SERVICE MOUNT HOLLY NJ
524 AM EDT WED NOV 01 2023
...................................
...THE MOUNT POCONO PA CLIMATE SUMMARY FOR THE MONTH OF OCTOBER 2023...
CLIMATE NORMAL PERIOD: 1991 TO 2020
CLIMATE RECORD PERIOD: 1901 TO 2023
WEATHER OBSERVED NORMAL DEPART LAST YEAR`S
VALUE DATE(S) VALUE FROM VALUE
NORMAL
..............................................................
TEMPERATURE (F)
RECORD
HIGH 89 10/02/1927
LOW 12 10/31/1917
HIGHEST 79 MM MM 72
LOWEST 29 MM MM 24
AVG. MAXIMUM 61.7 57.1 4.6 57.4
AVG. MINIMUM 42.8 38.9 3.9 37.1
MEAN 52.2 48.0 4.2 47.2
DAYS MAX >= 90 0 0.0 0.0 0
DAYS MAX <= 32 0 0.0 0.0 0
DAYS MIN <= 32 3 6.7 -3.7 8
DAYS MIN <= 0 0 0.0 0.0 0
PRECIPITATION (INCHES)
RECORD
MAXIMUM 12.80 2005
MINIMUM 0.23 1963
TOTALS 4.30 5.15 -0.85 4.72
DAILY AVG. 0.14 0.17 -0.03 0.15
DAYS >= .01 11 13.4 -2.4 12
DAYS >= .10 6 7.1 -1.1 6
DAYS >= .50 2 3.2 -1.2 3
DAYS >= 1.00 2 1.6 0.4 1
GREATEST
24 HR. TOTAL 1.71 10/06 TO 10/07 2.59
DEGREE DAYS
HEATING TOTAL 310 528 -218 548
SINCE 7/1 522 806 -284 MM
COOLING TOTAL 0 1 -1 0
SINCE 1/1 278 288 -10 MM
..............................................................
WIND (MPH)
AVERAGE WIND SPEED 8.4
HIGHEST WIND SPEED/DIRECTION 29/290 DATE 10/22
29/290 10/23
HIGHEST GUST SPEED/DIRECTION 39/290 DATE 10/22
SKY COVER
POSSIBLE SUNSHINE (PERCENT) MM
AVERAGE SKY COVER 0.48
NUMBER OF DAYS FAIR 6
NUMBER OF DAYS PC 6
NUMBER OF DAYS CLOUDY 4
AVERAGE RH (PERCENT) 80
WEATHER CONDITIONS. NUMBER OF DAYS WITH
THUNDERSTORM 0 MIXED PRECIP 0
HEAVY RAIN 1 RAIN 5
LIGHT RAIN 14 FREEZING RAIN 0
LT FREEZING RAIN 0 HEAVY SNOW 0
SNOW 0 LIGHT SNOW 1
SLEET 0 FOG 12
FOG W/VIS <= 1/4 MILE 5 HAZE 0
- INDICATES NEGATIVE NUMBERS.
R INDICATES RECORD WAS SET OR TIED.
MM INDICATES DATA IS MISSING.
T INDICATES TRACE AMOUNT.
$$
NOTE: ALL TEMPERATURE DATA FOR MPO IS MISSING FROM THE 12TH THROUGH
16TH AND MINIMUM TEMPERATURE MISSING FOR THE 17TH DUE TO ASOS
FAILURE. THERE IS NO BACKUP STATION FOR TEMPERATURE. AVERAGE
TEMPERATURES WERE CALUCLATED WITHOUT THESE DATA, SO THEY SHOULD BE
USED WITH CAUTION. A DOCUMENTED BACKUP GAUGE IS AVAILABLE FOR
PRECIPITATION, SO THERE IS NO MISSING PRECIPITATION DATA.
STAARMANN