000
CXUS51 KBTV 010700
CF6MPV
PRELIMINARY LOCAL CLIMATOLOGICAL DATA (WS FORM: F-6)
STATION: MONTPELIER VT
MONTH: APRIL
YEAR: 2023
LATITUDE: 44 12 N
LONGITUDE: 72 34 W
TEMPERATURE IN F: :PCPN: SNOW: WIND :SUNSHINE: SKY :PK WND
================================================================================
1 2 3 4 5 6A 6B 7 8 9 10 11 12 13 14 15 16 17 18
12Z AVG MX 2MIN
DY MAX MIN AVG DEP HDD CDD WTR SNW DPTH SPD SPD DIR MIN PSBL S-S WX SPD DR
================================================================================
1 61 34 48 14 17 0 0.16 M M 8.9 20 310 M M 8 1 28 260
2 37 19 28 -6 37 0 T M M 11.5 29 330 M M 4 1 39 340
3 48 16 32 -3 33 0 0.06 M M 7.2 23 170 M M 5 1 31 180
4 47 33 40 5 25 0 T M M 1.2 12 20 M M 9 12 16 20
5 42 33 38 2 27 0 0.14 M M 10.4 30 150 M M 10 40 150
6 61 35 48 12 17 0 0.02 M M 5.0 15 240 M M 9 1 22 220
7 44 28 36 -1 29 0 0.00 M M 13.1 30 300 M M 2 44 300
8 40 24 32 -5 33 0 0.00 M M 7.9 21 340 M M 0 26 340
9 49 18 34 -4 31 0 0.00 M M 4.1 17 350 M M 0 22 340
10 63 22 43 5 22 0 0.00 M M 3.5 13 280 M M 0 20 280
11 66 34 50 11 15 0 0.00 M M 9.7 23 310 M M 5 35 320
12 61 39 50 11 15 0 0.00 M M 10.6 25 300 M M 4 37 310
13 83 35 59 19 6 0 T M M 3.9 17 300 M M 1 25 310
14 81 51 66 26 0 1 0.00 M M 2.5 10 70 M M 0 12 40
15 79 46 63 22 2 0 0.00 M M 6.0 16 150 M M 0 23 180
16 74 48 61 20 4 0 0.00 M M 7.4 17 170 M M 2 27 180
17 59 44 52 10 13 0 0.22 M M 9.2 18 160 M M 10 1 25 190
18 46 37 42 0 23 0 0.02 M M 4.6 15 240 M M 10 1 21 260
19 43 33 38 -5 27 0 T M M 7.8 15 310 M M 10 22 310
20 51 32 42 -1 23 0 0.00 M M 8.6 22 310 M M 6 30 330
21 68 34 51 7 14 0 T M M 7.7 18 160 M M 3 23 160
22 59 44 52 8 13 0 0.01 M M 11.9 23 180 M M 7 33 180
23 45 40 43 -2 22 0 1.42 M M 5.1 20 130 M M 10 1 28 170
24 50 39 45 0 20 0 0.23 M M 2.7 10 120 M M 10 12 13 120
25 50 37 44 -2 21 0 0.12 M M 1.6 13 300 M M 9 12 17 310
26 55 34 45 -1 20 0 T M M 3.9 15 260 M M 8 12 20 240
27 54 34 44 -2 21 0 0.02 M M 2.3 10 340 M M 6 12 14 10
28 64 29 47 0 18 0 0.00 M M 5.2 16 170 M M 0 128 22 120
29 55 40 48 1 17 0 0.06 M M 7.9 24 160 M M 7 29 170
30 52 41 47 -1 18 0 0.18 M M 7.3 17 170 M M 10 1 22 150
================================================================================
SM 1687 1033 583 1 2.66 M 198.7 M 165
================================================================================
AV 56.2 34.4 6.6 FASTST M M 6 MAX(MPH)
MISC ----> # 30 150 44 300
================================================================================
NOTES:
# LAST OF SEVERAL OCCURRENCES
COLUMN 17 PEAK WIND IN M.P.H.
PRELIMINARY LOCAL CLIMATOLOGICAL DATA (WS FORM: F-6) , PAGE 2
STATION: MONTPELIER VT
MONTH: APRIL
YEAR: 2023
LATITUDE: 44 12 N
LONGITUDE: 72 34 W
[TEMPERATURE DATA] [PRECIPITATION DATA] SYMBOLS USED IN COLUMN 16
AVERAGE MONTHLY: 45.3 TOTAL FOR MONTH: 2.66 1 = FOG OR MIST
DPTR FM NORMAL: 4.4 DPTR FM NORMAL: -0.38 2 = FOG REDUCING VISIBILITY
HIGHEST: 83 ON 13 GRTST 24HR 1.42 ON 22-23 TO 1/4 MILE OR LESS
LOWEST: 16 ON 3 3 = THUNDER
SNOW, ICE PELLETS, HAIL 4 = ICE PELLETS
TOTAL MONTH: M 5 = HAIL
GRTST 24HR M ON M 6 = FREEZING RAIN OR DRIZZLE
GRTST DEPTH: M ON M 7 = DUSTSTORM OR SANDSTORM:
VSBY 1/2 MILE OR LESS
8 = SMOKE OR HAZE
[NO. OF DAYS WITH] [WEATHER - DAYS WITH] 9 = BLOWING SNOW
X = TORNADO
MAX 32 OR BELOW: 0 0.01 INCH OR MORE: 13
MAX 90 OR ABOVE: 0 0.10 INCH OR MORE: 7
MIN 32 OR BELOW: 8 0.50 INCH OR MORE: 1
MIN 0 OR BELOW: 0 1.00 INCH OR MORE: 1
[HDD (BASE 65) ]
TOTAL THIS MO. 583 CLEAR (SCALE 0-3) 9
DPTR FM NORMAL -141 PTCLDY (SCALE 4-7) 10
TOTAL FM JUL 1 6336 CLOUDY (SCALE 8-10) 11
DPTR FM NORMAL -1508
[CDD (BASE 65) ]
TOTAL THIS MO. 1
DPTR FM NORMAL 0 [PRESSURE DATA]
TOTAL FM JAN 1 1 HIGHEST SLP M ON M
DPTR FM NORMAL 0 LOWEST SLP 29.24 ON 1
[REMARKS]
#FINAL-04-23#