000
CXUS51 KLWX 010815
CF6MRB
PRELIMINARY LOCAL CLIMATOLOGICAL DATA (WS FORM: F-6)
STATION: MARTINSBURG WV
MONTH: AUGUST
YEAR: 2023
LATITUDE: 39 24 N
LONGITUDE: 77 58 W
TEMPERATURE IN F: :PCPN: SNOW: WIND :SUNSHINE: SKY :PK WND
================================================================================
1 2 3 4 5 6A 6B 7 8 9 10 11 12 13 14 15 16 17 18
12Z AVG MX 2MIN
DY MAX MIN AVG DEP HDD CDD WTR SNW DPTH SPD SPD DIR MIN PSBL S-S WX SPD DR
================================================================================
1 79 54 67 -8 0 2 0.00 M M 3.1 14 320 M M 1 23 340
2 79 50 65 -10 0 0 0.00 M M 2.3 10 150 M M 1 1 13 150
3 82 58 70 -5 0 5 T M M 5.9 17 180 M M 5 1 24 200
4 84 63 74 -1 0 9 M M M 4.1 15 40 M M 7 13 18 30
5 84 60 72 -3 0 7 0.00 M M 2.3 10 70 M M 3 12 16 10
6 86 64 75 0 0 10 M 0.0 0 4.0 15 160 M M 5 13 23 130
7 90 63 77 2 0 12 1.76 0.0 0 5.6 32 310 M M 2 1238 44 300
8 83 64 74 -1 0 9 0.00 M 0 10.8 23 280 M M 5 33 310
9 86 64 75 0 0 10 T M M 7.9 18 260 M M 2 23 280
10 80 65 73 -1 0 8 0.06 M M 5.2 17 290 M M 6 1 23 300
11 84 62 73 -1 0 8 0.00 M M 6.5 17 270 M M 3 28 270
12 90 62 76 2 0 11 0.04 M M 3.5 14 260 M M 3 13 17 240
13 87 65 76 2 0 11 0.01 M M 7.0 21 260 M M 1 26 260
14 87 62 75 1 0 10 0.27 M M 2.5 15 230 M M 4 13 20 230
15 88 67 78 4 0 13 T M M 7.8 21 260 M M 3 26 310
16 81 59 70 -4 0 5 0.00 M M 4.5 14 350 M M 5 22 350
17 87 61 74 0 0 9 0.00 M M 5.1 15 160 M M 5 1 21 140
18 80 63 72 -2 0 7 T M M 11.5 25 300 M M 3 3 36 320
19 80 50 65 -9 0 0 0.00 M M 3.9 13 280 M M 0 18 300
20 87 51 69 -5 0 4 0.00 M M 0.9 9 150 M M 0 16 190
21 89 59 74 1 0 9 0.00 M M 3.9 14 330 M M 0 19 280
22 81 56 69 -4 0 4 0.00 M M 7.4 17 30 M M 1 30 350
23 79 49 64 -9 1 0 T M M 2.0 13 180 M M 2 16 170
24 82 63 73 0 0 8 T M M 3.2 12 140 M M 6 17 140
25 93 66 80 7 0 15 0.27 M M 5.4 23 320 M M 2 138 30 320
26 87 68 78 5 0 13 0.00 M M 5.9 14 350 M M 2 21 350
27 87 65 76 4 0 11 T M M 2.9 10 40 M M 7 14 40
28 81 67 74 2 0 9 T M M 4.1 13 100 M M 7 17 90
29 78 67 73 1 0 8 T M M 2.3 9 90 M M 9 1 12 90
30 82 63 73 1 0 8 T M M 8.7 18 340 M M 3 8 35 330
31 79 58 69 -3 0 4 0.00 0.0 0 8.7 20 30 M M 0 30 360
================================================================================
SM 2602 1888 1 239 2.41 0.0 158.9 M 103
================================================================================
AV 83.9 60.9 5.1 FASTST M M 3 MAX(MPH)
MISC ----> 32 310 44 300
================================================================================
NOTES:
# LAST OF SEVERAL OCCURRENCES
COLUMN 17 PEAK WIND IN M.P.H.
PRELIMINARY LOCAL CLIMATOLOGICAL DATA (WS FORM: F-6) , PAGE 2
STATION: MARTINSBURG WV
MONTH: AUGUST
YEAR: 2023
LATITUDE: 39 24 N
LONGITUDE: 77 58 W
[TEMPERATURE DATA] [PRECIPITATION DATA] SYMBOLS USED IN COLUMN 16
AVERAGE MONTHLY: 72.4 TOTAL FOR MONTH: 2.41 1 = FOG OR MIST
DPTR FM NORMAL: -1.4 DPTR FM NORMAL: -0.61 2 = FOG REDUCING VISIBILITY
HIGHEST: 93 ON 25 GRTST 24HR 1.76 ON 7- 8 TO 1/4 MILE OR LESS
LOWEST: 49 ON 23 3 = THUNDER
SNOW, ICE PELLETS, HAIL 4 = ICE PELLETS
TOTAL MONTH: 0.0 INCH 5 = HAIL
GRTST 24HR 0.0 6 = FREEZING RAIN OR DRIZZLE
GRTST DEPTH: 0 7 = DUSTSTORM OR SANDSTORM:
VSBY 1/2 MILE OR LESS
8 = SMOKE OR HAZE
[NO. OF DAYS WITH] [WEATHER - DAYS WITH] 9 = BLOWING SNOW
X = TORNADO
MAX 32 OR BELOW: 0 0.01 INCH OR MORE: 6
MAX 90 OR ABOVE: 3 0.10 INCH OR MORE: 3
MIN 32 OR BELOW: 0 0.50 INCH OR MORE: 1
MIN 0 OR BELOW: 0 1.00 INCH OR MORE: 1
[HDD (BASE 65) ]
TOTAL THIS MO. 1 CLEAR (SCALE 0-3) 17
DPTR FM NORMAL -2 PTCLDY (SCALE 4-7) 13
TOTAL FM JUL 1 1 CLOUDY (SCALE 8-10) 1
DPTR FM NORMAL 1
[CDD (BASE 65) ]
TOTAL THIS MO. 239
DPTR FM NORMAL -35 [PRESSURE DATA]
TOTAL FM JAN 1 636 HIGHEST SLP 30.24 ON 2
DPTR FM NORMAL -248 LOWEST SLP 29.62 ON 10
[REMARKS]
#FINAL-08-23#