000
CXUS56 KMTR 010900
CF6MRY
PRELIMINARY LOCAL CLIMATOLOGICAL DATA (WS FORM: F-6)
STATION: MONTEREY AIRPORT
MONTH: SEPTEMBER
YEAR: 2022
LATITUDE: 36 34 N
LONGITUDE: 121 51 W
TEMPERATURE IN F: :PCPN: SNOW: WIND :SUNSHINE: SKY :PK WND
================================================================================
1 2 3 4 5 6A 6B 7 8 9 10 11 12 13 14 15 16 17 18
12Z AVG MX 2MIN
DY MAX MIN AVG DEP HDD CDD WTR SNW DPTH SPD SPD DIR MIN PSBL S-S WX SPD DR
================================================================================
1 66 55 61 -2 4 0 0.00 M M 4.1 12 340 M M 4 18 15 340
2 66 54 60 -3 5 0 0.00 M M 5.9 15 320 M M 4 128 22 320
3 72 54 63 0 2 0 0.00 M M 3.9 12 270 M M 0 17 270
4 74 54 64 1 1 0 0.00 M M 2.8 8 330 M M 0 8 12 340
5 82 58 70 7 0 5 0.00 M M 2.3 7 30 M M 0 8 12 340
6 82 60 71 8 0 6 0.00 M M 2.8 9 270 M M 0 8 13 20
7 91 61 76 13 0 11 0.00 M M 2.8 13 20 M M 0 8 19 30
8 81 60 71 8 0 6 0.00 M M 3.1 8 10 M M 0 12 20
9 72 57 65 2 0 0 0.00 M M 4.7 14 330 M M 2 18 18 330
10 73 59 66 3 0 1 T M M 3.9 9 310 M M 5 18 14 330
11 76 64 70 8 0 5 0.00 M M 5.0 13 330 M M 1 18 18 330
12 69 59 64 2 1 0 0.00 M M 8.6 16 270 M M 4 21 250
13 70 58 64 2 1 0 0.00 M M 8.1 16 270 M M 2 26 310
14 72 56 64 2 1 0 0.00 M M 6.1 15 270 M M 2 22 290
15 67 55 61 -1 4 0 0.00 M M 5.5 16 310 M M 5 12 22 270
16 67 57 62 0 3 0 0.00 M M 7.7 15 270 M M 5 21 270
17 68 57 63 1 2 0 0.00 M M 7.6 16 270 M M 6 23 290
18 72 58 65 3 0 0 1.04 M M 7.5 24 140 M M 7 1 32 190
19 72 60 66 4 0 1 0.02 M M 5.4 17 240 M M 8 1 24 230
20 75 56 66 4 0 1 0.00 M M 6.4 17 260 M M 4 21 250
21 73 57 65 3 0 0 0.00 M M 5.0 15 260 M M 5 21 270
22 69 53 61 -1 4 0 0.00 M M 4.6 13 270 M M 0 16 280
23 75 53 64 2 1 0 0.00 M M 3.0 10 330 M M 0 12 15 340
24 71 52 62 0 3 0 0.00 M M 4.1 16 260 M M 5 12 20 260
25 66 57 62 0 3 0 0.00 M M 4.5 13 320 M M 9 1 17 310
26 63 56 60 -2 5 0 0.00 M M 4.8 13 310 M M 10 18 17 260
27 65 54 60 -2 5 0 0.00 M M 5.9 13 300 M M 5 18 18 300
28 70 53 62 0 3 0 0.00 M M 4.7 14 280 M M 3 128 19 300
29 67 56 62 0 3 0 0.00 M M 5.2 13 320 M M 3 1 18 340
30 74 51 63 1 2 0 0.00 M M 4.5 16 270 M M 6 12 20 270
================================================================================
SM 2160 1694 53 36 1.06 M 150.5 M 105
================================================================================
AV 72.0 56.5 5.0 FASTST M M 4 MAX(MPH)
MISC ----> 24 140 32 190
================================================================================
NOTES:
# LAST OF SEVERAL OCCURRENCES
COLUMN 17 PEAK WIND IN M.P.H.
PRELIMINARY LOCAL CLIMATOLOGICAL DATA (WS FORM: F-6) , PAGE 2
STATION: MONTEREY AIRPORT
MONTH: SEPTEMBER
YEAR: 2022
LATITUDE: 36 34 N
LONGITUDE: 121 51 W
[TEMPERATURE DATA] [PRECIPITATION DATA] SYMBOLS USED IN COLUMN 16
AVERAGE MONTHLY: 64.2 TOTAL FOR MONTH: 1.06 1 = FOG OR MIST
DPTR FM NORMAL: 1.8 DPTR FM NORMAL: 0.99 2 = FOG REDUCING VISIBILITY
HIGHEST: 91 ON 7 GRTST 24HR 1.06 ON 18-19 TO 1/4 MILE OR LESS
LOWEST: 51 ON 30 3 = THUNDER
SNOW, ICE PELLETS, HAIL 4 = ICE PELLETS
TOTAL MONTH: M 5 = HAIL
GRTST 24HR M ON M 6 = FREEZING RAIN OR DRIZZLE
GRTST DEPTH: M ON M 7 = DUSTSTORM OR SANDSTORM:
VSBY 1/2 MILE OR LESS
8 = SMOKE OR HAZE
[NO. OF DAYS WITH] [WEATHER - DAYS WITH] 9 = BLOWING SNOW
X = TORNADO
MAX 32 OR BELOW: 0 0.01 INCH OR MORE: 2
MAX 90 OR ABOVE: 1 0.10 INCH OR MORE: 1
MIN 32 OR BELOW: 0 0.50 INCH OR MORE: 1
MIN 0 OR BELOW: 0 1.00 INCH OR MORE: 1
[HDD (BASE 65) ]
TOTAL THIS MO. 53 CLEAR (SCALE 0-3) 13
DPTR FM NORMAL -49 PTCLDY (SCALE 4-7) 15
TOTAL FM JUL 1 165 CLOUDY (SCALE 8-10) 2
DPTR FM NORMAL -141
[CDD (BASE 65) ]
TOTAL THIS MO. 36
DPTR FM NORMAL 14 [PRESSURE DATA]
TOTAL FM JAN 1 123 HIGHEST SLP M ON M
DPTR FM NORMAL 67 LOWEST SLP 29.60 ON 9
[REMARKS]
#FINAL-09-22#