000
CXUS56 KMTR 010900
CF6MRY
PRELIMINARY LOCAL CLIMATOLOGICAL DATA (WS FORM: F-6)
STATION: MONTEREY AIRPORT
MONTH: SEPTEMBER
YEAR: 2021
LATITUDE: 36 34 N
LONGITUDE: 121 51 W
TEMPERATURE IN F: :PCPN: SNOW: WIND :SUNSHINE: SKY :PK WND
================================================================================
1 2 3 4 5 6A 6B 7 8 9 10 11 12 13 14 15 16 17 18
12Z AVG MX 2MIN
DY MAX MIN AVG DEP HDD CDD WTR SNW DPTH SPD SPD DIR MIN PSBL S-S WX SPD DR
================================================================================
1 70 60 65 2 0 0 0.00 M M 9.2 20 240 M M 7 25 250
2 69 59 64 1 1 0 0.00 M M 7.2 18 240 M M 7 25 230
3 71 57 64 1 1 0 0.00 M M 5.3 14 240 M M 6 8 20 230
4 69 56 63 0 2 0 0.00 M M 4.6 10 330 M M 6 18 14 330
5 71 54 63 0 2 0 0.00 M M 4.1 10 320 M M 5 128 13 310
6 73 56 65 2 0 0 0.00 M M 3.7 9 330 M M 5 128 12 320
7 79 58 69 6 0 4 0.00 M M 4.7 14 230 M M 4 128 17 240
8 75 60 68 5 0 3 0.00 M M 4.8 14 250 M M 3 128 17 240
9 75 60 68 5 0 3 0.00 M M 5.5 15 320 M M 5 18 18 310
10 70 58 64 1 1 0 T M M 6.3 14 260 M M 5 18 17 330
11 70 58 64 2 1 0 0.00 M M 5.0 15 300 M M 4 18 19 290
12 71 57 64 2 1 0 0.00 M M 3.6 10 320 M M 5 128 14 300
13 69 57 63 1 2 0 0.00 M M 4.9 13 290 M M 6 128 17 300
14 72 55 64 2 1 0 0.00 M M 5.6 15 240 M M 6 18 18 240
15 69 56 63 1 2 0 0.00 M M 5.0 16 240 M M 7 1 19 240
16 67 55 61 -1 4 0 0.00 M M 7.3 21 240 M M 8 29 240
17 68 57 63 1 2 0 0.00 M M 7.6 21 240 M M 7 26 240
18 72 60 66 4 0 1 0.00 M M 4.5 13 260 M M 6 16 290
19 75 58 67 5 0 2 T M M 4.4 15 280 M M 4 1 20 280
20 80 56 68 6 0 3 0.00 M M 4.9 10 110 M M 0 14 320
21 88 56 72 10 0 7 0.00 M M 3.5 18 240 M M 1 128 22 240
22 76 54 65 3 0 0 0.00 M M 3.8 13 260 M M 3 128 17 320
23 72 55 64 2 1 0 0.00 M M 3.8 9 320 M M 6 18 12 340
24 71 55 63 1 2 0 0.00 M M 4.3 15 240 M M 7 1 18 240
25 68 58 63 1 2 0 0.00 M M 5.6 13 250 M M 7 1 16 240
26 66 59 63 1 2 0 0.00 M M 5.6 13 290 M M 8 17 290
27 72 55 64 2 1 0 0.01 M M 5.0 15 270 M M 5 1 18 280
28 68 54 61 -1 4 0 0.00 M M 5.7 14 260 M M 1 18 260
29 66 51 59 -3 6 0 0.00 M M 5.5 12 120 M M 2 8 15 330
30 78 53 66 4 0 1 0.00 M M 3.5 10 270 M M 0 12 260
================================================================================
SM 2160 1697 38 24 0.01 M 154.5 M 146
================================================================================
AV 72.0 56.6 5.2 FASTST M M 5 MAX(MPH)
MISC ----> # 21 240 29 240
================================================================================
NOTES:
# LAST OF SEVERAL OCCURRENCES
COLUMN 17 PEAK WIND IN M.P.H.
PRELIMINARY LOCAL CLIMATOLOGICAL DATA (WS FORM: F-6) , PAGE 2
STATION: MONTEREY AIRPORT
MONTH: SEPTEMBER
YEAR: 2021
LATITUDE: 36 34 N
LONGITUDE: 121 51 W
[TEMPERATURE DATA] [PRECIPITATION DATA] SYMBOLS USED IN COLUMN 16
AVERAGE MONTHLY: 64.3 TOTAL FOR MONTH: 0.01 1 = FOG OR MIST
DPTR FM NORMAL: 1.9 DPTR FM NORMAL: -0.06 2 = FOG REDUCING VISIBILITY
HIGHEST: 88 ON 21 GRTST 24HR 0.01 ON 27-27 TO 1/4 MILE OR LESS
LOWEST: 51 ON 29 3 = THUNDER
SNOW, ICE PELLETS, HAIL 4 = ICE PELLETS
TOTAL MONTH: M 5 = HAIL
GRTST 24HR M ON M 6 = FREEZING RAIN OR DRIZZLE
GRTST DEPTH: M ON M 7 = DUSTSTORM OR SANDSTORM:
VSBY 1/2 MILE OR LESS
8 = SMOKE OR HAZE
[NO. OF DAYS WITH] [WEATHER - DAYS WITH] 9 = BLOWING SNOW
X = TORNADO
MAX 32 OR BELOW: 0 0.01 INCH OR MORE: 1
MAX 90 OR ABOVE: 0 0.10 INCH OR MORE: 0
MIN 32 OR BELOW: 0 0.50 INCH OR MORE: 0
MIN 0 OR BELOW: 0 1.00 INCH OR MORE: 0
[HDD (BASE 65) ]
TOTAL THIS MO. 38 CLEAR (SCALE 0-3) 6
DPTR FM NORMAL -64 PTCLDY (SCALE 4-7) 24
TOTAL FM JUL 1 101 CLOUDY (SCALE 8-10) 0
DPTR FM NORMAL -205
[CDD (BASE 65) ]
TOTAL THIS MO. 24
DPTR FM NORMAL 2 [PRESSURE DATA]
TOTAL FM JAN 1 94 HIGHEST SLP M ON M
DPTR FM NORMAL 38 LOWEST SLP 29.83 ON 1
[REMARKS]
#FINAL-09-21#