000
CXUS54 KHUN 010910
CF6MSL
PRELIMINARY LOCAL CLIMATOLOGICAL DATA (WS FORM: F-6)
STATION: MUSCLE SHOALS
MONTH: FEBRUARY
YEAR: 2022
LATITUDE: 34 45 N
LONGITUDE: 87 37 W
TEMPERATURE IN F: :PCPN: SNOW: WIND :SUNSHINE: SKY :PK WND
================================================================================
1 2 3 4 5 6A 6B 7 8 9 10 11 12 13 14 15 16 17 18
12Z AVG MX 2MIN
DY MAX MIN AVG DEP HDD CDD WTR SNW DPTH SPD SPD DIR MIN PSBL S-S WX SPD DR
================================================================================
1 68 34 51 7 14 0 0.00 0.0 0 8.8 22 160 M M 3 26 160
2 57 50 54 10 11 0 0.84 0.0 0 9.2 21 160 M M 10 1 28 160
3 57 36 47 3 18 0 0.75 0.0 0 7.5 26 280 M M 10 123 33 280
4 37 27 32 -12 33 0 0.01 0.0 0 8.4 14 320 M M 10 1 19 300
5 42 22 32 -13 33 0 0.00 0.0 0 5.6 13 20 M M 1 17 20
6 54 23 39 -6 26 0 0.00 0.0 0 2.3 10 220 M M 0 14 160
7 55 25 40 -5 25 0 0.00 0.0 0 4.1 15 290 M M 0 20 300
8 59 25 42 -3 23 0 0.00 0.0 0 3.3 13 290 M M 0 1 15 310
9 65 34 50 5 15 0 0.00 0.0 0 7.1 20 290 M M 0 25 230
10 67 32 50 4 15 0 0.00 0.0 0 2.2 12 310 M M 1 16 320
11 71 37 54 8 11 0 0.00 0.0 0 9.9 25 230 M M 0 36 250
12 58 32 45 -1 20 0 0.01 T 0 8.2 15 340 M M 8 8 24 330
13 47 22 35 -11 30 0 0.00 0.0 0 5.4 15 280 M M 0 20 340
14 59 25 42 -4 23 0 0.00 0.0 0 1.9 7 90 M M 0 10 290
15 69 30 50 3 15 0 0.00 0.0 0 7.2 17 160 M M 0 24 160
16 72 44 58 11 7 0 0.00 0.0 0 12.9 25 180 M M 3 40 170
17 74 39 57 10 8 0 0.61 0.0 0 17.6 33 190 M M 9 1 48 200
18 47 31 39 -8 26 0 0.00 0.0 0 6.8 16 320 M M 5 24 20
19 57 27 42 -6 23 0 0.00 0.0 0 3.9 14 310 M M 0 20 330
20 66 29 48 0 17 0 0.00 0.0 0 6.2 17 200 M M 1 25 190
21 59 48 54 6 11 0 1.18 0.0 0 10.2 22 140 M M 9 1 28 160
22 75 57 66 18 0 1 2.22 0.0 0 9.8 23 190 M M M 3 33 180
23 61 38 50 1 15 0 0.59 0.0 0 7.6 16 30 M M 10 1 22 30
24 62 40 51 2 14 0 0.25 0.0 0 5.8 21 290 M M 10 1 27 300
25 47 34 41 -8 24 0 0.05 0.0 0 9.0 21 290 M M 10 1 26 300
26 40 34 37 -12 28 0 0.47 T 0 7.8 15 50 M M 10 14 22 60
27 51 37 44 -6 21 0 0.61 0.0 0 4.2 12 20 M M 9 1 16 20
28 60 30 45 -5 20 0 0.00 0.0 0 2.1 9 70 M M 0 8 13 60
================================================================================
SM 1636 942 526 1 7.59 T 195.0 M 119
================================================================================
AV 58.4 33.6 7.0 FASTST M M 4 MAX(MPH)
MISC ----> 33 190 48 200
================================================================================
NOTES:
# LAST OF SEVERAL OCCURRENCES
COLUMN 17 PEAK WIND IN M.P.H.
PRELIMINARY LOCAL CLIMATOLOGICAL DATA (WS FORM: F-6) , PAGE 2
STATION: MUSCLE SHOALS
MONTH: FEBRUARY
YEAR: 2022
LATITUDE: 34 45 N
LONGITUDE: 87 37 W
[TEMPERATURE DATA] [PRECIPITATION DATA] SYMBOLS USED IN COLUMN 16
AVERAGE MONTHLY: 46.0 TOTAL FOR MONTH: 7.59 1 = FOG OR MIST
DPTR FM NORMAL: -0.7 DPTR FM NORMAL: 2.80 2 = FOG REDUCING VISIBILITY
HIGHEST: 75 ON 22 GRTST 24HR 2.22 ON 22-22 TO 1/4 MILE OR LESS
LOWEST: 22 ON 13, 5 3 = THUNDER
SNOW, ICE PELLETS, HAIL 4 = ICE PELLETS
TOTAL MONTH: T 5 = HAIL
GRTST 24HR T ON 12-12 6 = FREEZING RAIN OR DRIZZLE
GRTST DEPTH: 0 7 = DUSTSTORM OR SANDSTORM:
VSBY 1/2 MILE OR LESS
8 = SMOKE OR HAZE
[NO. OF DAYS WITH] [WEATHER - DAYS WITH] 9 = BLOWING SNOW
X = TORNADO
MAX 32 OR BELOW: 0 0.01 INCH OR MORE: 12
MAX 90 OR ABOVE: 0 0.10 INCH OR MORE: 9
MIN 32 OR BELOW: 14 0.50 INCH OR MORE: 7
MIN 0 OR BELOW: 0 1.00 INCH OR MORE: 2
[HDD (BASE 65) ]
TOTAL THIS MO. 526 CLEAR (SCALE 0-3) 15
DPTR FM NORMAL 12 PTCLDY (SCALE 4-7) 2
TOTAL FM JUL 1 2088 CLOUDY (SCALE 8-10) 11
DPTR FM NORMAL -236
[CDD (BASE 65) ]
TOTAL THIS MO. 1
DPTR FM NORMAL -1 [PRESSURE DATA]
TOTAL FM JAN 1 5 HIGHEST SLP 30.54 ON 5
DPTR FM NORMAL 4 LOWEST SLP 29.61 ON 17
[REMARKS]
#FINAL-02-22#