000
CXUS54 KHUN 031554
CF6MSL
PRELIMINARY LOCAL CLIMATOLOGICAL DATA (WS FORM: F-6)
STATION: MUSCLE SHOALS
MONTH: SEPTEMBER
YEAR: 2023
LATITUDE: 34 45 N
LONGITUDE: 87 37 W
TEMPERATURE IN F: :PCPN: SNOW: WIND :SUNSHINE: SKY :PK WND
================================================================================
1 2 3 4 5 6A 6B 7 8 9 10 11 12 13 14 15 16 17 18
12Z AVG MX 2MIN
DY MAX MIN AVG DEP HDD CDD WTR SNW DPTH SPD SPD DIR MIN PSBL S-S WX SPD DR
================================================================================
1 89 65 77 -1 0 12 T 0.0 0 5.8 18 140 M M 5 25 150
2 85 68 77 -1 0 12 0.02 0.0 0 5.3 16 130 M M 6 1 23 120
3 90 68 79 1 0 14 0.00 0.0 0 2.7 8 110 M M 5 11 120
4 93 71 82 4 0 17 0.00 0.0 0 4.3 12 160 M M 5 18 210
5 93 75 84 6 0 19 T 0.0 0 3.7 13 240 M M 3 3 17 210
6 93 68 81 3 0 16 0.02 0.0 0 4.0 22 250 M M 2 3 36 250
7 88 65 77 0 0 12 0.00 0.0 0 5.4 15 290 M M 2 20 260
8 87 59 73 -4 0 8 0.00 0.0 0 4.2 13 300 M M 1 18 17 290
9 90 69 80 3 0 15 0.00 0.0 0 5.2 12 320 M M 1 19 360
10 87 65 76 0 0 11 0.00 0.0 0 3.9 12 70 M M 3 17 70
11 92 63 78 2 0 13 0.00 0.0 0 2.0 12 240 M M 1 1 17 240
12 88 66 77 1 0 12 T 0.0 0 4.5 13 60 M M 4 17 40
13 87 68 78 2 0 13 0.00 0.0 0 6.9 13 50 M M 5 20 40
14 87 64 76 1 0 11 0.00 0.0 0 5.7 14 40 M M 1 22 60
15 88 60 74 -1 0 9 0.00 0.0 0 3.9 12 30 M M 5 17 20
16 84 64 74 -1 0 9 0.02 0.0 0 3.5 9 30 M M 7 16 40
17 85 60 73 -1 0 8 0.00 0.0 0 3.8 16 300 M M 3 12 22 290
18 84 53 69 -5 0 4 0.00 0.0 0 3.3 14 340 M M 0 1 20 20
19 85 52 69 -5 0 4 0.00 0.0 0 2.7 8 140 M M 0 1 13 270
20 90 61 76 2 0 11 0.00 0.0 0 5.4 15 200 M M 1 22 220
21 87 61 74 1 0 9 T 0.0 0 3.6 14 110 M M 4 18 80
22 87 57 72 -1 0 7 0.00 0.0 0 2.3 13 110 M M 0 128 19 100
23 90 57 74 2 0 9 0.00 0.0 0 2.1 13 350 M M 0 1 19 340
24 90 55 73 1 0 8 0.00 0.0 0 2.3 12 310 M M 0 1 17 10
25 92 59 76 4 0 11 0.00 0.0 0 2.2 9 90 M M 1 13 90
26 93 59 76 4 0 11 0.00 0.0 0 2.3 12 140 M M 0 16 30
27 91 63 77 6 0 12 0.00 0.0 0 5.3 14 150 M M 1 19 180
28 87 63 75 4 0 10 0.00 0.0 0 4.1 14 90 M M 0 1 18 100
29 86 63 75 5 0 10 0.00 0.0 0 3.0 10 150 M M 2 14 140
30 91 59 75 5 0 10 0.00 0.0 0 2.6 12 110 M M 1 12 17 70
================================================================================
SM 2659 1880 0 327 0.06 0.0 116.0 M 69
================================================================================
AV 88.6 62.7 3.9 FASTST M M 2 MAX(MPH)
MISC ----> 22 250 36 250
================================================================================
NOTES:
# LAST OF SEVERAL OCCURRENCES
COLUMN 17 PEAK WIND IN M.P.H.
PRELIMINARY LOCAL CLIMATOLOGICAL DATA (WS FORM: F-6) , PAGE 2
STATION: MUSCLE SHOALS
MONTH: SEPTEMBER
YEAR: 2023
LATITUDE: 34 45 N
LONGITUDE: 87 37 W
[TEMPERATURE DATA] [PRECIPITATION DATA] SYMBOLS USED IN COLUMN 16
AVERAGE MONTHLY: 75.7 TOTAL FOR MONTH: 0.06 1 = FOG OR MIST
DPTR FM NORMAL: 1.0 DPTR FM NORMAL: -3.49 2 = FOG REDUCING VISIBILITY
HIGHEST: 93 ON 26, 6 GRTST 24HR 0.02 ON 1- 2 TO 1/4 MILE OR LESS
LOWEST: 52 ON 19 3 = THUNDER
SNOW, ICE PELLETS, HAIL 4 = ICE PELLETS
TOTAL MONTH: 0.0 INCH 5 = HAIL
GRTST 24HR 0.0 6 = FREEZING RAIN OR DRIZZLE
GRTST DEPTH: 0 7 = DUSTSTORM OR SANDSTORM:
VSBY 1/2 MILE OR LESS
8 = SMOKE OR HAZE
[NO. OF DAYS WITH] [WEATHER - DAYS WITH] 9 = BLOWING SNOW
X = TORNADO
MAX 32 OR BELOW: 0 0.01 INCH OR MORE: 3
MAX 90 OR ABOVE: 13 0.10 INCH OR MORE: 0
MIN 32 OR BELOW: 0 0.50 INCH OR MORE: 0
MIN 0 OR BELOW: 0 1.00 INCH OR MORE: 0
[HDD (BASE 65) ]
TOTAL THIS MO. 0 CLEAR (SCALE 0-3) 21
DPTR FM NORMAL -8 PTCLDY (SCALE 4-7) 9
TOTAL FM JUL 1 0 CLOUDY (SCALE 8-10) 0
DPTR FM NORMAL -5
[CDD (BASE 65) ]
TOTAL THIS MO. 327
DPTR FM NORMAL 29 [PRESSURE DATA]
TOTAL FM JAN 1 2023 HIGHEST SLP 30.19 ON 2
DPTR FM NORMAL 23 LOWEST SLP 29.86 ON 7
[REMARKS]
#FINAL-09-23#