000
CXUS55 KMSO 010900
CF6MSO
PRELIMINARY LOCAL CLIMATOLOGICAL DATA (WS FORM: F-6)
STATION: MISSOULA MT
MONTH: JUNE
YEAR: 2021
LATITUDE: 46 55 N
LONGITUDE: 114 5 W
TEMPERATURE IN F: :PCPN: SNOW: WIND :SUNSHINE: SKY :PK WND
================================================================================
1 2 3 4 5 6A 6B 7 8 9 10 11 12 13 14 15 16 17 18
12Z AVG MX 2MIN
DY MAX MIN AVG DEP HDD CDD WTR SNW DPTH SPD SPD DIR MIN PSBL S-S WX SPD DR
================================================================================
1 84 48 66 9 0 1 0.00 0.0 0 3.0 16 360 M M 0 21 10
2 90 51 71 14 0 6 0.00 0.0 0 2.8 9 350 M M 0 12 340
3 89 52 71 14 0 6 0.01 0.0 0 3.1 21 340 M M 0 3 28 340
4 87 58 73 16 0 8 0.04 0.0 0 10.1 31 270 M M 2 3 39 270
5 76 47 62 4 3 0 0.00 0.0 0 12.8 33 300 M M 1 39 300
6 63 47 55 -3 10 0 T 0.0 0 7.3 21 310 M M 5 27 320
7 71 38 55 -3 10 0 0.00 0.0 0 7.9 24 10 M M 1 32 20
8 74 51 63 5 2 0 T 0.0 0 7.8 18 290 M M 2 24 330
9 65 52 59 1 6 0 0.12 0.0 0 10.4 17 140 M M 9 13 25 330
10 54 44 49 -9 16 0 0.90 0.0 0 8.0 22 290 M M 7 13 26 290
11 71 34 53 -5 12 0 0.00 0.0 0 3.2 13 170 M M 4 1 16 140
12 73 47 60 1 5 0 0.04 0.0 0 4.2 14 320 M M 6 1 18 320
13 91 46 69 10 0 4 T 0.0 0 4.7 25 160 M M 0 3 32 160
14 93 58 76 17 0 11 0.00 0.0 0 8.0 22 130 M M 0 29 150
15 82 58 70 11 0 5 0.00 0.0 0 9.7 29 310 M M 4 8 48 300
16 75 47 61 1 4 0 0.00 0.0 0 6.2 21 20 M M 1 28 360
17 82 44 63 3 2 0 0.00 0.0 0 4.5 17 350 M M 0 27 350
18 86 46 66 6 0 1 0.00 0.0 0 3.1 12 360 M M 0 16 10
19 82 47 65 5 0 0 0.00 0.0 0 5.6 20 10 M M 2 26 20
20 73 53 63 3 2 0 0.10 0.0 0 4.8 20 310 M M 7 1 30 320
21 86 47 67 6 0 2 0.00 0.0 0 3.5 10 10 M M 0 14 10
22 92 52 72 11 0 7 0.00 0.0 0 5.4 21 290 M M 0 26 280
23 84 58 71 10 0 6 T 0.0 0 3.2 14 290 M M 3 19 300
24 88 50 69 7 0 4 T 0.0 0 5.8 25 360 M M 1 3 37 340
25 84 53 69 7 0 4 0.00 0.0 0 6.9 23 10 M M 2 31 20
26 89 54 72 10 0 7 0.00 0.0 0 3.6 16 360 M M 3 21 10
27 94 54 74 11 0 9 0.00 0.0 0 3.7 13 30 M M 1 19 150
28 99 59 79 16 0 14 0.00 0.0 0 6.0 15 10 M M 0 21 300
29 101 61 81 18 0 16 0.00 0.0 0 5.0 18 90 M M 0 27 90
30 102 58 80 16 0 15 0.00 0.0 0 4.4 15 10 M M 0 19 30
================================================================================
SM 2480 1514 72 126 1.21 0.0 174.7 M 61
================================================================================
AV 82.7 50.5 5.8 FASTST M M 2 MAX(MPH)
MISC ----> 33 300 48 300
================================================================================
NOTES:
# LAST OF SEVERAL OCCURRENCES
COLUMN 17 PEAK WIND IN M.P.H.
PRELIMINARY LOCAL CLIMATOLOGICAL DATA (WS FORM: F-6) , PAGE 2
STATION: MISSOULA MT
MONTH: JUNE
YEAR: 2021
LATITUDE: 46 55 N
LONGITUDE: 114 5 W
[TEMPERATURE DATA] [PRECIPITATION DATA] SYMBOLS USED IN COLUMN 16
AVERAGE MONTHLY: 66.6 TOTAL FOR MONTH: 1.21 1 = FOG OR MIST
DPTR FM NORMAL: 6.9 DPTR FM NORMAL: -0.93 2 = FOG REDUCING VISIBILITY
HIGHEST: 102 ON 30 GRTST 24HR 0.90 ON 10-10 TO 1/4 MILE OR LESS
LOWEST: 34 ON 11 3 = THUNDER
SNOW, ICE PELLETS, HAIL 4 = ICE PELLETS
TOTAL MONTH: 0.0 INCH 5 = HAIL
GRTST 24HR 0.0 6 = FREEZING RAIN OR DRIZZLE
GRTST DEPTH: 0 7 = DUSTSTORM OR SANDSTORM:
VSBY 1/2 MILE OR LESS
8 = SMOKE OR HAZE
[NO. OF DAYS WITH] [WEATHER - DAYS WITH] 9 = BLOWING SNOW
X = TORNADO
MAX 32 OR BELOW: 0 0.01 INCH OR MORE: 6
MAX 90 OR ABOVE: 8 0.10 INCH OR MORE: 3
MIN 32 OR BELOW: 0 0.50 INCH OR MORE: 1
MIN 0 OR BELOW: 0 1.00 INCH OR MORE: 0
[HDD (BASE 65) ]
TOTAL THIS MO. 72 CLEAR (SCALE 0-3) 22
DPTR FM NORMAL -113 PTCLDY (SCALE 4-7) 7
TOTAL FM JUL 1 7115 CLOUDY (SCALE 8-10) 1
DPTR FM NORMAL -397
[CDD (BASE 65) ]
TOTAL THIS MO. 126
DPTR FM NORMAL 98 [PRESSURE DATA]
TOTAL FM JAN 1 126 HIGHEST SLP M ON M
DPTR FM NORMAL 95 LOWEST SLP 29.67 ON 22
[REMARKS]
#FINAL-06-21#