000
CXUS55 KBOI 011002
CF6MUO
PRELIMINARY LOCAL CLIMATOLOGICAL DATA (WS FORM: F-6)
STATION: MOUNTAIN HOME AFB
MONTH: MARCH
YEAR: 2020
LATITUDE: 43 2 N
LONGITUDE: 115 52 W
TEMPERATURE IN F: :PCPN: SNOW: WIND :SUNSHINE: SKY :PK WND
================================================================================
1 2 3 4 5 6A 6B 7 8 9 10 11 12 13 14 15 16 17 18
12Z AVG MX 2MIN
DY MAX MIN AVG DEP HDD CDD WTR SNW DPTH SPD SPD DIR MIN PSBL S-S WX SPD DR
================================================================================
1 47 25 36 -3 29 0 0.00 M M 10.9 17 310 M M 1 27 330
2 50 21 36 -3 29 0 0.00 M M 11.5 23 320 M M 5 36 340
3 58 33 46 7 19 0 T M M 7.1 16 310 M M 6 18 320
4 59 26 43 3 22 0 0.00 M M 7.1 16 340 M M 1 23 340
5 69 28 49 9 16 0 0.00 M M 14.8 24 120 M M 0 39 120
6 68 40 54 14 11 0 0.00 M M 11.7 17 110 M M 2 24 110
7 56 40 48 8 17 0 0.03 M M 8.3 17 340 M M 5 24 340
8 53 28 41 0 24 0 0.00 M M 0.8 7 360 M M 4 M M
9 51 33 42 1 23 0 T M M 5.5 15 290 M M 8 21 290
10 56 26 41 0 24 0 T M M 2.2 8 300 M M 1 M M
11 65 24 45 3 20 0 0.00 M M 8.1 18 310 M M 0 31 300
12 52 28 40 -2 25 0 0.00 M M 16.2 23 320 M M 0 31 290
13 56 17 37 -5 28 0 0.00 M M 7.9 17 130 M M 1 32 110
14 52 40 46 4 19 0 T M M 9.4 21 110 M M 5 35 100
15 56 35 46 3 19 0 0.14 M M 6.6 18 210 M M 6 28 210
16 59 33 46 3 19 0 0.01 M M 3.3 12 230 M M 4 18 22 230
17 60 39 50 7 15 0 0.03 M M 6.1 18 110 M M 8 23 100
18 50 28 39 -4 26 0 0.00 M M 7.6 15 330 M M 6 M M
19 56 24 40 -4 25 0 0.00 M M 4.0 9 350 M M 4 M M
20 60 33 47 3 18 0 0.00 M M 5.0 12 340 M M 7 M M
21 60 29 45 1 20 0 0.00 M M 7.4 16 340 M M 2 21 310
22 60 25 43 -1 22 0 0.00 M M 4.7 14 350 M M 0 21 320
23 60 32 46 1 19 0 T M M 10.1 21 260 M M 5 30 250
24 52 36 44 -1 21 0 0.01 M M 9.4 18 340 M M 7 24 340
25 49 26 38 -7 27 0 0.01 M M 8.1 17 310 M M 6 1 28 310
26 47 18 33 -12 32 0 0.00 M M 12.2 22 330 M M 1 37 310
27 51 20 36 -9 29 0 0.00 M M 11.7 24 330 M M 3 35 310
28 56 27 42 -4 23 0 0.00 M M 6.6 14 280 M M 7 24 340
29 54 35 45 -1 20 0 T M M 6.1 17 240 M M 7 23 240
30 55 34 45 -1 20 0 T M M 8.6 13 210 M M 7 30 180
31 58 37 48 2 17 0 0.05 M M 11.4 45 300 M M 7 55 300
================================================================================
SM 1735 920 678 0 0.28 M 250.4 M 126
================================================================================
AV 56.0 29.7 8.1 FASTST M M 4 MAX(MPH)
MISC ----> 45 300 55 300
================================================================================
NOTES:
# LAST OF SEVERAL OCCURRENCES
COLUMN 17 PEAK WIND IN M.P.H.
PRELIMINARY LOCAL CLIMATOLOGICAL DATA (WS FORM: F-6) , PAGE 2
STATION: MOUNTAIN HOME AFB
MONTH: MARCH
YEAR: 2020
LATITUDE: 43 2 N
LONGITUDE: 115 52 W
[TEMPERATURE DATA] [PRECIPITATION DATA] SYMBOLS USED IN COLUMN 16
AVERAGE MONTHLY: 42.8 TOTAL FOR MONTH: 0.28 1 = FOG OR MIST
DPTR FM NORMAL: 0.1 DPTR FM NORMAL: -0.92 2 = FOG REDUCING VISIBILITY
HIGHEST: 69 ON 5 GRTST 24HR 0.14 ON 15-15 TO 1/4 MILE OR LESS
LOWEST: 17 ON 13 3 = THUNDER
SNOW, ICE PELLETS, HAIL 4 = ICE PELLETS
TOTAL MONTH: M 5 = HAIL
GRTST 24HR M ON M 6 = FREEZING RAIN OR DRIZZLE
GRTST DEPTH: M ON M 7 = DUSTSTORM OR SANDSTORM:
VSBY 1/2 MILE OR LESS
8 = SMOKE OR HAZE
[NO. OF DAYS WITH] [WEATHER - DAYS WITH] 9 = BLOWING SNOW
X = TORNADO
MAX 32 OR BELOW: 0 0.01 INCH OR MORE: 7
MAX 90 OR ABOVE: 0 0.10 INCH OR MORE: 1
MIN 32 OR BELOW: 18 0.50 INCH OR MORE: 0
MIN 0 OR BELOW: 0 1.00 INCH OR MORE: 0
[HDD (BASE 65) ]
TOTAL THIS MO. 678 CLEAR (SCALE 0-3) 11
DPTR FM NORMAL -19 PTCLDY (SCALE 4-7) 20
TOTAL FM JUL 1 5017 CLOUDY (SCALE 8-10) 0
DPTR FM NORMAL -16
[CDD (BASE 65) ]
TOTAL THIS MO. 0
DPTR FM NORMAL 0 [PRESSURE DATA]
TOTAL FM JAN 1 0 HIGHEST SLP M ON M
DPTR FM NORMAL 0 LOWEST SLP M ON M
[REMARKS]
#FINAL-03-20#