000
CXUS56 KOTX 011010
CF6MWH
PRELIMINARY LOCAL CLIMATOLOGICAL DATA (WS FORM: F-6)
STATION: MOSES LAKE WA AIRPORT
MONTH: JANUARY
YEAR: 2021
LATITUDE: 47 12 N
LONGITUDE: 119 19 W
TEMPERATURE IN F: :PCPN: SNOW: WIND :SUNSHINE: SKY :PK WND
================================================================================
1 2 3 4 5 6A 6B 7 8 9 10 11 12 13 14 15 16 17 18
12Z AVG MX 2MIN
DY MAX MIN AVG DEP HDD CDD WTR SNW DPTH SPD SPD DIR MIN PSBL S-S WX SPD DR
================================================================================
1 36 32 34 6 31 0 0.02 M M 2.0 15 250 M M 10 12 19 250
2 52 25 39 11 26 0 0.00 M M 13.8 26 190 M M 4 1 38 200
3 53 37 45 17 20 0 T M M 10.1 25 180 M M 3 34 190
4 44 36 40 12 25 0 0.28 M M 5.9 13 230 M M 7 1 17 230
5 47 34 41 13 24 0 T M M 8.0 23 170 M M 5 29 160
6 52 40 46 18 19 0 0.01 M M 7.6 18 170 M M 9 26 170
7 46 38 42 13 23 0 T M M 6.3 14 60 M M 10 16 60
8 43 34 39 10 26 0 0.01 M M 5.2 12 20 M M 5 15 30
9 41 34 38 9 27 0 0.00 M M 2.5 9 60 M M 10 1 10 60
10 44 34 39 10 26 0 0.00 M M 2.3 7 360 M M 9 8 360
11 41 36 39 10 26 0 0.06 M M 4.3 15 20 M M 9 18 17 10
12 51 38 45 16 20 0 0.15 M M 2.8 20 160 M M 7 1 24 160
13 59 34 47 17 18 0 0.02 M M 18.3 40 250 M M 2 51 250
14 48 30 39 9 26 0 0.00 M M 6.1 12 360 M M 3 14 20
15 44 29 37 7 28 0 0.00 M M 3.6 9 340 M M 3 12 360
16 43 27 35 5 30 0 0.00 M M 6.0 10 330 M M 6 1 13 330
17 46 30 38 8 27 0 0.00 M M 4.2 10 160 M M 5 18 11 10
18 53 25 39 9 26 0 0.00 M M 5.0 18 10 M M 0 18 21 350
19 41 25 33 3 32 0 0.00 M M 5.9 13 160 M M 1 16 170
20 42 26 34 4 31 0 0.00 M M 6.2 13 30 M M 1 1 16 30
21 44 31 38 7 27 0 0.00 M M 7.2 14 40 M M 9 17 40
22 42 23 33 2 32 0 0.00 M M 7.7 16 20 M M 3 24 350
23 37 18 28 -3 37 0 0.00 M M 3.7 9 350 M M 0 9 20
24 36 23 30 -1 35 0 T M M 5.2 10 10 M M 8 1 12 10
25 37 29 33 2 32 0 T M M 4.9 8 320 M M 10 1 10 330
26 39 31 35 4 30 0 T M M 6.0 15 80 M M 8 18 90
27 41 34 38 6 27 0 0.07 M M 6.4 15 120 M M 10 1 19 120
28 48 34 41 9 24 0 0.00 M M 6.6 13 320 M M 9 1 15 330
29 41 31 36 4 29 0 0.03 M M 3.9 10 20 M M 8 18 12 340
30 46 35 41 9 24 0 T M M 2.7 8 360 M M 9 128 10 140
31 51 37 44 12 21 0 0.01 M M 4.9 10 140 M M 8 13 60
================================================================================
SM 1388 970 829 0 0.66 M 185.3 M 191
================================================================================
AV 44.8 31.3 6.0 FASTST M M 6 MAX(MPH)
MISC ----> 40 250 51 250
================================================================================
NOTES:
# LAST OF SEVERAL OCCURRENCES
COLUMN 17 PEAK WIND IN M.P.H.
PRELIMINARY LOCAL CLIMATOLOGICAL DATA (WS FORM: F-6) , PAGE 2
STATION: MOSES LAKE WA AIRPORT
MONTH: JANUARY
YEAR: 2021
LATITUDE: 47 12 N
LONGITUDE: 119 19 W
[TEMPERATURE DATA] [PRECIPITATION DATA] SYMBOLS USED IN COLUMN 16
AVERAGE MONTHLY: 38.0 TOTAL FOR MONTH: 0.66 1 = FOG OR MIST
DPTR FM NORMAL: 8.0 DPTR FM NORMAL: -0.48 2 = FOG REDUCING VISIBILITY
HIGHEST: 59 ON 13 GRTST 24HR 0.28 ON 4- 4 TO 1/4 MILE OR LESS
LOWEST: 18 ON 23 3 = THUNDER
SNOW, ICE PELLETS, HAIL 4 = ICE PELLETS
TOTAL MONTH: M 5 = HAIL
GRTST 24HR M ON M 6 = FREEZING RAIN OR DRIZZLE
GRTST DEPTH: M ON M 7 = DUSTSTORM OR SANDSTORM:
VSBY 1/2 MILE OR LESS
8 = SMOKE OR HAZE
[NO. OF DAYS WITH] [WEATHER - DAYS WITH] 9 = BLOWING SNOW
X = TORNADO
MAX 32 OR BELOW: 0 0.01 INCH OR MORE: 10
MAX 90 OR ABOVE: 0 0.10 INCH OR MORE: 2
MIN 32 OR BELOW: 16 0.50 INCH OR MORE: 0
MIN 0 OR BELOW: 0 1.00 INCH OR MORE: 0
[HDD (BASE 65) ]
TOTAL THIS MO. 829 CLEAR (SCALE 0-3) 7
DPTR FM NORMAL -258 PTCLDY (SCALE 4-7) 12
TOTAL FM JUL 1 2942 CLOUDY (SCALE 8-10) 12
DPTR FM NORMAL -732
[CDD (BASE 65) ]
TOTAL THIS MO. 0
DPTR FM NORMAL 0 [PRESSURE DATA]
TOTAL FM JAN 1 0 HIGHEST SLP M ON M
DPTR FM NORMAL 0 LOWEST SLP 29.45 ON 13
[REMARKS]
#FINAL-01-21#