000
CXUS54 KLZK 011130
CF6MWT
PRELIMINARY LOCAL CLIMATOLOGICAL DATA (WS FORM: F-6)
STATION: MOUNT IDA
MONTH: MAY
YEAR: 2022
LATITUDE: 34 32 N
LONGITUDE: 93 35 W
TEMPERATURE IN F: :PCPN: SNOW: WIND :SUNSHINE: SKY :PK WND
================================================================================
1 2 3 4 5 6A 6B 7 8 9 10 11 12 13 14 15 16 17 18
12Z AVG MX 2MIN
DY MAX MIN AVG DEP HDD CDD WTR SNW DPTH SPD SPD DIR MIN PSBL S-S WX SPD DR
================================================================================
1 84 49 67 2 0 2 0.00 0.0 0 0.9 6 130 M M 0 M M
2 76 56 66 0 0 1 1.55 0.0 0 3.4 18 310 M M 7 13 34 290
3 69 57 63 -3 2 0 0.57 0.0 0 2.1 15 320 M M 9 1 23 320
4 76 58 67 1 0 2 0.00 0.0 0 2.9 10 130 M M 9 15 140
5 66 63 65 -1 0 0 1.00 0.0 0 2.1 10 140 M M 9 13 22 350
6 76 54 65 -2 0 0 T 0.0 0 4.6 15 320 M M 2 1 22 290
7 84 50 67 0 0 2 0.00 0.0 0 2.2 10 140 M M 0 16 130
8 83 60 72 5 0 7 0.00 0.0 0 6.8 15 140 M M 3 23 140
9 87 74 81 14 0 16 0.00 0.0 0 4.0 12 150 M M 6 22 180
10 89 75 82 14 0 17 0.00 0.0 0 3.5 9 170 M M 2 17 190
11 89 68 79 11 0 14 0.00 0.0 0 1.5 10 140 M M 0 1 16 130
12 91 64 78 10 0 13 0.00 0.0 0 0.9 8 150 M M 0 1 14 220
13 92 64 78 10 0 13 0.00 0.0 M 1.1 7 290 M M 0 1 11 190
14 90 67 79 10 0 14 0.00 0.0 M 2.0 10 150 M M 2 1 17 150
15 88 65 77 8 0 12 0.10 0.0 M 2.2 13 50 M M 1 1 28 60
16 84 64 74 5 0 9 0.00 0.0 M 1.5 8 140 M M 3 12 70
17 82 60 71 1 0 6 T 0.0 M 2.4 8 130 M M 1 M M
18 89 68 79 9 0 14 0.00 0.0 M 3.0 9 280 M M 0 20 320
19 89 68 79 9 0 14 0.00 0.0 M 4.4 15 210 M M 1 24 190
20 88 74 81 11 0 16 M 0.0 M 5.6 9 230 M M 5 26 99
21 89 64 77 6 0 12 0.07 0.0 M 5.8 10 350 M M 6 1 17 350
22 61 57 59 -12 6 0 0.05 0.0 M 2.3 6 99 M M 10 M M
23 61 58 60 -11 5 0 M 0.0 M 0.0 M M M M 10 M M
24 74 64 69 -3 0 4 1.27 0.0 0 2.6 16 130 M M 9 1 25 130
25 77 57 67 -5 0 2 0.34 0.0 0 3.7 12 160 M M 6 1 19 200
26 68 55 62 -10 3 0 T 0.0 0 4.1 13 300 M M 7 23 270
27 83 52 68 -4 0 3 0.00 0.0 0 2.8 12 330 M M 0 20 350
28 86 53 70 -3 0 5 0.00 0.0 0 2.0 10 140 M M 0 17 230
29 87 66 77 4 0 12 0.00 0.0 0 6.1 15 140 M M 0 21 130
30 87 68 78 5 0 13 0.00 0.0 0 5.9 13 150 M M 2 24 220
31 89 74 82 8 0 17 0.00 0.0 0 4.9 10 240 M M 2 16 200
================================================================================
SM 2534 1926 16 240 4.95 0.0 97.2 M 112
================================================================================
AV 81.7 62.1 3.1 FASTST M M 4 MAX(MPH)
MISC ----> 18 310 34 290
================================================================================
NOTES:
# LAST OF SEVERAL OCCURRENCES
COLUMN 17 PEAK WIND IN M.P.H.
PRELIMINARY LOCAL CLIMATOLOGICAL DATA (WS FORM: F-6) , PAGE 2
STATION: MOUNT IDA
MONTH: MAY
YEAR: 2022
LATITUDE: 34 32 N
LONGITUDE: 93 35 W
[TEMPERATURE DATA] [PRECIPITATION DATA] SYMBOLS USED IN COLUMN 16
AVERAGE MONTHLY: 71.9 TOTAL FOR MONTH: 4.95 1 = FOG OR MIST
DPTR FM NORMAL: 2.5 DPTR FM NORMAL: -0.49 2 = FOG REDUCING VISIBILITY
HIGHEST: 92 ON 13 GRTST 24HR 1.85 ON 2- 3 TO 1/4 MILE OR LESS
LOWEST: 49 ON 1 3 = THUNDER
SNOW, ICE PELLETS, HAIL 4 = ICE PELLETS
TOTAL MONTH: 0.0 INCH 5 = HAIL
GRTST 24HR 0.0 6 = FREEZING RAIN OR DRIZZLE
GRTST DEPTH: 0 7 = DUSTSTORM OR SANDSTORM:
VSBY 1/2 MILE OR LESS
8 = SMOKE OR HAZE
[NO. OF DAYS WITH] [WEATHER - DAYS WITH] 9 = BLOWING SNOW
X = TORNADO
MAX 32 OR BELOW: 0 0.01 INCH OR MORE: 8
MAX 90 OR ABOVE: 3 0.10 INCH OR MORE: 6
MIN 32 OR BELOW: 0 0.50 INCH OR MORE: 4
MIN 0 OR BELOW: 0 1.00 INCH OR MORE: 3
[HDD (BASE 65) ]
TOTAL THIS MO. 16 CLEAR (SCALE 0-3) 18
DPTR FM NORMAL -18 PTCLDY (SCALE 4-7) 7
TOTAL FM JUL 1 2773 CLOUDY (SCALE 8-10) 6
DPTR FM NORMAL -309
[CDD (BASE 65) ]
TOTAL THIS MO. 240
DPTR FM NORMAL 69 [PRESSURE DATA]
TOTAL FM JAN 1 313 HIGHEST SLP 30.24 ON 22
DPTR FM NORMAL 73 LOWEST SLP 29.55 ON 19
[REMARKS]
#FINAL-05-22#