000
CXUS56 KSGX 011045
CF6MYF
PRELIMINARY LOCAL CLIMATOLOGICAL DATA (WS FORM: F-6)
STATION: SAN DIEGO/MONTGOMERY FLD CA
MONTH: MARCH
YEAR: 2022
LATITUDE: 32 49 N
LONGITUDE: 117 9 W
TEMPERATURE IN F: :PCPN: SNOW: WIND :SUNSHINE: SKY :PK WND
================================================================================
1 2 3 4 5 6A 6B 7 8 9 10 11 12 13 14 15 16 17 18
12Z AVG MX 2MIN
DY MAX MIN AVG DEP HDD CDD WTR SNW DPTH SPD SPD DIR MIN PSBL S-S WX SPD DR
================================================================================
1 82 49 66 8 0 1 0.00 M M 4.2 13 320 M M 0 16 340
2 85 49 67 9 0 2 0.00 M M 2.9 12 260 M M 0 128 15 240
3 63 49 56 -2 9 0 0.00 M M 8.2 20 220 M M 5 128 24 220
4 63 53 58 0 7 0 0.46 M M 8.3 16 240 M M 8 13 20 260
5 60 52 56 -2 9 0 0.02 M M 13.3 24 260 M M 8 34 260
6 61 45 53 -5 12 0 T M M 5.6 14 240 M M 3 19 260
7 68 43 56 -2 9 0 0.00 M M 5.2 15 310 M M 0 19 310
8 70 45 58 -1 7 0 0.00 M M 4.3 16 300 M M 0 22 290
9 67 43 55 -4 10 0 0.00 M M 5.2 14 190 M M 2 18 220
10 65 50 58 -1 7 0 0.00 M M 7.1 15 250 M M 6 22 220
11 72 40 56 -3 9 0 0.00 M M 5.5 14 290 M M 0 1 17 310
12 76 44 60 1 5 0 0.00 M M 4.2 15 290 M M 0 19 300
13 67 47 57 -2 8 0 0.00 M M 4.7 14 250 M M 2 19 240
14 74 49 62 3 3 0 0.00 M M 4.3 13 310 M M 1 16 280
15 74 50 62 3 3 0 0.00 M M 3.3 12 300 M M 1 12 14 310
16 71 55 63 4 2 0 0.00 M M 5.4 14 270 M M 5 18 21 260
17 80 50 65 6 0 0 0.00 M M 4.5 16 310 M M 0 1 20 300
18 79 50 65 6 0 0 0.00 M M 3.5 12 250 M M 0 15 300
19 69 54 62 3 3 0 0.06 M M 6.5 17 300 M M 4 18 21 230
20 65 53 59 0 6 0 0.20 M M 5.9 17 300 M M 5 1 23 290
21 70 51 61 2 4 0 0.00 M M 4.4 12 240 M M 2 15 240
22 85 52 69 10 0 4 0.00 M M 4.3 15 310 M M 0 8 18 300
23 88 55 72 12 0 7 0.00 M M 4.4 16 290 M M 0 19 290
24 83 56 70 10 0 5 0.00 M M 3.9 15 320 M M 0 18 17 330
25 82 54 68 8 0 3 0.00 M M 4.3 12 280 M M 2 128 20 20
26 73 54 64 4 1 0 0.00 M M 5.1 13 230 M M 6 128 16 230
27 67 56 62 2 3 0 0.00 M M 5.1 13 190 M M 7 8 18 200
28 68 55 62 2 3 0 0.59 M M 9.8 26 180 M M 8 138 34 180
29 65 52 59 -1 6 0 0.12 M M 5.1 15 260 M M 6 1 19 240
30 67 53 60 0 5 0 0.00 M M 4.7 15 260 M M 6 19 250
31 62 56 59 -1 6 0 T M M 6.3 15 170 M M 10 18 18 170
================================================================================
SM 2221 1564 137 22 1.45 M 169.5 M 97
================================================================================
AV 71.6 50.5 5.5 FASTST M M 3 MAX(MPH)
MISC ----> 26 180 # 34 260
================================================================================
NOTES:
# LAST OF SEVERAL OCCURRENCES
COLUMN 17 PEAK WIND IN M.P.H.
PRELIMINARY LOCAL CLIMATOLOGICAL DATA (WS FORM: F-6) , PAGE 2
STATION: SAN DIEGO/MONTGOMERY FLD CA
MONTH: MARCH
YEAR: 2022
LATITUDE: 32 49 N
LONGITUDE: 117 9 W
[TEMPERATURE DATA] [PRECIPITATION DATA] SYMBOLS USED IN COLUMN 16
AVERAGE MONTHLY: 61.0 TOTAL FOR MONTH: 1.45 1 = FOG OR MIST
DPTR FM NORMAL: 1.9 DPTR FM NORMAL: -0.18 2 = FOG REDUCING VISIBILITY
HIGHEST: 88 ON 23 GRTST 24HR 0.71 ON 28-29 TO 1/4 MILE OR LESS
LOWEST: 40 ON 11 3 = THUNDER
SNOW, ICE PELLETS, HAIL 4 = ICE PELLETS
TOTAL MONTH: M 5 = HAIL
GRTST 24HR M ON M 6 = FREEZING RAIN OR DRIZZLE
GRTST DEPTH: M ON M 7 = DUSTSTORM OR SANDSTORM:
VSBY 1/2 MILE OR LESS
8 = SMOKE OR HAZE
[NO. OF DAYS WITH] [WEATHER - DAYS WITH] 9 = BLOWING SNOW
X = TORNADO
MAX 32 OR BELOW: 0 0.01 INCH OR MORE: 6
MAX 90 OR ABOVE: 0 0.10 INCH OR MORE: 4
MIN 32 OR BELOW: 0 0.50 INCH OR MORE: 1
MIN 0 OR BELOW: 0 1.00 INCH OR MORE: 0
[HDD (BASE 65) ]
TOTAL THIS MO. 137 CLEAR (SCALE 0-3) 18
DPTR FM NORMAL -57 PTCLDY (SCALE 4-7) 10
TOTAL FM JUL 1 886 CLOUDY (SCALE 8-10) 3
DPTR FM NORMAL -236
[CDD (BASE 65) ]
TOTAL THIS MO. 22
DPTR FM NORMAL 13 [PRESSURE DATA]
TOTAL FM JAN 1 50 HIGHEST SLP 30.28 ON 11
DPTR FM NORMAL 32 LOWEST SLP 29.78 ON 28
[REMARKS]
#FINAL-03-22#