000
CXUS56 KSGX 011145
CF6MYF
PRELIMINARY LOCAL CLIMATOLOGICAL DATA (WS FORM: F-6)
STATION: SAN DIEGO/MONTGOMERY FLD CA
MONTH: FEBRUARY
YEAR: 2022
LATITUDE: 32 49 N
LONGITUDE: 117 9 W
TEMPERATURE IN F: :PCPN: SNOW: WIND :SUNSHINE: SKY :PK WND
================================================================================
1 2 3 4 5 6A 6B 7 8 9 10 11 12 13 14 15 16 17 18
12Z AVG MX 2MIN
DY MAX MIN AVG DEP HDD CDD WTR SNW DPTH SPD SPD DIR MIN PSBL S-S WX SPD DR
================================================================================
1 63 49 56 -1 9 0 0.00 M M 5.2 14 210 M M 6 19 200
2 69 42 56 -1 9 0 0.00 M M 5.4 18 300 M M 0 1 23 320
3 66 39 53 -4 12 0 0.00 M M 3.5 12 280 M M 0 15 310
4 70 38 54 -3 11 0 0.00 M M 2.9 13 250 M M 0 15 260
5 71 41 56 -1 9 0 0.00 M M 3.4 13 330 M M 0 15 330
6 78 40 59 2 6 0 0.00 M M 4.2 15 330 M M 0 18 330
7 79 46 63 6 2 0 0.00 M M 6.0 15 300 M M 0 19 300
8 80 45 63 6 2 0 0.00 M M 3.9 12 340 M M 0 14 280
9 89 49 69 12 0 4 0.00 M M 5.8 17 330 M M 0 24 80
10 88 53 71 14 0 6 0.00 M M 6.3 21 30 M M 0 29 30
11 86 50 68 11 0 3 0.00 M M 2.3 12 310 M M 0 13 250
12 91 52 72 15 0 7 0.00 M M 3.5 14 220 M M 0 21 310
13 89 52 71 14 0 6 0.00 M M 3.9 14 320 M M 0 16 320
14 80 50 65 8 0 0 0.00 M M 3.4 13 250 M M 2 18 16 230
15 59 46 53 -4 12 0 0.57 M M 10.4 23 290 M M 10 138 35 230
16 63 43 53 -4 12 0 0.00 M M 4.8 16 230 M M 1 21 250
17 74 43 59 2 6 0 0.00 M M 4.3 16 10 M M 0 20 350
18 72 42 57 0 8 0 0.00 M M 4.3 16 320 M M 0 20 320
19 75 44 60 3 5 0 0.00 M M 2.8 12 300 M M 0 1 15 220
20 65 46 56 -1 9 0 0.00 M M 4.6 14 250 M M 7 12 18 270
21 63 54 59 2 6 0 T M M 8.2 18 240 M M 9 23 280
22 60 51 56 -2 9 0 0.15 M M 9.2 21 260 M M 9 1 27 270
23 56 45 51 -7 14 0 0.15 M M 12.4 26 280 M M 7 33 280
24 62 39 51 -7 14 0 0.00 M M 5.7 20 310 M M 0 23 290
25 63 39 51 -7 14 0 0.00 M M 4.5 15 300 M M 0 8 18 300
26 72 41 57 -1 8 0 0.00 M M 4.6 16 280 M M 0 19 270
27 75 45 60 2 5 0 0.00 M M 3.9 15 310 M M 0 20 320
28 81 45 63 5 2 0 0.00 M M 2.8 14 300 M M 0 16 310
================================================================================
SM 2039 1269 184 26 0.87 M 142.2 M 51
================================================================================
AV 72.8 45.3 5.1 FASTST M M 2 MAX(MPH)
MISC ----> 26 280 35 230
================================================================================
NOTES:
# LAST OF SEVERAL OCCURRENCES
COLUMN 17 PEAK WIND IN M.P.H.
PRELIMINARY LOCAL CLIMATOLOGICAL DATA (WS FORM: F-6) , PAGE 2
STATION: SAN DIEGO/MONTGOMERY FLD CA
MONTH: FEBRUARY
YEAR: 2022
LATITUDE: 32 49 N
LONGITUDE: 117 9 W
[TEMPERATURE DATA] [PRECIPITATION DATA] SYMBOLS USED IN COLUMN 16
AVERAGE MONTHLY: 59.1 TOTAL FOR MONTH: 0.87 1 = FOG OR MIST
DPTR FM NORMAL: 2.0 DPTR FM NORMAL: -1.78 2 = FOG REDUCING VISIBILITY
HIGHEST: 91 ON 12 GRTST 24HR 0.57 ON 15-15 TO 1/4 MILE OR LESS
LOWEST: 38 ON 4 3 = THUNDER
SNOW, ICE PELLETS, HAIL 4 = ICE PELLETS
TOTAL MONTH: M 5 = HAIL
GRTST 24HR M ON M 6 = FREEZING RAIN OR DRIZZLE
GRTST DEPTH: M ON M 7 = DUSTSTORM OR SANDSTORM:
VSBY 1/2 MILE OR LESS
8 = SMOKE OR HAZE
[NO. OF DAYS WITH] [WEATHER - DAYS WITH] 9 = BLOWING SNOW
X = TORNADO
MAX 32 OR BELOW: 0 0.01 INCH OR MORE: 3
MAX 90 OR ABOVE: 1 0.10 INCH OR MORE: 3
MIN 32 OR BELOW: 0 0.50 INCH OR MORE: 1
MIN 0 OR BELOW: 0 1.00 INCH OR MORE: 0
[HDD (BASE 65) ]
TOTAL THIS MO. 184 CLEAR (SCALE 0-3) 22
DPTR FM NORMAL -42 PTCLDY (SCALE 4-7) 3
TOTAL FM JUL 1 749 CLOUDY (SCALE 8-10) 3
DPTR FM NORMAL -174
[CDD (BASE 65) ]
TOTAL THIS MO. 26
DPTR FM NORMAL 21 [PRESSURE DATA]
TOTAL FM JAN 1 28 HIGHEST SLP 30.35 ON 4
DPTR FM NORMAL 24 LOWEST SLP 29.81 ON 1
[REMARKS]
#FINAL-02-22#